{"id":909,"date":"2021-02-04T20:07:23","date_gmt":"2021-02-04T19:07:23","guid":{"rendered":"http:\/\/lasenia.cat\/web\/?page_id=909"},"modified":"2025-10-15T12:56:04","modified_gmt":"2025-10-15T10:56:04","slug":"fira-de-lartesania-de-la-fusta-i-el-moble","status":"publish","type":"page","link":"https:\/\/lasenia.cat\/web\/fira-de-lartesania-de-la-fusta-i-el-moble\/","title":{"rendered":"Fira de l&#8217;Artesania de la fusta i el moble"},"content":{"rendered":"\n<p>La Fira d\u2019Artesania de la Fusta i del Moble de la S\u00e9nia \u00e9s un projecte que es va iniciar l\u2019any 2009 per dinamitzar el sector artes\u00e0 local, el qual ha estat la base en que s\u2019ha fonamentat el desenvolupament econ\u00f2mic de la poblaci\u00f3 al llarg dels \u00faltims anys. La primera edici\u00f3 va adoptar el format de jornada, m\u00e9s que de fira, ja que, juntament amb l\u2019exposici\u00f3 de peces artesanes, es van celebrar diverses pon\u00e8ncies relacionades amb l\u2019artesania i l\u2019ofici de fuster a la S\u00e9nia. Amb aquesta jornada, moltes persones van mostrar el seu inter\u00e8s en qu\u00e8 aquest projecte tir\u00e9s endavant, fet que va ajudar a la creaci\u00f3 de l\u2019Associaci\u00f3 d\u2019Artesans de la S\u00e9nia i a la posterior organitzaci\u00f3 de la Fira d\u2019Artesania.&nbsp;<\/p>\n\n\n\n<p>Amb la intenci\u00f3 de potenciar tot el sector de la fusta, l\u2019any 2013 es va decidir complementar la mostra amb la I Festa del Moble, on la implicaci\u00f3 a aquest nivell de la Federaci\u00f3 de Comerciants del Moble de la S\u00e9nia va esdevenir un gran \u00e8xit. A grans trets, aquesta festa comporta que, durant el cap de setmana de la mostra, les botigues de mobles tamb\u00e9 obren les seves portes, amb ofertes, descomptes i promocions especials per recordar que la S\u00e9nia segueix sent un important referent en el comer\u00e7 del moble.&nbsp;<\/p>\n\n\n\n<p>Altres organismes locals implicats en l\u2019organitzaci\u00f3 d\u2019aquest esdeveniment s\u00f3n: el Col\u00b7lectiu d\u2019Empresaris del Moble (CEMS), el Centre d\u2019Estudis Seniencs, el Centre de Difusi\u00f3 Tecnol\u00f2gica de la Fusta i el Moble (CENFIM) i la Federaci\u00f3 de Comer\u00e7 de la S\u00e9nia (FECOSE).<\/p>\n\n\n\n<p><strong>M\u00e9s informaci\u00f3:<\/strong> <a href=\"https:\/\/www.firadelafustaimoble.org\/\">https:\/\/www.firadelafustaimoble.org\/<\/a><\/p>\n\n\n\n<p><strong>DATA | Tercer cap de setmana d&#8217;octubre<\/strong><\/p>\n\n\n\n<figure class=\"wp-block-gallery has-nested-images columns-default is-cropped wp-block-gallery-1 is-layout-flex wp-block-gallery-is-layout-flex\">\n<figure class=\"wp-block-image size-large\"><img loading=\"lazy\" decoding=\"async\" width=\"1024\" height=\"576\" data-id=\"1129\" src=\"https:\/\/lasenia.cat\/web\/wp-content\/uploads\/2021\/04\/Festa-moble-1024x576.jpg\" alt=\"\" class=\"wp-image-1129\" srcset=\"https:\/\/lasenia.cat\/web\/wp-content\/uploads\/2021\/04\/Festa-moble-1024x576.jpg 1024w, https:\/\/lasenia.cat\/web\/wp-content\/uploads\/2021\/04\/Festa-moble-300x169.jpg 300w, https:\/\/lasenia.cat\/web\/wp-content\/uploads\/2021\/04\/Festa-moble-768x432.jpg 768w, https:\/\/lasenia.cat\/web\/wp-content\/uploads\/2021\/04\/Festa-moble-1536x864.jpg 1536w, https:\/\/lasenia.cat\/web\/wp-content\/uploads\/2021\/04\/Festa-moble-2048x1152.jpg 2048w\" sizes=\"auto, (max-width: 1024px) 100vw, 1024px\" \/><\/figure>\n\n\n\n<figure class=\"wp-block-image size-large\"><img loading=\"lazy\" decoding=\"async\" width=\"1024\" height=\"544\" data-id=\"1130\" src=\"https:\/\/lasenia.cat\/web\/wp-content\/uploads\/2021\/04\/Fira-Entrada-General-1024x544.jpg\" alt=\"\" class=\"wp-image-1130\" srcset=\"https:\/\/lasenia.cat\/web\/wp-content\/uploads\/2021\/04\/Fira-Entrada-General-1024x544.jpg 1024w, https:\/\/lasenia.cat\/web\/wp-content\/uploads\/2021\/04\/Fira-Entrada-General-300x159.jpg 300w, https:\/\/lasenia.cat\/web\/wp-content\/uploads\/2021\/04\/Fira-Entrada-General-768x408.jpg 768w, https:\/\/lasenia.cat\/web\/wp-content\/uploads\/2021\/04\/Fira-Entrada-General-1536x815.jpg 1536w, https:\/\/lasenia.cat\/web\/wp-content\/uploads\/2021\/04\/Fira-Entrada-General-2048x1087.jpg 2048w\" sizes=\"auto, (max-width: 1024px) 100vw, 1024px\" \/><\/figure>\n\n\n\n<figure class=\"wp-block-image size-large\"><img loading=\"lazy\" decoding=\"async\" width=\"1024\" height=\"768\" data-id=\"1131\" src=\"https:\/\/lasenia.cat\/web\/wp-content\/uploads\/2021\/04\/fira-artesania-la-senia-21-1024x768.jpg\" alt=\"\" class=\"wp-image-1131\" srcset=\"https:\/\/lasenia.cat\/web\/wp-content\/uploads\/2021\/04\/fira-artesania-la-senia-21-1024x768.jpg 1024w, https:\/\/lasenia.cat\/web\/wp-content\/uploads\/2021\/04\/fira-artesania-la-senia-21-300x225.jpg 300w, https:\/\/lasenia.cat\/web\/wp-content\/uploads\/2021\/04\/fira-artesania-la-senia-21-768x576.jpg 768w, https:\/\/lasenia.cat\/web\/wp-content\/uploads\/2021\/04\/fira-artesania-la-senia-21-1536x1152.jpg 1536w, https:\/\/lasenia.cat\/web\/wp-content\/uploads\/2021\/04\/fira-artesania-la-senia-21.jpg 2048w\" sizes=\"auto, (max-width: 1024px) 100vw, 1024px\" \/><\/figure>\n\n\n\n<figure class=\"wp-block-image size-large\"><img loading=\"lazy\" decoding=\"async\" width=\"1024\" height=\"768\" data-id=\"1132\" src=\"https:\/\/lasenia.cat\/web\/wp-content\/uploads\/2021\/04\/fira-artesania-la-senia-41-1024x768.jpg\" alt=\"\" class=\"wp-image-1132\" srcset=\"https:\/\/lasenia.cat\/web\/wp-content\/uploads\/2021\/04\/fira-artesania-la-senia-41-1024x768.jpg 1024w, https:\/\/lasenia.cat\/web\/wp-content\/uploads\/2021\/04\/fira-artesania-la-senia-41-300x225.jpg 300w, https:\/\/lasenia.cat\/web\/wp-content\/uploads\/2021\/04\/fira-artesania-la-senia-41-768x576.jpg 768w, https:\/\/lasenia.cat\/web\/wp-content\/uploads\/2021\/04\/fira-artesania-la-senia-41-1536x1152.jpg 1536w, https:\/\/lasenia.cat\/web\/wp-content\/uploads\/2021\/04\/fira-artesania-la-senia-41.jpg 2048w\" sizes=\"auto, (max-width: 1024px) 100vw, 1024px\" \/><\/figure>\n\n\n\n<figure class=\"wp-block-image size-large\"><img loading=\"lazy\" decoding=\"async\" width=\"768\" height=\"1024\" data-id=\"1134\" src=\"https:\/\/lasenia.cat\/web\/wp-content\/uploads\/2021\/04\/Juanjo-Bel-768x1024.jpg\" alt=\"\" class=\"wp-image-1134\" srcset=\"https:\/\/lasenia.cat\/web\/wp-content\/uploads\/2021\/04\/Juanjo-Bel-768x1024.jpg 768w, https:\/\/lasenia.cat\/web\/wp-content\/uploads\/2021\/04\/Juanjo-Bel-225x300.jpg 225w, https:\/\/lasenia.cat\/web\/wp-content\/uploads\/2021\/04\/Juanjo-Bel-1152x1536.jpg 1152w, https:\/\/lasenia.cat\/web\/wp-content\/uploads\/2021\/04\/Juanjo-Bel-1536x2048.jpg 1536w, https:\/\/lasenia.cat\/web\/wp-content\/uploads\/2021\/04\/Juanjo-Bel-scaled.jpg 1920w\" sizes=\"auto, (max-width: 768px) 100vw, 768px\" \/><\/figure>\n<\/figure>\n\n\n\n<figure class=\"wp-block-embed is-type-video is-provider-youtube wp-block-embed-youtube wp-embed-aspect-16-9 wp-has-aspect-ratio\"><div class=\"wp-block-embed__wrapper\">\n<iframe loading=\"lazy\" title=\"Fem una ullada: Fira d&#039;Artesania i del Moble de la S\u00e9nia\" width=\"800\" height=\"450\" src=\"https:\/\/www.youtube.com\/embed\/qrEf6QTLtlQ?feature=oembed\" frameborder=\"0\" allow=\"accelerometer; autoplay; clipboard-write; encrypted-media; gyroscope; picture-in-picture\" allowfullscreen><\/iframe>\n<\/div><\/figure>\n","protected":false},"excerpt":{"rendered":"<p>La Fira d\u2019Artesania de la Fusta i del Moble de la S\u00e9nia \u00e9s un projecte que es va iniciar l\u2019any<\/p>\n","protected":false},"author":1,"featured_media":0,"parent":0,"menu_order":0,"comment_status":"closed","ping_status":"closed","template":"","meta":{"colormag_page_container_layout":"no_sidebar_full_width","colormag_page_sidebar_layout":"no_sidebar","footnotes":""},"class_list":["post-909","page","type-page","status-publish","hentry"],"_links":{"self":[{"href":"https:\/\/lasenia.cat\/web\/wp-json\/wp\/v2\/pages\/909","targetHints":{"allow":["GET"]}}],"collection":[{"href":"https:\/\/lasenia.cat\/web\/wp-json\/wp\/v2\/pages"}],"about":[{"href":"https:\/\/lasenia.cat\/web\/wp-json\/wp\/v2\/types\/page"}],"author":[{"embeddable":true,"href":"https:\/\/lasenia.cat\/web\/wp-json\/wp\/v2\/users\/1"}],"replies":[{"embeddable":true,"href":"https:\/\/lasenia.cat\/web\/wp-json\/wp\/v2\/comments?post=909"}],"version-history":[{"count":4,"href":"https:\/\/lasenia.cat\/web\/wp-json\/wp\/v2\/pages\/909\/revisions"}],"predecessor-version":[{"id":7854,"href":"https:\/\/lasenia.cat\/web\/wp-json\/wp\/v2\/pages\/909\/revisions\/7854"}],"wp:attachment":[{"href":"https:\/\/lasenia.cat\/web\/wp-json\/wp\/v2\/media?parent=909"}],"curies":[{"name":"wp","href":"https:\/\/api.w.org\/{rel}","templated":true}]}}