{"id":907,"date":"2021-02-04T19:13:31","date_gmt":"2021-02-04T18:13:31","guid":{"rendered":"http:\/\/lasenia.cat\/web\/?page_id=907"},"modified":"2021-04-12T16:46:43","modified_gmt":"2021-04-12T15:46:43","slug":"fira-gastronomica","status":"publish","type":"page","link":"https:\/\/lasenia.cat\/web\/fira-gastronomica\/","title":{"rendered":"Fira Gastron\u00f2mica"},"content":{"rendered":"\n<p>&nbsp;La Fira Gastron\u00f2mica de la S\u00e9nia t\u00e9 lloc el cap de setmana vinculat a la Festa de Sant Gregori (o Diada del Recapte), que se celebra el dilluns m\u00e9s proper al dia 9 de maig. Aquest lligam de la festa de Sant Gregori amb la gastronomia, va fer que l\u2019any 2004 s\u2019organitz\u00e9s per primera vegada aquesta fira, un petit projecte de poble desenvolupat entre diversos organismes (Ajuntament, comer\u00e7os, entitats, etc.), amb la intenci\u00f3 de buscar una forma l\u00fadica de promoure els productes m\u00e9s t\u00edpics de les nostres terres i, a la vegada, dinamitzar l\u2019economia de la poblaci\u00f3.&nbsp;<\/p>\n\n\n\n<p>Actualment, la Fira Gastron\u00f2mica es caracteritza per ser un dels esdeveniments m\u00e9s representatius de la S\u00e9nia, convertint-se en un dels actes de refer\u00e8ncia de la localitat. L\u2019\u00e8xit sembrat edici\u00f3 rere edici\u00f3 ha estat gr\u00e0cies a l&#8217;esfor\u00e7 de tots els organismes implicats, que han fet que aquesta mostra cresqu\u00e9s paulatinament en nombre de visitants i d\u2019expositors i, all\u00f2 que comen\u00e7\u00e0 sent una fira a nivell comarcal, s&#8217;ha donat a con\u00e8ixer, fins i tot, a nivell nacional.&nbsp;<\/p>\n\n\n\n<p>L\u2019ess\u00e8ncia m\u00e9s significativa d\u2019aquesta Fira radica en buscar la qualitat dels productes alimentaris que s\u2019hi exposen, per aix\u00f2, tota la gastronomia que hi participa \u00e9s, exclusivament, elaborada de forma artesana, majorit\u00e0riament t\u00edpica de les nostres terres, per\u00f2 tamb\u00e9 d\u2019arreu del pa\u00eds, la qual cosa l\u2019ha convertit en punt de refer\u00e8ncia sent l\u2019\u00fanica mostra que se celebra a la comarca del Montsi\u00e0 que promociona els productes alimentaris com a eix principal.&nbsp;<\/p>\n\n\n\n<p>Per \u00faltim, amb la intenci\u00f3 de complementar i ampliar la mostra, s&#8217;organitzen de forma paral\u00b7lela, diverses activitats de gran atractiu que atreuen milers de visitants per la qualitat i singularitat de les mateixes. Entre aquestes, destaquen les demostracions a c\u00e0rrec de grans mestres culinaris, les curses de cavalls pura sang, les corregudes de burros, el concurs i ruta de la tapa creativa i els concerts del S\u00e9niafest que, juntament amb la resta d\u2019actes que conformen la Fira Gastron\u00f2mica de la S\u00e9nia, fan d\u2019aquell cap de setmana uns dies semblants als de festa major.\u00a0<\/p>\n\n\n\n<figure class=\"wp-block-gallery columns-3 is-cropped wp-block-gallery-1 is-layout-flex wp-block-gallery-is-layout-flex\"><ul class=\"blocks-gallery-grid\"><li class=\"blocks-gallery-item\"><figure><img loading=\"lazy\" decoding=\"async\" width=\"1024\" height=\"683\" src=\"https:\/\/lasenia.cat\/web\/wp-content\/uploads\/2021\/04\/IMG_8667-1024x683.jpg\" alt=\"\" data-id=\"1086\" data-full-url=\"https:\/\/lasenia.cat\/web\/wp-content\/uploads\/2021\/04\/IMG_8667-scaled.jpg\" data-link=\"https:\/\/lasenia.cat\/web\/fira-gastronomica\/img_8667\/\" class=\"wp-image-1086\" srcset=\"https:\/\/lasenia.cat\/web\/wp-content\/uploads\/2021\/04\/IMG_8667-1024x683.jpg 1024w, https:\/\/lasenia.cat\/web\/wp-content\/uploads\/2021\/04\/IMG_8667-300x200.jpg 300w, https:\/\/lasenia.cat\/web\/wp-content\/uploads\/2021\/04\/IMG_8667-768x512.jpg 768w, https:\/\/lasenia.cat\/web\/wp-content\/uploads\/2021\/04\/IMG_8667-1536x1024.jpg 1536w, https:\/\/lasenia.cat\/web\/wp-content\/uploads\/2021\/04\/IMG_8667-2048x1365.jpg 2048w\" sizes=\"auto, (max-width: 1024px) 100vw, 1024px\" \/><\/figure><\/li><li class=\"blocks-gallery-item\"><figure><img loading=\"lazy\" decoding=\"async\" width=\"1024\" height=\"683\" src=\"https:\/\/lasenia.cat\/web\/wp-content\/uploads\/2021\/04\/Vicent-Guimera-5-1024x683.jpg\" alt=\"\" data-id=\"1088\" data-full-url=\"https:\/\/lasenia.cat\/web\/wp-content\/uploads\/2021\/04\/Vicent-Guimera-5.jpg\" data-link=\"https:\/\/lasenia.cat\/web\/fira-gastronomica\/vicent-guimera-5\/\" class=\"wp-image-1088\" srcset=\"https:\/\/lasenia.cat\/web\/wp-content\/uploads\/2021\/04\/Vicent-Guimera-5-1024x683.jpg 1024w, https:\/\/lasenia.cat\/web\/wp-content\/uploads\/2021\/04\/Vicent-Guimera-5-300x200.jpg 300w, https:\/\/lasenia.cat\/web\/wp-content\/uploads\/2021\/04\/Vicent-Guimera-5-768x512.jpg 768w, https:\/\/lasenia.cat\/web\/wp-content\/uploads\/2021\/04\/Vicent-Guimera-5-1536x1024.jpg 1536w, https:\/\/lasenia.cat\/web\/wp-content\/uploads\/2021\/04\/Vicent-Guimera-5.jpg 2048w\" sizes=\"auto, (max-width: 1024px) 100vw, 1024px\" \/><\/figure><\/li><li class=\"blocks-gallery-item\"><figure><img loading=\"lazy\" decoding=\"async\" width=\"1024\" height=\"683\" src=\"https:\/\/lasenia.cat\/web\/wp-content\/uploads\/2021\/04\/Parada-Jardineria-Gaby-1024x683.jpg\" alt=\"\" data-id=\"1094\" data-full-url=\"https:\/\/lasenia.cat\/web\/wp-content\/uploads\/2021\/04\/Parada-Jardineria-Gaby.jpg\" data-link=\"https:\/\/lasenia.cat\/web\/fira-gastronomica\/parada-jardineria-gaby\/\" class=\"wp-image-1094\" srcset=\"https:\/\/lasenia.cat\/web\/wp-content\/uploads\/2021\/04\/Parada-Jardineria-Gaby-1024x683.jpg 1024w, https:\/\/lasenia.cat\/web\/wp-content\/uploads\/2021\/04\/Parada-Jardineria-Gaby-300x200.jpg 300w, https:\/\/lasenia.cat\/web\/wp-content\/uploads\/2021\/04\/Parada-Jardineria-Gaby-768x512.jpg 768w, https:\/\/lasenia.cat\/web\/wp-content\/uploads\/2021\/04\/Parada-Jardineria-Gaby-1536x1024.jpg 1536w, https:\/\/lasenia.cat\/web\/wp-content\/uploads\/2021\/04\/Parada-Jardineria-Gaby.jpg 2048w\" sizes=\"auto, (max-width: 1024px) 100vw, 1024px\" \/><\/figure><\/li><li class=\"blocks-gallery-item\"><figure><img loading=\"lazy\" decoding=\"async\" width=\"1024\" height=\"683\" src=\"https:\/\/lasenia.cat\/web\/wp-content\/uploads\/2021\/04\/Parada-Cervesa-Mestral-1024x683.jpg\" alt=\"\" data-id=\"1089\" data-full-url=\"https:\/\/lasenia.cat\/web\/wp-content\/uploads\/2021\/04\/Parada-Cervesa-Mestral.jpg\" data-link=\"https:\/\/lasenia.cat\/web\/fira-gastronomica\/parada-cervesa-mestral\/\" class=\"wp-image-1089\" srcset=\"https:\/\/lasenia.cat\/web\/wp-content\/uploads\/2021\/04\/Parada-Cervesa-Mestral-1024x683.jpg 1024w, https:\/\/lasenia.cat\/web\/wp-content\/uploads\/2021\/04\/Parada-Cervesa-Mestral-300x200.jpg 300w, https:\/\/lasenia.cat\/web\/wp-content\/uploads\/2021\/04\/Parada-Cervesa-Mestral-768x512.jpg 768w, https:\/\/lasenia.cat\/web\/wp-content\/uploads\/2021\/04\/Parada-Cervesa-Mestral-1536x1024.jpg 1536w, https:\/\/lasenia.cat\/web\/wp-content\/uploads\/2021\/04\/Parada-Cervesa-Mestral.jpg 2048w\" sizes=\"auto, (max-width: 1024px) 100vw, 1024px\" \/><\/figure><\/li><li class=\"blocks-gallery-item\"><figure><img loading=\"lazy\" decoding=\"async\" width=\"1024\" height=\"683\" src=\"https:\/\/lasenia.cat\/web\/wp-content\/uploads\/2021\/04\/Parada-El-Petit-Rebost-1024x683.jpg\" alt=\"\" data-id=\"1090\" data-full-url=\"https:\/\/lasenia.cat\/web\/wp-content\/uploads\/2021\/04\/Parada-El-Petit-Rebost.jpg\" data-link=\"https:\/\/lasenia.cat\/web\/fira-gastronomica\/parada-el-petit-rebost\/\" class=\"wp-image-1090\" srcset=\"https:\/\/lasenia.cat\/web\/wp-content\/uploads\/2021\/04\/Parada-El-Petit-Rebost-1024x683.jpg 1024w, https:\/\/lasenia.cat\/web\/wp-content\/uploads\/2021\/04\/Parada-El-Petit-Rebost-300x200.jpg 300w, https:\/\/lasenia.cat\/web\/wp-content\/uploads\/2021\/04\/Parada-El-Petit-Rebost-768x512.jpg 768w, https:\/\/lasenia.cat\/web\/wp-content\/uploads\/2021\/04\/Parada-El-Petit-Rebost-1536x1024.jpg 1536w, https:\/\/lasenia.cat\/web\/wp-content\/uploads\/2021\/04\/Parada-El-Petit-Rebost.jpg 2048w\" sizes=\"auto, (max-width: 1024px) 100vw, 1024px\" \/><\/figure><\/li><li class=\"blocks-gallery-item\"><figure><img loading=\"lazy\" decoding=\"async\" width=\"1024\" height=\"683\" src=\"https:\/\/lasenia.cat\/web\/wp-content\/uploads\/2021\/04\/Parada-Embotits-artesans-1024x683.jpg\" alt=\"\" data-id=\"1091\" data-full-url=\"https:\/\/lasenia.cat\/web\/wp-content\/uploads\/2021\/04\/Parada-Embotits-artesans.jpg\" data-link=\"https:\/\/lasenia.cat\/web\/fira-gastronomica\/parada-embotits-artesans\/\" class=\"wp-image-1091\" srcset=\"https:\/\/lasenia.cat\/web\/wp-content\/uploads\/2021\/04\/Parada-Embotits-artesans-1024x683.jpg 1024w, https:\/\/lasenia.cat\/web\/wp-content\/uploads\/2021\/04\/Parada-Embotits-artesans-300x200.jpg 300w, https:\/\/lasenia.cat\/web\/wp-content\/uploads\/2021\/04\/Parada-Embotits-artesans-768x512.jpg 768w, https:\/\/lasenia.cat\/web\/wp-content\/uploads\/2021\/04\/Parada-Embotits-artesans-1536x1024.jpg 1536w, https:\/\/lasenia.cat\/web\/wp-content\/uploads\/2021\/04\/Parada-Embotits-artesans.jpg 2048w\" sizes=\"auto, (max-width: 1024px) 100vw, 1024px\" \/><\/figure><\/li><li class=\"blocks-gallery-item\"><figure><img loading=\"lazy\" decoding=\"async\" width=\"1024\" height=\"683\" src=\"https:\/\/lasenia.cat\/web\/wp-content\/uploads\/2021\/04\/Parada-garrapinyades-1024x683.jpg\" alt=\"\" data-id=\"1092\" data-full-url=\"https:\/\/lasenia.cat\/web\/wp-content\/uploads\/2021\/04\/Parada-garrapinyades.jpg\" data-link=\"https:\/\/lasenia.cat\/web\/fira-gastronomica\/parada-garrapinyades\/\" class=\"wp-image-1092\" srcset=\"https:\/\/lasenia.cat\/web\/wp-content\/uploads\/2021\/04\/Parada-garrapinyades-1024x683.jpg 1024w, https:\/\/lasenia.cat\/web\/wp-content\/uploads\/2021\/04\/Parada-garrapinyades-300x200.jpg 300w, https:\/\/lasenia.cat\/web\/wp-content\/uploads\/2021\/04\/Parada-garrapinyades-768x512.jpg 768w, https:\/\/lasenia.cat\/web\/wp-content\/uploads\/2021\/04\/Parada-garrapinyades-1536x1024.jpg 1536w, https:\/\/lasenia.cat\/web\/wp-content\/uploads\/2021\/04\/Parada-garrapinyades.jpg 2048w\" sizes=\"auto, (max-width: 1024px) 100vw, 1024px\" \/><\/figure><\/li><li class=\"blocks-gallery-item\"><figure><img loading=\"lazy\" decoding=\"async\" width=\"1024\" height=\"683\" src=\"https:\/\/lasenia.cat\/web\/wp-content\/uploads\/2021\/04\/Parada-pernil-i-embotits-1-1024x683.jpg\" alt=\"\" data-id=\"1093\" data-full-url=\"https:\/\/lasenia.cat\/web\/wp-content\/uploads\/2021\/04\/Parada-pernil-i-embotits-1.jpg\" data-link=\"https:\/\/lasenia.cat\/web\/fira-gastronomica\/parada-pernil-i-embotits-1\/\" class=\"wp-image-1093\" srcset=\"https:\/\/lasenia.cat\/web\/wp-content\/uploads\/2021\/04\/Parada-pernil-i-embotits-1-1024x683.jpg 1024w, https:\/\/lasenia.cat\/web\/wp-content\/uploads\/2021\/04\/Parada-pernil-i-embotits-1-300x200.jpg 300w, https:\/\/lasenia.cat\/web\/wp-content\/uploads\/2021\/04\/Parada-pernil-i-embotits-1-768x512.jpg 768w, https:\/\/lasenia.cat\/web\/wp-content\/uploads\/2021\/04\/Parada-pernil-i-embotits-1-1536x1024.jpg 1536w, https:\/\/lasenia.cat\/web\/wp-content\/uploads\/2021\/04\/Parada-pernil-i-embotits-1.jpg 2048w\" sizes=\"auto, (max-width: 1024px) 100vw, 1024px\" \/><\/figure><\/li><li class=\"blocks-gallery-item\"><figure><img loading=\"lazy\" decoding=\"async\" width=\"1024\" height=\"683\" src=\"https:\/\/lasenia.cat\/web\/wp-content\/uploads\/2021\/04\/Para-dolives-1024x683.jpg\" alt=\"\" data-id=\"1095\" data-full-url=\"https:\/\/lasenia.cat\/web\/wp-content\/uploads\/2021\/04\/Para-dolives.jpg\" data-link=\"https:\/\/lasenia.cat\/web\/fira-gastronomica\/para-dolives\/\" class=\"wp-image-1095\" srcset=\"https:\/\/lasenia.cat\/web\/wp-content\/uploads\/2021\/04\/Para-dolives-1024x683.jpg 1024w, https:\/\/lasenia.cat\/web\/wp-content\/uploads\/2021\/04\/Para-dolives-300x200.jpg 300w, https:\/\/lasenia.cat\/web\/wp-content\/uploads\/2021\/04\/Para-dolives-768x512.jpg 768w, https:\/\/lasenia.cat\/web\/wp-content\/uploads\/2021\/04\/Para-dolives-1536x1024.jpg 1536w, https:\/\/lasenia.cat\/web\/wp-content\/uploads\/2021\/04\/Para-dolives.jpg 2048w\" sizes=\"auto, (max-width: 1024px) 100vw, 1024px\" \/><\/figure><\/li><li class=\"blocks-gallery-item\"><figure><img loading=\"lazy\" decoding=\"async\" width=\"1024\" height=\"683\" src=\"https:\/\/lasenia.cat\/web\/wp-content\/uploads\/2021\/04\/IMG_8667-1-1024x683.jpg\" alt=\"\" data-id=\"1096\" data-full-url=\"https:\/\/lasenia.cat\/web\/wp-content\/uploads\/2021\/04\/IMG_8667-1-scaled.jpg\" data-link=\"https:\/\/lasenia.cat\/web\/fira-gastronomica\/img_8667-2\/\" class=\"wp-image-1096\" srcset=\"https:\/\/lasenia.cat\/web\/wp-content\/uploads\/2021\/04\/IMG_8667-1-1024x683.jpg 1024w, https:\/\/lasenia.cat\/web\/wp-content\/uploads\/2021\/04\/IMG_8667-1-300x200.jpg 300w, https:\/\/lasenia.cat\/web\/wp-content\/uploads\/2021\/04\/IMG_8667-1-768x512.jpg 768w, https:\/\/lasenia.cat\/web\/wp-content\/uploads\/2021\/04\/IMG_8667-1-1536x1024.jpg 1536w, https:\/\/lasenia.cat\/web\/wp-content\/uploads\/2021\/04\/IMG_8667-1-2048x1365.jpg 2048w\" sizes=\"auto, (max-width: 1024px) 100vw, 1024px\" \/><\/figure><\/li><li class=\"blocks-gallery-item\"><figure><img loading=\"lazy\" decoding=\"async\" width=\"1024\" height=\"576\" src=\"https:\/\/lasenia.cat\/web\/wp-content\/uploads\/2021\/04\/Carrera-de-cavalls-1-1024x576.jpg\" alt=\"\" data-id=\"1097\" data-full-url=\"https:\/\/lasenia.cat\/web\/wp-content\/uploads\/2021\/04\/Carrera-de-cavalls-1.jpg\" data-link=\"https:\/\/lasenia.cat\/web\/fira-gastronomica\/carrera-de-cavalls-1\/\" class=\"wp-image-1097\" srcset=\"https:\/\/lasenia.cat\/web\/wp-content\/uploads\/2021\/04\/Carrera-de-cavalls-1-1024x576.jpg 1024w, https:\/\/lasenia.cat\/web\/wp-content\/uploads\/2021\/04\/Carrera-de-cavalls-1-300x169.jpg 300w, https:\/\/lasenia.cat\/web\/wp-content\/uploads\/2021\/04\/Carrera-de-cavalls-1-768x432.jpg 768w, https:\/\/lasenia.cat\/web\/wp-content\/uploads\/2021\/04\/Carrera-de-cavalls-1-1536x864.jpg 1536w, https:\/\/lasenia.cat\/web\/wp-content\/uploads\/2021\/04\/Carrera-de-cavalls-1.jpg 2048w\" sizes=\"auto, (max-width: 1024px) 100vw, 1024px\" \/><\/figure><\/li><li class=\"blocks-gallery-item\"><figure><img loading=\"lazy\" decoding=\"async\" width=\"1024\" height=\"683\" src=\"https:\/\/lasenia.cat\/web\/wp-content\/uploads\/2021\/04\/Embotits-Marilen-1024x683.jpg\" alt=\"\" data-id=\"1098\" data-full-url=\"https:\/\/lasenia.cat\/web\/wp-content\/uploads\/2021\/04\/Embotits-Marilen.jpg\" data-link=\"https:\/\/lasenia.cat\/web\/fira-gastronomica\/embotits-marilen\/\" class=\"wp-image-1098\" srcset=\"https:\/\/lasenia.cat\/web\/wp-content\/uploads\/2021\/04\/Embotits-Marilen-1024x683.jpg 1024w, https:\/\/lasenia.cat\/web\/wp-content\/uploads\/2021\/04\/Embotits-Marilen-300x200.jpg 300w, https:\/\/lasenia.cat\/web\/wp-content\/uploads\/2021\/04\/Embotits-Marilen-768x512.jpg 768w, https:\/\/lasenia.cat\/web\/wp-content\/uploads\/2021\/04\/Embotits-Marilen-1536x1024.jpg 1536w, https:\/\/lasenia.cat\/web\/wp-content\/uploads\/2021\/04\/Embotits-Marilen.jpg 2048w\" sizes=\"auto, (max-width: 1024px) 100vw, 1024px\" \/><\/figure><\/li><li class=\"blocks-gallery-item\"><figure><img loading=\"lazy\" decoding=\"async\" width=\"1024\" height=\"683\" src=\"https:\/\/lasenia.cat\/web\/wp-content\/uploads\/2021\/04\/IMG_8701-1024x683.jpg\" alt=\"\" data-id=\"1099\" data-full-url=\"https:\/\/lasenia.cat\/web\/wp-content\/uploads\/2021\/04\/IMG_8701-scaled.jpg\" data-link=\"https:\/\/lasenia.cat\/web\/fira-gastronomica\/img_8701\/\" class=\"wp-image-1099\" srcset=\"https:\/\/lasenia.cat\/web\/wp-content\/uploads\/2021\/04\/IMG_8701-1024x683.jpg 1024w, https:\/\/lasenia.cat\/web\/wp-content\/uploads\/2021\/04\/IMG_8701-300x200.jpg 300w, https:\/\/lasenia.cat\/web\/wp-content\/uploads\/2021\/04\/IMG_8701-768x512.jpg 768w, https:\/\/lasenia.cat\/web\/wp-content\/uploads\/2021\/04\/IMG_8701-1536x1024.jpg 1536w, https:\/\/lasenia.cat\/web\/wp-content\/uploads\/2021\/04\/IMG_8701-2048x1365.jpg 2048w\" sizes=\"auto, (max-width: 1024px) 100vw, 1024px\" \/><\/figure><\/li><li class=\"blocks-gallery-item\"><figure><img loading=\"lazy\" decoding=\"async\" width=\"1024\" height=\"683\" src=\"https:\/\/lasenia.cat\/web\/wp-content\/uploads\/2021\/04\/Carrera-de-cavalls-3-1024x683.jpg\" alt=\"\" data-id=\"1100\" data-full-url=\"https:\/\/lasenia.cat\/web\/wp-content\/uploads\/2021\/04\/Carrera-de-cavalls-3.jpg\" data-link=\"https:\/\/lasenia.cat\/web\/fira-gastronomica\/carrera-de-cavalls-3\/\" class=\"wp-image-1100\" srcset=\"https:\/\/lasenia.cat\/web\/wp-content\/uploads\/2021\/04\/Carrera-de-cavalls-3-1024x683.jpg 1024w, https:\/\/lasenia.cat\/web\/wp-content\/uploads\/2021\/04\/Carrera-de-cavalls-3-300x200.jpg 300w, https:\/\/lasenia.cat\/web\/wp-content\/uploads\/2021\/04\/Carrera-de-cavalls-3-768x512.jpg 768w, https:\/\/lasenia.cat\/web\/wp-content\/uploads\/2021\/04\/Carrera-de-cavalls-3-1536x1024.jpg 1536w, https:\/\/lasenia.cat\/web\/wp-content\/uploads\/2021\/04\/Carrera-de-cavalls-3.jpg 2048w\" sizes=\"auto, (max-width: 1024px) 100vw, 1024px\" \/><\/figure><\/li><li class=\"blocks-gallery-item\"><figure><img loading=\"lazy\" decoding=\"async\" width=\"1024\" height=\"683\" src=\"https:\/\/lasenia.cat\/web\/wp-content\/uploads\/2021\/04\/IMG_8714-1024x683.jpg\" alt=\"\" data-id=\"1101\" data-full-url=\"https:\/\/lasenia.cat\/web\/wp-content\/uploads\/2021\/04\/IMG_8714-scaled.jpg\" data-link=\"https:\/\/lasenia.cat\/web\/fira-gastronomica\/img_8714\/\" class=\"wp-image-1101\" srcset=\"https:\/\/lasenia.cat\/web\/wp-content\/uploads\/2021\/04\/IMG_8714-1024x683.jpg 1024w, https:\/\/lasenia.cat\/web\/wp-content\/uploads\/2021\/04\/IMG_8714-300x200.jpg 300w, https:\/\/lasenia.cat\/web\/wp-content\/uploads\/2021\/04\/IMG_8714-768x512.jpg 768w, https:\/\/lasenia.cat\/web\/wp-content\/uploads\/2021\/04\/IMG_8714-1536x1024.jpg 1536w, https:\/\/lasenia.cat\/web\/wp-content\/uploads\/2021\/04\/IMG_8714-2048x1365.jpg 2048w\" sizes=\"auto, (max-width: 1024px) 100vw, 1024px\" \/><\/figure><\/li><li class=\"blocks-gallery-item\"><figure><img loading=\"lazy\" decoding=\"async\" width=\"1024\" height=\"683\" src=\"https:\/\/lasenia.cat\/web\/wp-content\/uploads\/2021\/04\/Manolo-Serra-1024x683.jpg\" alt=\"\" data-id=\"1102\" data-full-url=\"https:\/\/lasenia.cat\/web\/wp-content\/uploads\/2021\/04\/Manolo-Serra.jpg\" data-link=\"https:\/\/lasenia.cat\/web\/fira-gastronomica\/manolo-serra\/\" class=\"wp-image-1102\" srcset=\"https:\/\/lasenia.cat\/web\/wp-content\/uploads\/2021\/04\/Manolo-Serra-1024x683.jpg 1024w, https:\/\/lasenia.cat\/web\/wp-content\/uploads\/2021\/04\/Manolo-Serra-300x200.jpg 300w, https:\/\/lasenia.cat\/web\/wp-content\/uploads\/2021\/04\/Manolo-Serra-768x512.jpg 768w, https:\/\/lasenia.cat\/web\/wp-content\/uploads\/2021\/04\/Manolo-Serra-1536x1024.jpg 1536w, https:\/\/lasenia.cat\/web\/wp-content\/uploads\/2021\/04\/Manolo-Serra.jpg 2048w\" sizes=\"auto, (max-width: 1024px) 100vw, 1024px\" \/><\/figure><\/li><\/ul><\/figure>\n\n\n\n<p><strong>DATA | Mes de maig<\/strong><\/p>\n\n\n\n<figure class=\"wp-block-embed is-type-video is-provider-youtube wp-block-embed-youtube wp-embed-aspect-16-9 wp-has-aspect-ratio\"><div class=\"wp-block-embed__wrapper\">\n<iframe loading=\"lazy\" title=\"Fem una ullada: Fira Gastron\u00f2mica de la S\u00e9nia\" width=\"800\" height=\"450\" src=\"https:\/\/www.youtube.com\/embed\/7Yf8b_qC35Q?feature=oembed\" frameborder=\"0\" allow=\"accelerometer; autoplay; clipboard-write; encrypted-media; gyroscope; picture-in-picture\" allowfullscreen><\/iframe>\n<\/div><\/figure>\n","protected":false},"excerpt":{"rendered":"<p>&nbsp;La Fira Gastron\u00f2mica de la S\u00e9nia t\u00e9 lloc el cap de setmana vinculat a la Festa de Sant Gregori (o<\/p>\n","protected":false},"author":1,"featured_media":0,"parent":0,"menu_order":0,"comment_status":"closed","ping_status":"closed","template":"","meta":{"colormag_page_container_layout":"no_sidebar_full_width","colormag_page_sidebar_layout":"no_sidebar","footnotes":""},"class_list":["post-907","page","type-page","status-publish","hentry"],"_links":{"self":[{"href":"https:\/\/lasenia.cat\/web\/wp-json\/wp\/v2\/pages\/907","targetHints":{"allow":["GET"]}}],"collection":[{"href":"https:\/\/lasenia.cat\/web\/wp-json\/wp\/v2\/pages"}],"about":[{"href":"https:\/\/lasenia.cat\/web\/wp-json\/wp\/v2\/types\/page"}],"author":[{"embeddable":true,"href":"https:\/\/lasenia.cat\/web\/wp-json\/wp\/v2\/users\/1"}],"replies":[{"embeddable":true,"href":"https:\/\/lasenia.cat\/web\/wp-json\/wp\/v2\/comments?post=907"}],"version-history":[{"count":2,"href":"https:\/\/lasenia.cat\/web\/wp-json\/wp\/v2\/pages\/907\/revisions"}],"predecessor-version":[{"id":1103,"href":"https:\/\/lasenia.cat\/web\/wp-json\/wp\/v2\/pages\/907\/revisions\/1103"}],"wp:attachment":[{"href":"https:\/\/lasenia.cat\/web\/wp-json\/wp\/v2\/media?parent=907"}],"curies":[{"name":"wp","href":"https:\/\/api.w.org\/{rel}","templated":true}]}}