{"id":904,"date":"2021-02-04T18:43:06","date_gmt":"2021-02-04T17:43:06","guid":{"rendered":"http:\/\/lasenia.cat\/web\/?page_id=904"},"modified":"2021-04-12T16:58:49","modified_gmt":"2021-04-12T15:58:49","slug":"festa-de-la-mare-de-deu-de-pallerols","status":"publish","type":"page","link":"https:\/\/lasenia.cat\/web\/festa-de-la-mare-de-deu-de-pallerols\/","title":{"rendered":"Festa de la Mare de D\u00e9u de Pallerols"},"content":{"rendered":"\n<p>El tercer cap de setmana de setembre se celebra la festa de la Mare de D\u00e9u de Pallerols, patrona del nostre poble. Segons conta la llegenda, uns pastors o arrossegadors van trobar la imatge de la Verge al costat d&#8217;una font del cam\u00ed del R\u00f2ssec, a la muntanya de Pallerols. Llavors, la van baixar al poble, per\u00f2 es diu que la imatge va tornar al lloc on l&#8217;havien trobat. Per aquest motiu se li va erigir una petita capella al peu de la qual surt la font. Amb motiu d&#8217;aquesta festa es fan activitats religioses com el peregrinatge al santuari, les novenes i el cant dels gojos que lloen la Mare de D\u00e9u.&nbsp;<\/p>\n\n\n\n<p>Per\u00f2 la festa de Pallerols destaca sobretot pel guarniment que es fa dels carrers per on ha de passar la process\u00f3. Durant el diumenge de mat\u00ed, ben aviat, els carrers del poble s&#8217;omplen de gent que, amb una activitat fren\u00e8tica, crea petites obres d&#8217;art aprofitant la &#8220;serritja&#8221; i el &#8220;caragolillo&#8221; (tan abundants al poble per les f\u00e0briques de mobles). Aquests materials tintats de colors i representant diverses formes, es converteixen en catifes ef\u00edmeres que omplen d\u2019alegria, de festa i de visitants els carrers del municipi.&nbsp;<\/p>\n\n\n\n<p>Cal ressaltar que, els ve\u00efns del carrer Verge de Pallerols amb col\u00b7laboraci\u00f3 de l&#8217;Ajuntament de la S\u00e9nia, el dissabte anterior al diumenge de les catifes, organitzen jocs, actuacions infantils, xocolatada, repartiment de cremat, concerts d&#8217;havaneres, etc., que juntament amb els actes religiosos que organitza la parr\u00f2quia i el peregrinatge al santuari de la Mare de D\u00e9u de Pallerols (el diumenge posterior al de les catifes), resulta una festivitat d\u2019all\u00f2 m\u00e9s llu\u00efda.&nbsp;<\/p>\n\n\n\n<p><strong>DATA | 3r diumenge de setembre<\/strong><\/p>\n\n\n\n<figure class=\"wp-block-gallery columns-3 is-cropped wp-block-gallery-1 is-layout-flex wp-block-gallery-is-layout-flex\"><ul class=\"blocks-gallery-grid\"><li class=\"blocks-gallery-item\"><figure><img loading=\"lazy\" decoding=\"async\" width=\"856\" height=\"642\" src=\"https:\/\/lasenia.cat\/web\/wp-content\/uploads\/2021\/04\/5.jpg\" alt=\"\" data-id=\"1124\" data-full-url=\"https:\/\/lasenia.cat\/web\/wp-content\/uploads\/2021\/04\/5.jpg\" data-link=\"https:\/\/lasenia.cat\/web\/festa-de-la-mare-de-deu-de-pallerols\/attachment\/5\/\" class=\"wp-image-1124\" srcset=\"https:\/\/lasenia.cat\/web\/wp-content\/uploads\/2021\/04\/5.jpg 856w, https:\/\/lasenia.cat\/web\/wp-content\/uploads\/2021\/04\/5-300x225.jpg 300w, https:\/\/lasenia.cat\/web\/wp-content\/uploads\/2021\/04\/5-768x576.jpg 768w\" sizes=\"auto, (max-width: 856px) 100vw, 856px\" \/><\/figure><\/li><li class=\"blocks-gallery-item\"><figure><img loading=\"lazy\" decoding=\"async\" width=\"1024\" height=\"683\" src=\"https:\/\/lasenia.cat\/web\/wp-content\/uploads\/2021\/04\/01.-Confeccio-catifes-1024x683.jpg\" alt=\"\" data-id=\"1123\" data-full-url=\"https:\/\/lasenia.cat\/web\/wp-content\/uploads\/2021\/04\/01.-Confeccio-catifes.jpg\" data-link=\"https:\/\/lasenia.cat\/web\/festa-de-la-mare-de-deu-de-pallerols\/01-confeccio-catifes\/\" class=\"wp-image-1123\" srcset=\"https:\/\/lasenia.cat\/web\/wp-content\/uploads\/2021\/04\/01.-Confeccio-catifes-1024x683.jpg 1024w, https:\/\/lasenia.cat\/web\/wp-content\/uploads\/2021\/04\/01.-Confeccio-catifes-300x200.jpg 300w, https:\/\/lasenia.cat\/web\/wp-content\/uploads\/2021\/04\/01.-Confeccio-catifes-768x512.jpg 768w, https:\/\/lasenia.cat\/web\/wp-content\/uploads\/2021\/04\/01.-Confeccio-catifes-1536x1024.jpg 1536w, https:\/\/lasenia.cat\/web\/wp-content\/uploads\/2021\/04\/01.-Confeccio-catifes.jpg 1728w\" sizes=\"auto, (max-width: 1024px) 100vw, 1024px\" \/><\/figure><\/li><li class=\"blocks-gallery-item\"><figure><img loading=\"lazy\" decoding=\"async\" width=\"1024\" height=\"683\" src=\"https:\/\/lasenia.cat\/web\/wp-content\/uploads\/2021\/04\/08.-cr.-Pallerols-imatge-de-la-verge-1024x683.jpg\" alt=\"\" data-id=\"1125\" data-full-url=\"https:\/\/lasenia.cat\/web\/wp-content\/uploads\/2021\/04\/08.-cr.-Pallerols-imatge-de-la-verge.jpg\" data-link=\"https:\/\/lasenia.cat\/web\/festa-de-la-mare-de-deu-de-pallerols\/08-cr-pallerols-imatge-de-la-verge\/\" class=\"wp-image-1125\" srcset=\"https:\/\/lasenia.cat\/web\/wp-content\/uploads\/2021\/04\/08.-cr.-Pallerols-imatge-de-la-verge-1024x683.jpg 1024w, https:\/\/lasenia.cat\/web\/wp-content\/uploads\/2021\/04\/08.-cr.-Pallerols-imatge-de-la-verge-300x200.jpg 300w, https:\/\/lasenia.cat\/web\/wp-content\/uploads\/2021\/04\/08.-cr.-Pallerols-imatge-de-la-verge-768x512.jpg 768w, https:\/\/lasenia.cat\/web\/wp-content\/uploads\/2021\/04\/08.-cr.-Pallerols-imatge-de-la-verge-1536x1024.jpg 1536w, https:\/\/lasenia.cat\/web\/wp-content\/uploads\/2021\/04\/08.-cr.-Pallerols-imatge-de-la-verge.jpg 1728w\" sizes=\"auto, (max-width: 1024px) 100vw, 1024px\" \/><\/figure><\/li><li class=\"blocks-gallery-item\"><figure><img loading=\"lazy\" decoding=\"async\" width=\"1024\" height=\"683\" src=\"https:\/\/lasenia.cat\/web\/wp-content\/uploads\/2021\/04\/JG080921-1575-J-EOS-1Ds.jpg\" alt=\"\" data-id=\"1126\" data-full-url=\"https:\/\/lasenia.cat\/web\/wp-content\/uploads\/2021\/04\/JG080921-1575-J-EOS-1Ds.jpg\" data-link=\"https:\/\/lasenia.cat\/web\/festa-de-la-mare-de-deu-de-pallerols\/jg080921-1575-j-eos-1ds\/\" class=\"wp-image-1126\" srcset=\"https:\/\/lasenia.cat\/web\/wp-content\/uploads\/2021\/04\/JG080921-1575-J-EOS-1Ds.jpg 1024w, https:\/\/lasenia.cat\/web\/wp-content\/uploads\/2021\/04\/JG080921-1575-J-EOS-1Ds-300x200.jpg 300w, https:\/\/lasenia.cat\/web\/wp-content\/uploads\/2021\/04\/JG080921-1575-J-EOS-1Ds-768x512.jpg 768w\" sizes=\"auto, (max-width: 1024px) 100vw, 1024px\" \/><\/figure><\/li><li class=\"blocks-gallery-item\"><figure><img loading=\"lazy\" decoding=\"async\" width=\"1024\" height=\"683\" src=\"https:\/\/lasenia.cat\/web\/wp-content\/uploads\/2021\/04\/pallerols.jpg\" alt=\"\" data-id=\"1127\" data-full-url=\"https:\/\/lasenia.cat\/web\/wp-content\/uploads\/2021\/04\/pallerols.jpg\" data-link=\"https:\/\/lasenia.cat\/web\/festa-de-la-mare-de-deu-de-pallerols\/pallerols\/\" class=\"wp-image-1127\" srcset=\"https:\/\/lasenia.cat\/web\/wp-content\/uploads\/2021\/04\/pallerols.jpg 1024w, https:\/\/lasenia.cat\/web\/wp-content\/uploads\/2021\/04\/pallerols-300x200.jpg 300w, https:\/\/lasenia.cat\/web\/wp-content\/uploads\/2021\/04\/pallerols-768x512.jpg 768w\" sizes=\"auto, (max-width: 1024px) 100vw, 1024px\" \/><\/figure><\/li><\/ul><\/figure>\n\n\n\n<figure class=\"wp-block-embed is-type-video is-provider-youtube wp-block-embed-youtube wp-embed-aspect-16-9 wp-has-aspect-ratio\"><div class=\"wp-block-embed__wrapper\">\n<iframe loading=\"lazy\" title=\"Fem una ullada: les Catifes de Pallerols de la S\u00e9nia\" width=\"800\" height=\"450\" src=\"https:\/\/www.youtube.com\/embed\/RYgkSaO4XB0?feature=oembed\" frameborder=\"0\" allow=\"accelerometer; autoplay; clipboard-write; encrypted-media; gyroscope; picture-in-picture\" allowfullscreen><\/iframe>\n<\/div><\/figure>\n\n\n\n<p><\/p>\n","protected":false},"excerpt":{"rendered":"<p>El tercer cap de setmana de setembre se celebra la festa de la Mare de D\u00e9u de Pallerols, patrona del<\/p>\n","protected":false},"author":1,"featured_media":0,"parent":0,"menu_order":0,"comment_status":"closed","ping_status":"closed","template":"","meta":{"colormag_page_container_layout":"no_sidebar_full_width","colormag_page_sidebar_layout":"no_sidebar","footnotes":""},"class_list":["post-904","page","type-page","status-publish","hentry"],"_links":{"self":[{"href":"https:\/\/lasenia.cat\/web\/wp-json\/wp\/v2\/pages\/904","targetHints":{"allow":["GET"]}}],"collection":[{"href":"https:\/\/lasenia.cat\/web\/wp-json\/wp\/v2\/pages"}],"about":[{"href":"https:\/\/lasenia.cat\/web\/wp-json\/wp\/v2\/types\/page"}],"author":[{"embeddable":true,"href":"https:\/\/lasenia.cat\/web\/wp-json\/wp\/v2\/users\/1"}],"replies":[{"embeddable":true,"href":"https:\/\/lasenia.cat\/web\/wp-json\/wp\/v2\/comments?post=904"}],"version-history":[{"count":3,"href":"https:\/\/lasenia.cat\/web\/wp-json\/wp\/v2\/pages\/904\/revisions"}],"predecessor-version":[{"id":1128,"href":"https:\/\/lasenia.cat\/web\/wp-json\/wp\/v2\/pages\/904\/revisions\/1128"}],"wp:attachment":[{"href":"https:\/\/lasenia.cat\/web\/wp-json\/wp\/v2\/media?parent=904"}],"curies":[{"name":"wp","href":"https:\/\/api.w.org\/{rel}","templated":true}]}}

Festa de la Mare de Déu de Pallerols

<p>El tercer cap de setmana de setembre se celebra la festa de la Mare de Déu de Pallerols, patrona del nostre poble. Segons conta la llegenda, uns pastors o arrossegadors van trobar la imatge de la Verge al costat d&#8217;una font del camí del Ròssec, a la muntanya de Pallerols. Llavors, la van baixar al poble, però es diu que la imatge va tornar al lloc on l&#8217;havien trobat. Per aquest motiu se li va erigir una petita capella al peu de la qual surt la font. Amb motiu d&#8217;aquesta festa es fan activitats religioses com el peregrinatge al santuari, les novenes i el cant dels gojos que lloen la Mare de Déu.&nbsp;</p>



<p>Però la festa de Pallerols destaca sobretot pel guarniment que es fa dels carrers per on ha de passar la processó. Durant el diumenge de matí, ben aviat, els carrers del poble s&#8217;omplen de gent que, amb una activitat frenètica, crea petites obres d&#8217;art aprofitant la &#8220;serritja&#8221; i el &#8220;caragolillo&#8221; (tan abundants al poble per les fàbriques de mobles). Aquests materials tintats de colors i representant diverses formes, es converteixen en catifes efímeres que omplen d’alegria, de festa i de visitants els carrers del municipi.&nbsp;</p>



<p>Cal ressaltar que, els veïns del carrer Verge de Pallerols amb col·laboració de l&#8217;Ajuntament de la Sénia, el dissabte anterior al diumenge de les catifes, organitzen jocs, actuacions infantils, xocolatada, repartiment de cremat, concerts d&#8217;havaneres, etc., que juntament amb els actes religiosos que organitza la parròquia i el peregrinatge al santuari de la Mare de Déu de Pallerols (el diumenge posterior al de les catifes), resulta una festivitat d’allò més lluïda.&nbsp;</p>



<p><strong>DATA | 3r diumenge de setembre</strong></p>



<figure class="wp-block-gallery columns-3 is-cropped wp-block-gallery-1 is-layout-flex wp-block-gallery-is-layout-flex"><ul class="blocks-gallery-grid"><li class="blocks-gallery-item"><figure><img loading="lazy" decoding="async" width="856" height="642" src="https://lasenia.cat/web/wp-content/uploads/2021/04/5.jpg" alt="" data-id="1124" data-full-url="https://lasenia.cat/web/wp-content/uploads/2021/04/5.jpg" data-link="https://lasenia.cat/web/festa-de-la-mare-de-deu-de-pallerols/attachment/5/" class="wp-image-1124" srcset="https://lasenia.cat/web/wp-content/uploads/2021/04/5.jpg 856w, https://lasenia.cat/web/wp-content/uploads/2021/04/5-300x225.jpg 300w, https://lasenia.cat/web/wp-content/uploads/2021/04/5-768x576.jpg 768w" sizes="auto, (max-width: 856px) 100vw, 856px" /></figure></li><li class="blocks-gallery-item"><figure><img loading="lazy" decoding="async" width="1024" height="683" src="https://lasenia.cat/web/wp-content/uploads/2021/04/01.-Confeccio-catifes-1024x683.jpg" alt="" data-id="1123" data-full-url="https://lasenia.cat/web/wp-content/uploads/2021/04/01.-Confeccio-catifes.jpg" data-link="https://lasenia.cat/web/festa-de-la-mare-de-deu-de-pallerols/01-confeccio-catifes/" class="wp-image-1123" srcset="https://lasenia.cat/web/wp-content/uploads/2021/04/01.-Confeccio-catifes-1024x683.jpg 1024w, https://lasenia.cat/web/wp-content/uploads/2021/04/01.-Confeccio-catifes-300x200.jpg 300w, https://lasenia.cat/web/wp-content/uploads/2021/04/01.-Confeccio-catifes-768x512.jpg 768w, https://lasenia.cat/web/wp-content/uploads/2021/04/01.-Confeccio-catifes-1536x1024.jpg 1536w, https://lasenia.cat/web/wp-content/uploads/2021/04/01.-Confeccio-catifes.jpg 1728w" sizes="auto, (max-width: 1024px) 100vw, 1024px" /></figure></li><li class="blocks-gallery-item"><figure><img loading="lazy" decoding="async" width="1024" height="683" src="https://lasenia.cat/web/wp-content/uploads/2021/04/08.-cr.-Pallerols-imatge-de-la-verge-1024x683.jpg" alt="" data-id="1125" data-full-url="https://lasenia.cat/web/wp-content/uploads/2021/04/08.-cr.-Pallerols-imatge-de-la-verge.jpg" data-link="https://lasenia.cat/web/festa-de-la-mare-de-deu-de-pallerols/08-cr-pallerols-imatge-de-la-verge/" class="wp-image-1125" srcset="https://lasenia.cat/web/wp-content/uploads/2021/04/08.-cr.-Pallerols-imatge-de-la-verge-1024x683.jpg 1024w, https://lasenia.cat/web/wp-content/uploads/2021/04/08.-cr.-Pallerols-imatge-de-la-verge-300x200.jpg 300w, https://lasenia.cat/web/wp-content/uploads/2021/04/08.-cr.-Pallerols-imatge-de-la-verge-768x512.jpg 768w, https://lasenia.cat/web/wp-content/uploads/2021/04/08.-cr.-Pallerols-imatge-de-la-verge-1536x1024.jpg 1536w, https://lasenia.cat/web/wp-content/uploads/2021/04/08.-cr.-Pallerols-imatge-de-la-verge.jpg 1728w" sizes="auto, (max-width: 1024px) 100vw, 1024px" /></figure></li><li class="blocks-gallery-item"><figure><img loading="lazy" decoding="async" width="1024" height="683" src="https://lasenia.cat/web/wp-content/uploads/2021/04/JG080921-1575-J-EOS-1Ds.jpg" alt="" data-id="1126" data-full-url="https://lasenia.cat/web/wp-content/uploads/2021/04/JG080921-1575-J-EOS-1Ds.jpg" data-link="https://lasenia.cat/web/festa-de-la-mare-de-deu-de-pallerols/jg080921-1575-j-eos-1ds/" class="wp-image-1126" srcset="https://lasenia.cat/web/wp-content/uploads/2021/04/JG080921-1575-J-EOS-1Ds.jpg 1024w, https://lasenia.cat/web/wp-content/uploads/2021/04/JG080921-1575-J-EOS-1Ds-300x200.jpg 300w, https://lasenia.cat/web/wp-content/uploads/2021/04/JG080921-1575-J-EOS-1Ds-768x512.jpg 768w" sizes="auto, (max-width: 1024px) 100vw, 1024px" /></figure></li><li class="blocks-gallery-item"><figure><img loading="lazy" decoding="async" width="1024" height="683" src="https://lasenia.cat/web/wp-content/uploads/2021/04/pallerols.jpg" alt="" data-id="1127" data-full-url="https://lasenia.cat/web/wp-content/uploads/2021/04/pallerols.jpg" data-link="https://lasenia.cat/web/festa-de-la-mare-de-deu-de-pallerols/pallerols/" class="wp-image-1127" srcset="https://lasenia.cat/web/wp-content/uploads/2021/04/pallerols.jpg 1024w, https://lasenia.cat/web/wp-content/uploads/2021/04/pallerols-300x200.jpg 300w, https://lasenia.cat/web/wp-content/uploads/2021/04/pallerols-768x512.jpg 768w" sizes="auto, (max-width: 1024px) 100vw, 1024px" /></figure></li></ul></figure>



<figure class="wp-block-embed is-type-video is-provider-youtube wp-block-embed-youtube wp-embed-aspect-16-9 wp-has-aspect-ratio"><div class="wp-block-embed__wrapper">
<iframe loading="lazy" title="Fem una ullada: les Catifes de Pallerols de la Sénia" width="800" height="450" src="https://www.youtube.com/embed/RYgkSaO4XB0?feature=oembed" frameborder="0" allow="accelerometer; autoplay; clipboard-write; encrypted-media; gyroscope; picture-in-picture" allowfullscreen></iframe>
</div></figure>



<p></p>

<p>El tercer cap de setmana de setembre se celebra la festa de la Mare de Déu de Pallerols, patrona del</p>
