{"id":901,"date":"2021-02-04T18:33:59","date_gmt":"2021-02-04T17:33:59","guid":{"rendered":"http:\/\/lasenia.cat\/web\/?page_id=901"},"modified":"2021-04-12T16:41:03","modified_gmt":"2021-04-12T15:41:03","slug":"diada-recapte-lasenia","status":"publish","type":"page","link":"https:\/\/lasenia.cat\/web\/diada-recapte-lasenia\/","title":{"rendered":"Diada del Recapte"},"content":{"rendered":"\n<p>&nbsp;El dia 9 de maig \u00e9s Sant Gregori, bisbe d&#8217;H\u00f2stia, protector dels animals danyosos en general, i copatr\u00f3 de la S\u00e9nia. Es fa compliment del vot fet per la vila arran de la plaga de llagosta que va assolar la comarca a la segona meitat del segle XVII. Era t\u00edpic d&#8217;aquest dia el ball d&#8217;una dansa de tipus processional amb m\u00fasica de dol\u00e7aina i tabal.&nbsp;<\/p>\n\n\n\n<p>Actualment, la celebraci\u00f3 es fa el dilluns m\u00e9s proper al dia 9 i, des de fa m\u00e9s de trenta anys, l&#8217;ajuntament organitza una menjada popular oferint les dues mostres gastron\u00f2miques t\u00edpiques del poble, l\u2019olla de recapte i el pastisset, recordant el repartiment de menjar que es feia entre els pobres i captaires en temps passats.&nbsp;<\/p>\n\n\n\n<p><strong>Data| Dilluns m\u00e9s proper a Sant Gregori (dia 9 de maig).<\/strong><\/p>\n\n\n\n<p><\/p>\n\n\n\n<figure class=\"wp-block-embed is-type-video is-provider-youtube wp-block-embed-youtube wp-embed-aspect-16-9 wp-has-aspect-ratio\"><div class=\"wp-block-embed__wrapper\">\n<iframe loading=\"lazy\" title=\"Fem una Ullada: 36a Diada del Recapte a la S\u00e9nia\" width=\"800\" height=\"450\" src=\"https:\/\/www.youtube.com\/embed\/_eHdys8HAWY?feature=oembed\" frameborder=\"0\" allow=\"accelerometer; autoplay; clipboard-write; encrypted-media; gyroscope; picture-in-picture\" allowfullscreen><\/iframe>\n<\/div><\/figure>\n","protected":false},"excerpt":{"rendered":"<p>&nbsp;El dia 9 de maig \u00e9s Sant Gregori, bisbe d&#8217;H\u00f2stia, protector dels animals danyosos en general, i copatr\u00f3 de la<\/p>\n","protected":false},"author":1,"featured_media":0,"parent":0,"menu_order":0,"comment_status":"closed","ping_status":"closed","template":"","meta":{"colormag_page_container_layout":"no_sidebar_full_width","colormag_page_sidebar_layout":"no_sidebar","footnotes":""},"class_list":["post-901","page","type-page","status-publish","hentry"],"_links":{"self":[{"href":"https:\/\/lasenia.cat\/web\/wp-json\/wp\/v2\/pages\/901","targetHints":{"allow":["GET"]}}],"collection":[{"href":"https:\/\/lasenia.cat\/web\/wp-json\/wp\/v2\/pages"}],"about":[{"href":"https:\/\/lasenia.cat\/web\/wp-json\/wp\/v2\/types\/page"}],"author":[{"embeddable":true,"href":"https:\/\/lasenia.cat\/web\/wp-json\/wp\/v2\/users\/1"}],"replies":[{"embeddable":true,"href":"https:\/\/lasenia.cat\/web\/wp-json\/wp\/v2\/comments?post=901"}],"version-history":[{"count":2,"href":"https:\/\/lasenia.cat\/web\/wp-json\/wp\/v2\/pages\/901\/revisions"}],"predecessor-version":[{"id":1084,"href":"https:\/\/lasenia.cat\/web\/wp-json\/wp\/v2\/pages\/901\/revisions\/1084"}],"wp:attachment":[{"href":"https:\/\/lasenia.cat\/web\/wp-json\/wp\/v2\/media?parent=901"}],"curies":[{"name":"wp","href":"https:\/\/api.w.org\/{rel}","templated":true}]}}