{"id":8915,"date":"2026-04-16T07:53:51","date_gmt":"2026-04-16T05:53:51","guid":{"rendered":"https:\/\/lasenia.cat\/web\/?page_id=8915"},"modified":"2026-04-21T09:10:30","modified_gmt":"2026-04-21T07:10:30","slug":"borsa-de-direccio-de-lleure","status":"publish","type":"page","link":"https:\/\/lasenia.cat\/web\/borsa-de-direccio-de-lleure\/","title":{"rendered":"Borsa de direcci\u00f3 de lleure (2026)"},"content":{"rendered":"\n<figure class=\"wp-block-table is-style-stripes\"><table class=\"has-fixed-layout\"><tbody><tr><td class=\"has-text-align-center\" data-align=\"center\"><strong>Grup<\/strong><\/td><td class=\"has-text-align-center\" data-align=\"center\"><strong>Tipus de procediment<\/strong><\/td><td class=\"has-text-align-center\" data-align=\"center\"><strong>Perfil<\/strong><\/td><td class=\"has-text-align-center\" data-align=\"center\"><strong>N\u00famero de places<\/strong><\/td><td class=\"has-text-align-center\" data-align=\"center\"><strong>Data BOPT<\/strong><\/td><td class=\"has-text-align-center\" data-align=\"center\"><strong>Data DOGC<\/strong><\/td><\/tr><tr><td class=\"has-text-align-center\" data-align=\"center\">C1<\/td><td class=\"has-text-align-center\" data-align=\"center\">Concurs oposici\u00f3<\/td><td class=\"has-text-align-center\" data-align=\"center\">Laboral<\/td><td class=\"has-text-align-center\" data-align=\"center\">Borsa<\/td><td class=\"has-text-align-center\" data-align=\"center\">15\/04\/2026<\/td><td class=\"has-text-align-center\" data-align=\"center\">21\/04\/2026<\/td><\/tr><\/tbody><\/table><\/figure>\n\n\n\n<figure class=\"wp-block-table is-style-stripes\"><table class=\"has-fixed-layout\"><tbody><tr><td class=\"has-text-align-left\" data-align=\"left\"><a href=\"https:\/\/aplicacions.dipta.cat\/bopt\/web\/anuncio\/358656\/borsa-de-treball-de-director-a-de-lleure-infantil-i-juvenil-bases-i-convocatoria-ajuntament-senia-la\" data-type=\"link\" data-id=\"https:\/\/aplicacions.dipta.cat\/bopt\/web\/anuncio\/358656\/borsa-de-treball-de-director-a-de-lleure-infantil-i-juvenil-bases-i-convocatoria-ajuntament-senia-la\">Anunci bases BOPT n\u00fam. 2026-03295 de 15\/04\/2026<\/a><\/td><\/tr><tr><td class=\"has-text-align-left\" data-align=\"left\"><a href=\"https:\/\/dogc.gencat.cat\/ca\/document-del-dogc\/?documentId=1042326\" data-type=\"link\" data-id=\"https:\/\/dogc.gencat.cat\/ca\/document-del-dogc\/?documentId=1042326\" target=\"_blank\" rel=\"noreferrer noopener nofollow\">Anunci convocat\u00f2ria DOGC n\u00fam. 9649 de 21\/04\/2026<\/a><\/td><\/tr><tr><td class=\"has-text-align-left\" data-align=\"left\"><strong><mark style=\"background-color:rgba(0, 0, 0, 0)\" class=\"has-inline-color has-cm-color-6-color\">El termini de presentaci\u00f3 de sol\u00b7licituds:<\/mark><\/strong> Del 22 d&#8217;abril al 21 de maig de 2026<br><br>La documentaci\u00f3 es podr\u00e0 presentar a trav\u00e9s de la Seu electr\u00f2nica, mitjan\u00e7ant una\u00a0<a href=\"https:\/\/actio.dipta.cat\/catalegserveis\/id\/4304450006\/servei\/AT110_ATENC_00001?origen=seu\" target=\"_blank\" rel=\"noreferrer noopener\">inst\u00e0ncia gen\u00e8rica<\/a> o presencialment al PAC (Pgs. de la Clotada,7).<br><br><a href=\"https:\/\/lasenia.cat\/web\/wp-content\/uploads\/2026\/04\/05.-Declaracio-jurada.docx\" data-type=\"link\" data-id=\"https:\/\/lasenia.cat\/web\/wp-content\/uploads\/2026\/04\/05.-Declaracio-jurada.docx\" target=\"_blank\" rel=\"noreferrer noopener\">Declaraci\u00f3 jurada<\/a><br><br><em>L\u2019aplicaci\u00f3 nom\u00e9s deixa adjuntar 5 arxius. Per tal que us sigui m\u00e9s \u00e0gil la presentaci\u00f3 de la documentaci\u00f3, us recomanem crear un document pdf amb tota la documentaci\u00f3 referent als requisits i un altre amb la documentaci\u00f3 de m\u00e8rits, de manera que nom\u00e9s us caldr\u00e0 adjuntar dos arxiu.<\/em><\/td><\/tr><\/tbody><\/table><\/figure>\n","protected":false},"excerpt":{"rendered":"<p>Grup Tipus de procediment Perfil N\u00famero de places Data BOPT Data DOGC C1 Concurs oposici\u00f3 Laboral Borsa 15\/04\/2026 21\/04\/2026 Anunci<\/p>\n","protected":false},"author":3,"featured_media":0,"parent":0,"menu_order":0,"comment_status":"closed","ping_status":"closed","template":"","meta":{"colormag_page_container_layout":"default_layout","colormag_page_sidebar_layout":"default_layout","footnotes":""},"class_list":["post-8915","page","type-page","status-publish","hentry"],"_links":{"self":[{"href":"https:\/\/lasenia.cat\/web\/wp-json\/wp\/v2\/pages\/8915","targetHints":{"allow":["GET"]}}],"collection":[{"href":"https:\/\/lasenia.cat\/web\/wp-json\/wp\/v2\/pages"}],"about":[{"href":"https:\/\/lasenia.cat\/web\/wp-json\/wp\/v2\/types\/page"}],"author":[{"embeddable":true,"href":"https:\/\/lasenia.cat\/web\/wp-json\/wp\/v2\/users\/3"}],"replies":[{"embeddable":true,"href":"https:\/\/lasenia.cat\/web\/wp-json\/wp\/v2\/comments?post=8915"}],"version-history":[{"count":10,"href":"https:\/\/lasenia.cat\/web\/wp-json\/wp\/v2\/pages\/8915\/revisions"}],"predecessor-version":[{"id":8976,"href":"https:\/\/lasenia.cat\/web\/wp-json\/wp\/v2\/pages\/8915\/revisions\/8976"}],"wp:attachment":[{"href":"https:\/\/lasenia.cat\/web\/wp-json\/wp\/v2\/media?parent=8915"}],"curies":[{"name":"wp","href":"https:\/\/api.w.org\/{rel}","templated":true}]}}