{"id":8698,"date":"2026-03-06T10:17:17","date_gmt":"2026-03-06T09:17:17","guid":{"rendered":"https:\/\/lasenia.cat\/web\/?page_id=8698"},"modified":"2026-03-06T10:27:47","modified_gmt":"2026-03-06T09:27:47","slug":"liquidacio-del-pressupost-exercici-2024","status":"publish","type":"page","link":"https:\/\/lasenia.cat\/web\/liquidacio-del-pressupost-exercici-2024\/","title":{"rendered":"Liquidaci\u00f3 del pressupost \u2013 Exercici 2024"},"content":{"rendered":"\n<figure class=\"wp-block-table is-style-stripes\"><table class=\"has-fixed-layout\"><tbody><tr><td class=\"has-text-align-left\" data-align=\"left\"><a href=\"https:\/\/lasenia.cat\/web\/wp-content\/uploads\/2026\/03\/INFOFI2024.pdf\" data-type=\"link\" data-id=\"https:\/\/lasenia.cat\/web\/wp-content\/uploads\/2026\/03\/INFOFI2024.pdf\" target=\"_blank\" rel=\"noreferrer noopener\">Informe d\u2019intervenci\u00f3 d\u2019objeccions, anomalies i omissi\u00f3 de la funci\u00f3 interventora<\/a><\/td><\/tr><tr><td class=\"has-text-align-left\" data-align=\"left\"><a href=\"https:\/\/lasenia.cat\/web\/wp-content\/uploads\/2026\/03\/INFBCF2024.pdf\" data-type=\"link\" data-id=\"https:\/\/lasenia.cat\/web\/wp-content\/uploads\/2026\/03\/INFBCF2024.pdf\" target=\"_blank\" rel=\"noreferrer noopener\">Informe d&#8217;intervenci\u00f3 de comptes justificatius i bestretes de caixa fixa<\/a><\/td><\/tr><tr><td class=\"has-text-align-left\" data-align=\"left\"><a href=\"https:\/\/lasenia.cat\/web\/wp-content\/uploads\/2026\/03\/DECRETLIQ2024.pdf\" data-type=\"link\" data-id=\"https:\/\/lasenia.cat\/web\/wp-content\/uploads\/2026\/03\/DECRETLIQ2024.pdf\" target=\"_blank\" rel=\"noreferrer noopener\">Aprovaci\u00f3 de la liquidaci\u00f3 del pressupost de l&#8217;exercici 2024<\/a><\/td><\/tr><tr><td class=\"has-text-align-left\" data-align=\"left\"><a href=\"https:\/\/lasenia.cat\/web\/wp-content\/uploads\/2026\/03\/DECRETRECTLIQ2024.pdf\" data-type=\"link\" data-id=\"https:\/\/lasenia.cat\/web\/wp-content\/uploads\/2026\/03\/DECRETRECTLIQ2024.pdf\" target=\"_blank\" rel=\"noreferrer noopener\">Aprovaci\u00f3 de la rectificaci\u00f3 de la liquidaci\u00f3 del pressupost de l&#8217;exercici 2024<\/a><\/td><\/tr><\/tbody><\/table><\/figure>\n\n\n\n<p><\/p>\n","protected":false},"excerpt":{"rendered":"<p>Informe d\u2019intervenci\u00f3 d\u2019objeccions, anomalies i omissi\u00f3 de la funci\u00f3 interventora Informe d&#8217;intervenci\u00f3 de comptes justificatius i bestretes de caixa fixa<\/p>\n","protected":false},"author":8,"featured_media":0,"parent":0,"menu_order":0,"comment_status":"closed","ping_status":"closed","template":"","meta":{"colormag_page_container_layout":"default_layout","colormag_page_sidebar_layout":"default_layout","footnotes":""},"class_list":["post-8698","page","type-page","status-publish","hentry"],"_links":{"self":[{"href":"https:\/\/lasenia.cat\/web\/wp-json\/wp\/v2\/pages\/8698","targetHints":{"allow":["GET"]}}],"collection":[{"href":"https:\/\/lasenia.cat\/web\/wp-json\/wp\/v2\/pages"}],"about":[{"href":"https:\/\/lasenia.cat\/web\/wp-json\/wp\/v2\/types\/page"}],"author":[{"embeddable":true,"href":"https:\/\/lasenia.cat\/web\/wp-json\/wp\/v2\/users\/8"}],"replies":[{"embeddable":true,"href":"https:\/\/lasenia.cat\/web\/wp-json\/wp\/v2\/comments?post=8698"}],"version-history":[{"count":3,"href":"https:\/\/lasenia.cat\/web\/wp-json\/wp\/v2\/pages\/8698\/revisions"}],"predecessor-version":[{"id":8708,"href":"https:\/\/lasenia.cat\/web\/wp-json\/wp\/v2\/pages\/8698\/revisions\/8708"}],"wp:attachment":[{"href":"https:\/\/lasenia.cat\/web\/wp-json\/wp\/v2\/media?parent=8698"}],"curies":[{"name":"wp","href":"https:\/\/api.w.org\/{rel}","templated":true}]}}