{"id":8170,"date":"2025-12-16T08:28:16","date_gmt":"2025-12-16T07:28:16","guid":{"rendered":"https:\/\/lasenia.cat\/web\/?page_id=8170"},"modified":"2026-01-28T08:06:10","modified_gmt":"2026-01-28T07:06:10","slug":"tecnic-a-auxiliar-secretaria-contractacio","status":"publish","type":"page","link":"https:\/\/lasenia.cat\/web\/tecnic-a-auxiliar-secretaria-contractacio\/","title":{"rendered":"T\u00c8CNIC\/A AUXILIAR SECRETARIA &#8211; CONTRACTACI\u00d3"},"content":{"rendered":"\n<p class=\"has-small-font-size\">Durant el mes de desembre de 2025 s\u2019ha rebut una subvenci\u00f3 del Servei d\u2019Ocupaci\u00f3 de Catalunya cofinan\u00e7ada amb el 40% pel &nbsp;Fons Social Europeu Plus, la qual t\u00e9 l\u2019objectiu&nbsp;d&#8217;incentivar la contractaci\u00f3 laboral en pr\u00e0ctiques de joves amb formaci\u00f3, beneficiaris del Programa de Garantia Juvenil, d\u2019acord amb les condicions establertes a l\u2019Ordre EMT\/214\/2021, de 17 de novembre.<\/p>\n\n\n\n<p class=\"has-small-font-size\">Gr\u00e0cies a aquest projecte durant el mes de gener de 2026 s\u2019ha incorporat a l\u2019Ajuntament de la S\u00e9nia una jove del municipi amb formaci\u00f3 de Grau en Ci\u00e8ncies Pol\u00edtiques i de l&#8217;Administraci\u00f3, per un per\u00edode d\u2019un any. <\/p>\n\n\n\n<p class=\"has-small-font-size\">Durant aquest per\u00edode d\u2019iniciaci\u00f3 al m\u00f3n del treball es pret\u00e9n que aquesta jove puguin millorar la seva ocupabilitat amb l&#8217;adquisici\u00f3 d\u2019aptituds i compet\u00e8ncies derivades de la pr\u00e0ctica laboral, de manera que sigui possible la seva incorporaci\u00f3 al mercat laboral de forma estable i duradora en el temps.<\/p>\n\n\n\n<p><\/p>\n\n\n\n<p><\/p>\n\n\n\n<figure class=\"wp-block-image alignleft size-full is-resized\"><img loading=\"lazy\" decoding=\"async\" width=\"133\" height=\"32\" src=\"https:\/\/lasenia.cat\/web\/wp-content\/uploads\/2025\/12\/Logo-Generalitat.jpg\" alt=\"\" class=\"wp-image-8174\" style=\"width:192px;height:auto\" srcset=\"https:\/\/lasenia.cat\/web\/wp-content\/uploads\/2025\/12\/Logo-Generalitat.jpg 133w, https:\/\/lasenia.cat\/web\/wp-content\/uploads\/2025\/12\/Logo-Generalitat-130x32.jpg 130w\" sizes=\"auto, (max-width: 133px) 100vw, 133px\" \/><\/figure>\n\n\n\n<figure class=\"wp-block-image alignleft size-large is-resized\"><img loading=\"lazy\" decoding=\"async\" width=\"1024\" height=\"133\" src=\"https:\/\/lasenia.cat\/web\/wp-content\/uploads\/2025\/12\/Logo-SOC-1024x133.jpg\" alt=\"\" class=\"wp-image-8175\" style=\"width:285px;height:auto\" srcset=\"https:\/\/lasenia.cat\/web\/wp-content\/uploads\/2025\/12\/Logo-SOC-1024x133.jpg 1024w, https:\/\/lasenia.cat\/web\/wp-content\/uploads\/2025\/12\/Logo-SOC-300x39.jpg 300w, https:\/\/lasenia.cat\/web\/wp-content\/uploads\/2025\/12\/Logo-SOC-768x100.jpg 768w, https:\/\/lasenia.cat\/web\/wp-content\/uploads\/2025\/12\/Logo-SOC.jpg 1258w\" sizes=\"auto, (max-width: 1024px) 100vw, 1024px\" \/><\/figure>\n\n\n\n<figure class=\"wp-block-image alignleft size-large is-resized\"><img loading=\"lazy\" decoding=\"async\" width=\"1024\" height=\"350\" src=\"https:\/\/lasenia.cat\/web\/wp-content\/uploads\/2025\/12\/Logo-UE-1-1024x350.png\" alt=\"\" class=\"wp-image-8182\" style=\"width:195px;height:auto\" srcset=\"https:\/\/lasenia.cat\/web\/wp-content\/uploads\/2025\/12\/Logo-UE-1-1024x350.png 1024w, https:\/\/lasenia.cat\/web\/wp-content\/uploads\/2025\/12\/Logo-UE-1-300x103.png 300w, https:\/\/lasenia.cat\/web\/wp-content\/uploads\/2025\/12\/Logo-UE-1-768x262.png 768w, https:\/\/lasenia.cat\/web\/wp-content\/uploads\/2025\/12\/Logo-UE-1-1536x525.png 1536w, https:\/\/lasenia.cat\/web\/wp-content\/uploads\/2025\/12\/Logo-UE-1-2048x700.png 2048w\" sizes=\"auto, (max-width: 1024px) 100vw, 1024px\" \/><\/figure>\n\n\n\n<p><\/p>\n","protected":false},"excerpt":{"rendered":"<p>Durant el mes de desembre de 2025 s\u2019ha rebut una subvenci\u00f3 del Servei d\u2019Ocupaci\u00f3 de Catalunya cofinan\u00e7ada amb el 40%<\/p>\n","protected":false},"author":3,"featured_media":0,"parent":0,"menu_order":0,"comment_status":"closed","ping_status":"closed","template":"","meta":{"colormag_page_container_layout":"default_layout","colormag_page_sidebar_layout":"default_layout","footnotes":""},"class_list":["post-8170","page","type-page","status-publish","hentry"],"_links":{"self":[{"href":"https:\/\/lasenia.cat\/web\/wp-json\/wp\/v2\/pages\/8170","targetHints":{"allow":["GET"]}}],"collection":[{"href":"https:\/\/lasenia.cat\/web\/wp-json\/wp\/v2\/pages"}],"about":[{"href":"https:\/\/lasenia.cat\/web\/wp-json\/wp\/v2\/types\/page"}],"author":[{"embeddable":true,"href":"https:\/\/lasenia.cat\/web\/wp-json\/wp\/v2\/users\/3"}],"replies":[{"embeddable":true,"href":"https:\/\/lasenia.cat\/web\/wp-json\/wp\/v2\/comments?post=8170"}],"version-history":[{"count":13,"href":"https:\/\/lasenia.cat\/web\/wp-json\/wp\/v2\/pages\/8170\/revisions"}],"predecessor-version":[{"id":8362,"href":"https:\/\/lasenia.cat\/web\/wp-json\/wp\/v2\/pages\/8170\/revisions\/8362"}],"wp:attachment":[{"href":"https:\/\/lasenia.cat\/web\/wp-json\/wp\/v2\/media?parent=8170"}],"curies":[{"name":"wp","href":"https:\/\/api.w.org\/{rel}","templated":true}]}}

TÈCNIC/A AUXILIAR SECRETARIA &#8211; CONTRACTACIÓ

<p class="has-small-font-size">Durant el mes de desembre de 2025 s’ha rebut una subvenció del Servei d’Ocupació de Catalunya cofinançada amb el 40% pel &nbsp;Fons Social Europeu Plus, la qual té l’objectiu&nbsp;d&#8217;incentivar la contractació laboral en pràctiques de joves amb formació, beneficiaris del Programa de Garantia Juvenil, d’acord amb les condicions establertes a l’Ordre EMT/214/2021, de 17 de novembre.</p>



<p class="has-small-font-size">Gràcies a aquest projecte durant el mes de gener de 2026 s’ha incorporat a l’Ajuntament de la Sénia una jove del municipi amb formació de Grau en Ciències Polítiques i de l&#8217;Administració, per un període d’un any. </p>



<p class="has-small-font-size">Durant aquest període d’iniciació al món del treball es pretén que aquesta jove puguin millorar la seva ocupabilitat amb l&#8217;adquisició d’aptituds i competències derivades de la pràctica laboral, de manera que sigui possible la seva incorporació al mercat laboral de forma estable i duradora en el temps.</p>



<p></p>



<p></p>



<figure class="wp-block-image alignleft size-full is-resized"><img loading="lazy" decoding="async" width="133" height="32" src="https://lasenia.cat/web/wp-content/uploads/2025/12/Logo-Generalitat.jpg" alt="" class="wp-image-8174" style="width:192px;height:auto" srcset="https://lasenia.cat/web/wp-content/uploads/2025/12/Logo-Generalitat.jpg 133w, https://lasenia.cat/web/wp-content/uploads/2025/12/Logo-Generalitat-130x32.jpg 130w" sizes="auto, (max-width: 133px) 100vw, 133px" /></figure>



<figure class="wp-block-image alignleft size-large is-resized"><img loading="lazy" decoding="async" width="1024" height="133" src="https://lasenia.cat/web/wp-content/uploads/2025/12/Logo-SOC-1024x133.jpg" alt="" class="wp-image-8175" style="width:285px;height:auto" srcset="https://lasenia.cat/web/wp-content/uploads/2025/12/Logo-SOC-1024x133.jpg 1024w, https://lasenia.cat/web/wp-content/uploads/2025/12/Logo-SOC-300x39.jpg 300w, https://lasenia.cat/web/wp-content/uploads/2025/12/Logo-SOC-768x100.jpg 768w, https://lasenia.cat/web/wp-content/uploads/2025/12/Logo-SOC.jpg 1258w" sizes="auto, (max-width: 1024px) 100vw, 1024px" /></figure>



<figure class="wp-block-image alignleft size-large is-resized"><img loading="lazy" decoding="async" width="1024" height="350" src="https://lasenia.cat/web/wp-content/uploads/2025/12/Logo-UE-1-1024x350.png" alt="" class="wp-image-8182" style="width:195px;height:auto" srcset="https://lasenia.cat/web/wp-content/uploads/2025/12/Logo-UE-1-1024x350.png 1024w, https://lasenia.cat/web/wp-content/uploads/2025/12/Logo-UE-1-300x103.png 300w, https://lasenia.cat/web/wp-content/uploads/2025/12/Logo-UE-1-768x262.png 768w, https://lasenia.cat/web/wp-content/uploads/2025/12/Logo-UE-1-1536x525.png 1536w, https://lasenia.cat/web/wp-content/uploads/2025/12/Logo-UE-1-2048x700.png 2048w" sizes="auto, (max-width: 1024px) 100vw, 1024px" /></figure>



<p></p>

<p>Durant el mes de desembre de 2025 s’ha rebut una subvenció del Servei d’Ocupació de Catalunya cofinançada amb el 40%</p>
