{"id":817,"date":"2021-01-14T17:47:32","date_gmt":"2021-01-14T16:47:32","guid":{"rendered":"http:\/\/lasenia.cat\/web\/?page_id=817"},"modified":"2026-04-23T13:30:27","modified_gmt":"2026-04-23T11:30:27","slug":"personal","status":"publish","type":"page","link":"https:\/\/lasenia.cat\/web\/personal\/","title":{"rendered":"Personal"},"content":{"rendered":"\n<p class=\"has-medium-font-size\">La Regidoria de Personal t\u00e9 com a objectiu principal la planificaci\u00f3, coordinaci\u00f3 i direcci\u00f3 de la pol\u00edtica de personal de l\u2019Ajuntament, d\u2019acord amb els principis d\u2019efici\u00e8ncia, legalitat i servei p\u00fablic. Les principals compet\u00e8ncies de la regidoria s\u00f3n:<\/p>\n\n\n\n<p><\/p>\n\n\n\n<ul class=\"wp-block-list\">\n<li>Proporcionar assessorament i suport a tot el personal municipal en mat\u00e8ria de relacions laborals.<\/li>\n\n\n\n<li>Gestionar l\u2019elaboraci\u00f3 de les n\u00f2mines i el compliment de les obligacions en mat\u00e8ria de seguretat social.<\/li>\n\n\n\n<li>Dissenyar, coordinar i gestionar els processos de selecci\u00f3 i contractaci\u00f3 de personal, aix\u00ed com les corresponents convocat\u00f2ries, tant d\u2019acc\u00e9s lliure com de promoci\u00f3 interna.<\/li>\n\n\n\n<li>Dur a terme la descripci\u00f3, an\u00e0lisi, valoraci\u00f3 i provisi\u00f3 dels llocs de treball, d\u2019acord amb les necessitats organitzatives municipals.<\/li>\n\n\n\n<li>Planificar i gestionar les pol\u00edtiques de formaci\u00f3 cont\u00ednua i desenvolupament professional del personal municipal.<\/li>\n\n\n\n<li>Definir i aplicar la pol\u00edtica retributiva, dins del marc normatiu vigent. Participar en la negociaci\u00f3 col\u00b7lectiva i en les relacions institucionals amb les organitzacions sindicals i els representants del personal.<\/li>\n<\/ul>\n\n\n\n<p class=\"has-medium-font-size\"><strong>Regidora: <\/strong>Merc\u00e8 Carb\u00f3 Gasc\u00f3<br><strong>Secret\u00e0ria: <\/strong>Lourdes Basco<br><strong>Adre\u00e7a electr\u00f2nica:<\/strong>\u00a0<span class=\"link-color sendIt\">personal@lasenia.cat<\/span><\/p>\n\n\n\n<hr class=\"wp-block-separator has-text-color has-black-color has-css-opacity has-black-background-color has-background aligncenter is-style-wide\"\/>\n\n\n\n<figure class=\"wp-block-table is-style-stripes\"><table><tbody><tr><td class=\"has-text-align-left\" data-align=\"left\"><a href=\"https:\/\/lasenia.cat\/web\/ofertes-de-treball\/\" data-type=\"URL\" data-id=\"https:\/\/lasenia.cat\/web\/ofertes-de-treball\/\">Convocat\u00f2ries de personal (Vigents i previstes)<\/a><\/td><\/tr><tr><td class=\"has-text-align-left\" data-align=\"left\"><a href=\"https:\/\/lasenia.cat\/web\/resultats-de-les-convocatories-de-personal\/\" data-type=\"link\" data-id=\"https:\/\/lasenia.cat\/web\/resultats-de-les-convocatories-de-personal\/\" target=\"_blank\" rel=\"noreferrer noopener\">Resultats de les convocat\u00f2ries de personal (Finalitzades)<\/a><\/td><\/tr><tr><td class=\"has-text-align-left\" data-align=\"left\"><a href=\"https:\/\/lasenia.cat\/web\/borses-de-treball\/\" data-type=\"URL\" data-id=\"https:\/\/lasenia.cat\/web\/borses-de-treball\/\" target=\"_blank\" rel=\"noreferrer noopener\">Borses de treball vigents<\/a><\/td><\/tr><tr><td class=\"has-text-align-left\" data-align=\"left\"><a href=\"https:\/\/lasenia.cat\/web\/oferta-docupacio-publica\/\">Oferta d&#8217;Ocupaci\u00f3 P\u00fablica<\/a><\/td><\/tr><tr><td class=\"has-text-align-left\" data-align=\"left\"><a href=\"https:\/\/lasenia.cat\/web\/acord-comu-de-condicions-per-als-empleats-publics-de-lajuntament-de-la-senia\/\" data-type=\"link\" data-id=\"https:\/\/lasenia.cat\/web\/acord-comu-de-condicions-per-als-empleats-publics-de-lajuntament-de-la-senia\/\" target=\"_blank\" rel=\"noreferrer noopener\">Acord com\u00fa de condicions per als empleats p\u00fablics de l&#8217;Ajuntament de la S\u00e9nia<\/a><\/td><\/tr><tr><td class=\"has-text-align-left\" data-align=\"left\"><a href=\"https:\/\/lasenia.cat\/web\/bases-per-a-la-concessio-dels-ajuts-del-fons-social\/\" data-type=\"link\" data-id=\"https:\/\/lasenia.cat\/web\/bases-per-a-la-concessio-dels-ajuts-del-fons-social\/\" target=\"_blank\" rel=\"noreferrer noopener\">Bases per a la concessi\u00f3 dels ajuts del fons social<\/a><\/td><\/tr><tr><td class=\"has-text-align-left\" data-align=\"left\"><a href=\"https:\/\/lasenia.cat\/web\/pla-digualtat-entre-dones-i-homes-de-lajuntament-de-la-senia\/\" target=\"_blank\" rel=\"noreferrer noopener\">Pla d&#8217;igualtat de l&#8217;Ajuntament de la S\u00e9nia<\/a><\/td><\/tr><tr><td class=\"has-text-align-left\" data-align=\"left\"><a href=\"https:\/\/lasenia.cat\/web\/plantilla-de-personal\/\" data-type=\"link\" data-id=\"https:\/\/lasenia.cat\/web\/plantilla-de-personal\/\" target=\"_blank\" rel=\"noreferrer noopener\">Plantilla de personal<\/a><\/td><\/tr><tr><td class=\"has-text-align-left\" data-align=\"left\"><a href=\"https:\/\/lasenia.cat\/web\/relacio-i-valoracio-de-llocs-de-treball\/\" data-type=\"URL\" data-id=\"https:\/\/lasenia.cat\/web\/relacio-i-valoracio-de-llocs-de-treball\/\" target=\"_blank\" rel=\"noreferrer noopener\">Relaci\u00f3 i valoraci\u00f3 de llocs de treball<\/a><\/td><\/tr><tr><td class=\"has-text-align-left\" data-align=\"left\"><a rel=\"noreferrer noopener\" href=\"https:\/\/lasenia.cat\/web\/compatibilitat-treballadors\/\" data-type=\"URL\" data-id=\"https:\/\/lasenia.cat\/web\/compatibilitat-treballadors\/\" target=\"_blank\">Compatibilitats del personal<\/a><\/td><\/tr><tr><td class=\"has-text-align-left\" data-align=\"left\"><a href=\"https:\/\/lasenia.cat\/web\/alts-carrecs-personal-directiu-i-carrecs-eventuals\/\" data-type=\"link\" data-id=\"https:\/\/lasenia.cat\/web\/alts-carrecs-personal-directiu-i-carrecs-eventuals\/\">Alts c\u00e0rrecs, personal directiu i c\u00e0rrecs eventuals<\/a><\/td><\/tr><tr><td class=\"has-text-align-left\" data-align=\"left\"><a href=\"https:\/\/lasenia.cat\/web\/retribucions-dels-empleats-publics\/\" data-type=\"link\" data-id=\"https:\/\/lasenia.cat\/web\/retribucions-dels-empleats-publics\/\">Retribucions dels empleats p\u00fablics<\/a><\/td><\/tr><tr><td class=\"has-text-align-left\" data-align=\"left\"><a href=\"https:\/\/lasenia.cat\/web\/responsable-de-comunicacio-i-premsa\/\" data-type=\"link\" data-id=\"https:\/\/lasenia.cat\/web\/responsable-de-comunicacio-i-premsa\/\">Responsable de comunicaci\u00f3 i premsa<\/a><\/td><\/tr><\/tbody><\/table><\/figure>\n\n\n\n<p><\/p>\n","protected":false},"excerpt":{"rendered":"<p>La Regidoria de Personal t\u00e9 com a objectiu principal la planificaci\u00f3, coordinaci\u00f3 i direcci\u00f3 de la pol\u00edtica de personal de<\/p>\n","protected":false},"author":1,"featured_media":0,"parent":0,"menu_order":0,"comment_status":"closed","ping_status":"closed","template":"","meta":{"colormag_page_container_layout":"no_sidebar_full_width","colormag_page_sidebar_layout":"no_sidebar","footnotes":""},"class_list":["post-817","page","type-page","status-publish","hentry"],"_links":{"self":[{"href":"https:\/\/lasenia.cat\/web\/wp-json\/wp\/v2\/pages\/817","targetHints":{"allow":["GET"]}}],"collection":[{"href":"https:\/\/lasenia.cat\/web\/wp-json\/wp\/v2\/pages"}],"about":[{"href":"https:\/\/lasenia.cat\/web\/wp-json\/wp\/v2\/types\/page"}],"author":[{"embeddable":true,"href":"https:\/\/lasenia.cat\/web\/wp-json\/wp\/v2\/users\/1"}],"replies":[{"embeddable":true,"href":"https:\/\/lasenia.cat\/web\/wp-json\/wp\/v2\/comments?post=817"}],"version-history":[{"count":104,"href":"https:\/\/lasenia.cat\/web\/wp-json\/wp\/v2\/pages\/817\/revisions"}],"predecessor-version":[{"id":9062,"href":"https:\/\/lasenia.cat\/web\/wp-json\/wp\/v2\/pages\/817\/revisions\/9062"}],"wp:attachment":[{"href":"https:\/\/lasenia.cat\/web\/wp-json\/wp\/v2\/media?parent=817"}],"curies":[{"name":"wp","href":"https:\/\/api.w.org\/{rel}","templated":true}]}}

<p class="has-medium-font-size">La Regidoria de Personal té com a objectiu principal la planificació, coordinació i direcció de la política de personal de l’Ajuntament, d’acord amb els principis d’eficiència, legalitat i servei públic. Les principals competències de la regidoria són:</p>



<p></p>



<ul class="wp-block-list">
<li>Proporcionar assessorament i suport a tot el personal municipal en matèria de relacions laborals.</li>



<li>Gestionar l’elaboració de les nòmines i el compliment de les obligacions en matèria de seguretat social.</li>



<li>Dissenyar, coordinar i gestionar els processos de selecció i contractació de personal, així com les corresponents convocatòries, tant d’accés lliure com de promoció interna.</li>



<li>Dur a terme la descripció, anàlisi, valoració i provisió dels llocs de treball, d’acord amb les necessitats organitzatives municipals.</li>



<li>Planificar i gestionar les polítiques de formació contínua i desenvolupament professional del personal municipal.</li>



<li>Definir i aplicar la política retributiva, dins del marc normatiu vigent. Participar en la negociació col·lectiva i en les relacions institucionals amb les organitzacions sindicals i els representants del personal.</li>
</ul>



<p class="has-medium-font-size"><strong>Regidora: </strong>Mercè Carbó Gascó<br><strong>Secretària: </strong>Lourdes Basco<br><strong>Adreça electrònica:</strong> <span class="link-color sendIt">personal@lasenia.cat</span></p>



<hr class="wp-block-separator has-text-color has-black-color has-css-opacity has-black-background-color has-background aligncenter is-style-wide"/>



<figure class="wp-block-table is-style-stripes"><table><tbody><tr><td class="has-text-align-left" data-align="left"><a href="https://lasenia.cat/web/ofertes-de-treball/" data-type="URL" data-id="https://lasenia.cat/web/ofertes-de-treball/">Convocatòries de personal (Vigents i previstes)</a></td></tr><tr><td class="has-text-align-left" data-align="left"><a href="https://lasenia.cat/web/resultats-de-les-convocatories-de-personal/" data-type="link" data-id="https://lasenia.cat/web/resultats-de-les-convocatories-de-personal/" target="_blank" rel="noreferrer noopener">Resultats de les convocatòries de personal (Finalitzades)</a></td></tr><tr><td class="has-text-align-left" data-align="left"><a href="https://lasenia.cat/web/borses-de-treball/" data-type="URL" data-id="https://lasenia.cat/web/borses-de-treball/" target="_blank" rel="noreferrer noopener">Borses de treball vigents</a></td></tr><tr><td class="has-text-align-left" data-align="left"><a href="https://lasenia.cat/web/oferta-docupacio-publica/">Oferta d&#8217;Ocupació Pública</a></td></tr><tr><td class="has-text-align-left" data-align="left"><a href="https://lasenia.cat/web/acord-comu-de-condicions-per-als-empleats-publics-de-lajuntament-de-la-senia/" data-type="link" data-id="https://lasenia.cat/web/acord-comu-de-condicions-per-als-empleats-publics-de-lajuntament-de-la-senia/" target="_blank" rel="noreferrer noopener">Acord comú de condicions per als empleats públics de l&#8217;Ajuntament de la Sénia</a></td></tr><tr><td class="has-text-align-left" data-align="left"><a href="https://lasenia.cat/web/bases-per-a-la-concessio-dels-ajuts-del-fons-social/" data-type="link" data-id="https://lasenia.cat/web/bases-per-a-la-concessio-dels-ajuts-del-fons-social/" target="_blank" rel="noreferrer noopener">Bases per a la concessió dels ajuts del fons social</a></td></tr><tr><td class="has-text-align-left" data-align="left"><a href="https://lasenia.cat/web/pla-digualtat-entre-dones-i-homes-de-lajuntament-de-la-senia/" target="_blank" rel="noreferrer noopener">Pla d&#8217;igualtat de l&#8217;Ajuntament de la Sénia</a></td></tr><tr><td class="has-text-align-left" data-align="left"><a href="https://lasenia.cat/web/plantilla-de-personal/" data-type="link" data-id="https://lasenia.cat/web/plantilla-de-personal/" target="_blank" rel="noreferrer noopener">Plantilla de personal</a></td></tr><tr><td class="has-text-align-left" data-align="left"><a href="https://lasenia.cat/web/relacio-i-valoracio-de-llocs-de-treball/" data-type="URL" data-id="https://lasenia.cat/web/relacio-i-valoracio-de-llocs-de-treball/" target="_blank" rel="noreferrer noopener">Relació i valoració de llocs de treball</a></td></tr><tr><td class="has-text-align-left" data-align="left"><a rel="noreferrer noopener" href="https://lasenia.cat/web/compatibilitat-treballadors/" data-type="URL" data-id="https://lasenia.cat/web/compatibilitat-treballadors/" target="_blank">Compatibilitats del personal</a></td></tr><tr><td class="has-text-align-left" data-align="left"><a href="https://lasenia.cat/web/alts-carrecs-personal-directiu-i-carrecs-eventuals/" data-type="link" data-id="https://lasenia.cat/web/alts-carrecs-personal-directiu-i-carrecs-eventuals/">Alts càrrecs, personal directiu i càrrecs eventuals</a></td></tr><tr><td class="has-text-align-left" data-align="left"><a href="https://lasenia.cat/web/retribucions-dels-empleats-publics/" data-type="link" data-id="https://lasenia.cat/web/retribucions-dels-empleats-publics/">Retribucions dels empleats públics</a></td></tr><tr><td class="has-text-align-left" data-align="left"><a href="https://lasenia.cat/web/responsable-de-comunicacio-i-premsa/" data-type="link" data-id="https://lasenia.cat/web/responsable-de-comunicacio-i-premsa/">Responsable de comunicació i premsa</a></td></tr></tbody></table></figure>



<p></p>

<p>La Regidoria de Personal té com a objectiu principal la planificació, coordinació i direcció de la política de personal de</p>
