{"id":815,"date":"2021-01-14T17:46:48","date_gmt":"2021-01-14T16:46:48","guid":{"rendered":"http:\/\/lasenia.cat\/web\/?page_id=815"},"modified":"2025-10-15T13:01:17","modified_gmt":"2025-10-15T11:01:17","slug":"hisenda","status":"publish","type":"page","link":"https:\/\/lasenia.cat\/web\/hisenda\/","title":{"rendered":"Hisenda"},"content":{"rendered":"\n<p>La Regidoria d\u2019Hisenda se centra principalment en la gesti\u00f3 del pressupost, la comptabilitat, i la gesti\u00f3 d\u2019ingressos i despeses de l\u2019Ajuntament. <\/p>\n\n\n\n<p>El pressupost municipal \u00e9s l\u2019instrument econ\u00f2mic i financer i l\u2019eina b\u00e0sica per assolir les actuacions i les inversions previstes des de cadascuna de les \u00e0rees i regidories del consistori. <\/p>\n\n\n\n<p>Aquesta regidoria s\u2019encarrega de la confecci\u00f3, el seguiment i el control del pressupost, a m\u00e9s de la comptabilitzaci\u00f3 tant de les despeses com dels ingressos. <\/p>\n\n\n\n<p>S\u2019encarrega tamb\u00e9 de l\u2019elaboraci\u00f3 de les ordenances fiscals i dels preus p\u00fablics, aix\u00ed com del manteniment i l\u2019actualitzaci\u00f3 dels padrons fiscals i de les liquidacions tribut\u00e0ries.<\/p>\n\n\n\n<ul class=\"wp-block-list\">\n<li><strong>Regidora:<\/strong> Artur Mart\u00ednez Hern\u00e1ndez<\/li>\n\n\n\n<li><strong>Secret\u00e0ria:<\/strong> Elena Ferr\u00e9 Boix<\/li>\n\n\n\n<li><strong>Adre\u00e7a electr\u00f2nica: <\/strong><span class=\"link-color sendIt\">elferre<img decoding=\"async\" class=\"inline-img\" style=\"max-height:2em\" src=\"https:\/\/lasenia.cat\/html\/images\/arroba.svg\" alt=\"@\">lasenia.cat<\/span><\/li>\n\n\n\n<li><strong>Horari d\u2019atenci\u00f3 al p\u00fablic:<\/strong>\n<ul class=\"wp-block-list\">\n<li>Dilluns de 17:00 a 18:00&nbsp;hores<\/li>\n\n\n\n<li>Dimecres de 10:00 a 11:00&nbsp;hores<\/li>\n<\/ul>\n<\/li>\n<\/ul>\n\n\n\n<hr class=\"wp-block-separator has-text-color has-black-color has-css-opacity has-black-background-color has-background is-style-wide\"\/>\n\n\n\n<figure class=\"wp-block-table is-style-stripes\"><table><tbody><tr><td class=\"has-text-align-left\" data-align=\"left\"><a href=\"http:\/\/pressupostosmunicipals.transparenciacatalunya.cat\/places\/senia-la\/2016\" data-type=\"URL\" data-id=\"http:\/\/pressupostosmunicipals.transparenciacatalunya.cat\/places\/senia-la\/2016\" target=\"_blank\" rel=\"noreferrer noopener\">Indicadors de gesti\u00f3 econ\u00f2mica<\/a><\/td><\/tr><tr><td class=\"has-text-align-left\" data-align=\"left\"><a href=\"https:\/\/lasenia.cat\/web\/periode-mitja-de-pagament-a-proveidors-pmp\/\" data-type=\"link\" data-id=\"https:\/\/lasenia.cat\/web\/periode-mitja-de-pagament-a-proveidors-pmp\/\" target=\"_blank\" rel=\"noreferrer noopener\">Per\u00edode mitj\u00e0 de pagament a prove\u00efdors (PMP)<\/a><\/td><\/tr><tr><td class=\"has-text-align-left\" data-align=\"left\"><a href=\"https:\/\/lasenia.cat\/web\/pressupost\/\" data-type=\"link\" data-id=\"https:\/\/lasenia.cat\/web\/pressupost\/\" target=\"_blank\" rel=\"noreferrer noopener\">Pressupost<\/a><\/td><\/tr><tr><td class=\"has-text-align-left\" data-align=\"left\"><a href=\"https:\/\/lasenia.cat\/web\/modificacions-pressupostaries\/\" data-type=\"link\" data-id=\"https:\/\/lasenia.cat\/web\/modificacions-pressupostaries\/\" target=\"_blank\" rel=\"noreferrer noopener\">Modificacions pressupost\u00e0ries<\/a><\/td><\/tr><tr><td class=\"has-text-align-left\" data-align=\"left\"><a href=\"https:\/\/lasenia.cat\/web\/informes-dexecucio-trimestrals\/\" data-type=\"link\" data-id=\"https:\/\/lasenia.cat\/web\/informes-dexecucio-trimestrals\/\" target=\"_blank\" rel=\"noreferrer noopener\">Informes d&#8217;execuci\u00f3 trimestrals<\/a><\/td><\/tr><tr><td class=\"has-text-align-left\" data-align=\"left\"><a href=\"https:\/\/lasenia.cat\/web\/wp-content\/uploads\/2024\/05\/PPMT25-27.pdf\" data-type=\"link\" data-id=\"https:\/\/lasenia.cat\/web\/wp-content\/uploads\/2024\/05\/PPMT25-27.pdf\" target=\"_blank\" rel=\"noreferrer noopener\">Pla pressupostari a mig termini 2025-2027<\/a><\/td><\/tr><tr><td class=\"has-text-align-left\" data-align=\"left\"><a href=\"https:\/\/seu-e.cat\/ca\/web\/lasenia\/govern-obert-i-transparencia\/gestio-economica\/pressupost\/compliment-dels-objectius-d-estabilitat-pressupostaria\">Compliment dels objectius d\u2019estabilitat pressupost\u00e0ria<\/a><\/td><\/tr><tr><td class=\"has-text-align-left\" data-align=\"left\"><a href=\"https:\/\/seu-e.cat\/ca\/web\/lasenia\/govern-obert-i-transparencia\/gestio-economica\/gestio-economica\/endeutament\">Endeutament<\/a><\/td><\/tr><tr><td class=\"has-text-align-left\" data-align=\"left\"><a href=\"https:\/\/seu-e.cat\/ca\/web\/lasenia\/govern-obert-i-transparencia\/informacio-institucional-i-organitzativa\/informacio-institucional\/pla-antifrau-205\" data-type=\"link\" data-id=\"https:\/\/seu-e.cat\/ca\/web\/lasenia\/govern-obert-i-transparencia\/informacio-institucional-i-organitzativa\/informacio-institucional\/pla-antifrau-205\" target=\"_blank\" rel=\"noreferrer noopener\">Pla antifrau<\/a><\/td><\/tr><\/tbody><\/table><\/figure>\n\n\n\n<p><\/p>\n","protected":false},"excerpt":{"rendered":"<p>La Regidoria d\u2019Hisenda se centra principalment en la gesti\u00f3 del pressupost, la comptabilitat, i la gesti\u00f3 d\u2019ingressos i despeses de<\/p>\n","protected":false},"author":1,"featured_media":0,"parent":0,"menu_order":0,"comment_status":"closed","ping_status":"closed","template":"","meta":{"colormag_page_container_layout":"no_sidebar_full_width","colormag_page_sidebar_layout":"no_sidebar","footnotes":""},"class_list":["post-815","page","type-page","status-publish","hentry"],"_links":{"self":[{"href":"https:\/\/lasenia.cat\/web\/wp-json\/wp\/v2\/pages\/815","targetHints":{"allow":["GET"]}}],"collection":[{"href":"https:\/\/lasenia.cat\/web\/wp-json\/wp\/v2\/pages"}],"about":[{"href":"https:\/\/lasenia.cat\/web\/wp-json\/wp\/v2\/types\/page"}],"author":[{"embeddable":true,"href":"https:\/\/lasenia.cat\/web\/wp-json\/wp\/v2\/users\/1"}],"replies":[{"embeddable":true,"href":"https:\/\/lasenia.cat\/web\/wp-json\/wp\/v2\/comments?post=815"}],"version-history":[{"count":31,"href":"https:\/\/lasenia.cat\/web\/wp-json\/wp\/v2\/pages\/815\/revisions"}],"predecessor-version":[{"id":7858,"href":"https:\/\/lasenia.cat\/web\/wp-json\/wp\/v2\/pages\/815\/revisions\/7858"}],"wp:attachment":[{"href":"https:\/\/lasenia.cat\/web\/wp-json\/wp\/v2\/media?parent=815"}],"curies":[{"name":"wp","href":"https:\/\/api.w.org\/{rel}","templated":true}]}}