{"id":807,"date":"2021-01-14T17:42:43","date_gmt":"2021-01-14T16:42:43","guid":{"rendered":"http:\/\/lasenia.cat\/web\/?page_id=807"},"modified":"2025-10-15T14:30:50","modified_gmt":"2025-10-15T12:30:50","slug":"agricultura-i-ramaderia","status":"publish","type":"page","link":"https:\/\/lasenia.cat\/web\/agricultura-i-ramaderia\/","title":{"rendered":"Agricultura i Ramaderia"},"content":{"rendered":"\n<p>La Regidoria d\u2019Agricultura i Ramaderia t\u00e9 com a objectiu vetllar pel desenvolupament del teixit agr\u00edcola del municipi. Des d\u2019aquest departament es gestionen els permisos de cremar, les bonificacions d\u2019IBI d\u2019activitats agropecu\u00e0ries, els treballs de manteniment de camins rurals per facilitar l\u2019acc\u00e9s a les finques r\u00fastiques, el tr\u00e0mit de les certificacions de cremes agr\u00edcoles i la gesti\u00f3 de la comunitat de regants.<\/p>\n\n\n\n<hr class=\"wp-block-separator has-css-opacity\"\/>\n\n\n\n<p><strong>Regidor: <\/strong>V\u00edctor Revert\u00e9 Querol<br><strong>Secretari:<\/strong> Alba Paredes<\/p>\n\n\n\n<ul class=\"wp-block-list\">\n<li>Adre\u00e7a electr\u00f2nica: <span class=\"link-color sendIt\">aparedes<img decoding=\"async\" class=\"inline-img\" style=\"max-height:2em\" src=\"https:\/\/lasenia.cat\/html\/images\/arroba.svg\" alt=\"@\">lasenia.cat<\/span><\/li>\n\n\n\n<li>Horari de visita: de dilluns a divendres (amb cita pr\u00e8via)<\/li>\n<\/ul>\n\n\n\n<p><\/p>\n","protected":false},"excerpt":{"rendered":"<p>La Regidoria d\u2019Agricultura i Ramaderia t\u00e9 com a objectiu vetllar pel desenvolupament del teixit agr\u00edcola del municipi. Des d\u2019aquest departament<\/p>\n","protected":false},"author":1,"featured_media":0,"parent":0,"menu_order":0,"comment_status":"closed","ping_status":"closed","template":"","meta":{"colormag_page_container_layout":"default_layout","colormag_page_sidebar_layout":"default_layout","footnotes":""},"class_list":["post-807","page","type-page","status-publish","hentry"],"_links":{"self":[{"href":"https:\/\/lasenia.cat\/web\/wp-json\/wp\/v2\/pages\/807","targetHints":{"allow":["GET"]}}],"collection":[{"href":"https:\/\/lasenia.cat\/web\/wp-json\/wp\/v2\/pages"}],"about":[{"href":"https:\/\/lasenia.cat\/web\/wp-json\/wp\/v2\/types\/page"}],"author":[{"embeddable":true,"href":"https:\/\/lasenia.cat\/web\/wp-json\/wp\/v2\/users\/1"}],"replies":[{"embeddable":true,"href":"https:\/\/lasenia.cat\/web\/wp-json\/wp\/v2\/comments?post=807"}],"version-history":[{"count":6,"href":"https:\/\/lasenia.cat\/web\/wp-json\/wp\/v2\/pages\/807\/revisions"}],"predecessor-version":[{"id":7869,"href":"https:\/\/lasenia.cat\/web\/wp-json\/wp\/v2\/pages\/807\/revisions\/7869"}],"wp:attachment":[{"href":"https:\/\/lasenia.cat\/web\/wp-json\/wp\/v2\/media?parent=807"}],"curies":[{"name":"wp","href":"https:\/\/api.w.org\/{rel}","templated":true}]}}

<p>La Regidoria d’Agricultura i Ramaderia té com a objectiu vetllar pel desenvolupament del teixit agrícola del municipi. Des d’aquest departament es gestionen els permisos de cremar, les bonificacions d’IBI d’activitats agropecuàries, els treballs de manteniment de camins rurals per facilitar l’accés a les finques rústiques, el tràmit de les certificacions de cremes agrícoles i la gestió de la comunitat de regants.</p>



<hr class="wp-block-separator has-css-opacity"/>



<p><strong>Regidor: </strong>Víctor Reverté Querol<br><strong>Secretari:</strong> Alba Paredes</p>



<ul class="wp-block-list">
<li>Adreça electrònica: <span class="link-color sendIt">aparedes<img decoding="async" class="inline-img" style="max-height:2em" src="https://lasenia.cat/html/images/arroba.svg" alt="@">lasenia.cat</span></li>



<li>Horari de visita: de dilluns a divendres (amb cita prèvia)</li>
</ul>



<p></p>

<p>La Regidoria d’Agricultura i Ramaderia té com a objectiu vetllar pel desenvolupament del teixit agrícola del municipi. Des d’aquest departament</p>
