{"id":805,"date":"2021-01-14T17:42:14","date_gmt":"2021-01-14T16:42:14","guid":{"rendered":"http:\/\/lasenia.cat\/web\/?page_id=805"},"modified":"2025-10-15T12:57:22","modified_gmt":"2025-10-15T10:57:22","slug":"medi-ambient","status":"publish","type":"page","link":"https:\/\/lasenia.cat\/web\/medi-ambient\/","title":{"rendered":"Medi Ambient"},"content":{"rendered":"\n<p>La Regidoria de Medi Ambient treballa per millorar la gesti\u00f3 dels diferents aspectes mediambientals del municipi i perqu\u00e8 les activitats que es desenvolupen en el territori es facin de forma respectuosa amb el medi. L\u2019objectiu general de la regidoria \u00e9s preservar el nostre entorn m\u00e9s proper i millorar la qualitat de vida de la gent.<\/p>\n\n\n\n<p>Per aconseguir tot aix\u00f2, es dediquen esfor\u00e7os en diverses l\u00ednies de treball. Aquesta feina necessita la col\u00b7laboraci\u00f3 de totes les \u00e0rees de l\u2019ajuntament, perqu\u00e8 cadascuna d\u2019elles pot fer molt per assolir els objectius de millora.<\/p>\n\n\n\n<hr class=\"wp-block-separator has-css-opacity\"\/>\n\n\n\n<p><strong>Regidor:<\/strong>&nbsp;V\u00edctor Revert\u00e9 Querol<br><strong>Secret\u00e0ria:<\/strong> Ana Bonfill<\/p>\n\n\n\n<ul class=\"wp-block-list\">\n<li>Adre\u00e7a electr\u00f2nica: <span class=\"link-color sendIt\">mediambient<img decoding=\"async\" class=\"inline-img\" style=\"max-height:2em\" src=\"https:\/\/lasenia.cat\/html\/images\/arroba.svg\" alt=\"@\">lasenia.cat<\/span><\/li>\n\n\n\n<li>Horari de visita: de dilluns a divendres (amb cita pr\u00e8via)<\/li>\n<\/ul>\n","protected":false},"excerpt":{"rendered":"<p>La Regidoria de Medi Ambient treballa per millorar la gesti\u00f3 dels diferents aspectes mediambientals del municipi i perqu\u00e8 les activitats<\/p>\n","protected":false},"author":1,"featured_media":0,"parent":0,"menu_order":0,"comment_status":"closed","ping_status":"closed","template":"","meta":{"colormag_page_container_layout":"default_layout","colormag_page_sidebar_layout":"default_layout","footnotes":""},"class_list":["post-805","page","type-page","status-publish","hentry"],"_links":{"self":[{"href":"https:\/\/lasenia.cat\/web\/wp-json\/wp\/v2\/pages\/805","targetHints":{"allow":["GET"]}}],"collection":[{"href":"https:\/\/lasenia.cat\/web\/wp-json\/wp\/v2\/pages"}],"about":[{"href":"https:\/\/lasenia.cat\/web\/wp-json\/wp\/v2\/types\/page"}],"author":[{"embeddable":true,"href":"https:\/\/lasenia.cat\/web\/wp-json\/wp\/v2\/users\/1"}],"replies":[{"embeddable":true,"href":"https:\/\/lasenia.cat\/web\/wp-json\/wp\/v2\/comments?post=805"}],"version-history":[{"count":5,"href":"https:\/\/lasenia.cat\/web\/wp-json\/wp\/v2\/pages\/805\/revisions"}],"predecessor-version":[{"id":7855,"href":"https:\/\/lasenia.cat\/web\/wp-json\/wp\/v2\/pages\/805\/revisions\/7855"}],"wp:attachment":[{"href":"https:\/\/lasenia.cat\/web\/wp-json\/wp\/v2\/media?parent=805"}],"curies":[{"name":"wp","href":"https:\/\/api.w.org\/{rel}","templated":true}]}}

<p>La Regidoria de Medi Ambient treballa per millorar la gestió dels diferents aspectes mediambientals del municipi i perquè les activitats que es desenvolupen en el territori es facin de forma respectuosa amb el medi. L’objectiu general de la regidoria és preservar el nostre entorn més proper i millorar la qualitat de vida de la gent.</p>



<p>Per aconseguir tot això, es dediquen esforços en diverses línies de treball. Aquesta feina necessita la col·laboració de totes les àrees de l’ajuntament, perquè cadascuna d’elles pot fer molt per assolir els objectius de millora.</p>



<hr class="wp-block-separator has-css-opacity"/>



<p><strong>Regidor:</strong>&nbsp;Víctor Reverté Querol<br><strong>Secretària:</strong> Ana Bonfill</p>



<ul class="wp-block-list">
<li>Adreça electrònica: <span class="link-color sendIt">mediambient<img decoding="async" class="inline-img" style="max-height:2em" src="https://lasenia.cat/html/images/arroba.svg" alt="@">lasenia.cat</span></li>



<li>Horari de visita: de dilluns a divendres (amb cita prèvia)</li>
</ul>

<p>La Regidoria de Medi Ambient treballa per millorar la gestió dels diferents aspectes mediambientals del municipi i perquè les activitats</p>
