{"id":787,"date":"2021-01-14T17:34:04","date_gmt":"2021-01-14T16:34:04","guid":{"rendered":"http:\/\/lasenia.cat\/web\/?page_id=787"},"modified":"2025-10-24T08:08:56","modified_gmt":"2025-10-24T06:08:56","slug":"urbanisme","status":"publish","type":"page","link":"https:\/\/lasenia.cat\/web\/urbanisme\/","title":{"rendered":"Urbanisme"},"content":{"rendered":"\n<p>La Regidoria d\u2019Urbanisme \u00e9s l\u2019encarregada de la planificaci\u00f3 i gesti\u00f3 urban\u00edstica del municipi,&nbsp;&nbsp;tramitaci\u00f3 de llic\u00e8ncies urban\u00edstiques i d\u2019activitat, ordres d\u2019execuci\u00f3 i declaracions de ru\u00efna, protecci\u00f3 de la legalitat urban\u00edstica, redacci\u00f3 i control dels projectes d\u2019obra p\u00fablica i subvencions municipals per rehabilitaci\u00f3 d\u2019habitatges.&nbsp;<\/p>\n\n\n\n<hr class=\"wp-block-separator has-css-opacity\"\/>\n\n\n\n<p><strong>Regidor:&nbsp;<\/strong>Rub\u00e9n Cervera Rodr\u00edguez<br><strong>Secret\u00e0ria:<\/strong> Lorena Ventaja P\u00e9rez<\/p>\n\n\n\n<ul class=\"wp-block-list\">\n<li>Adre\u00e7a electr\u00f2nica: <span class=\"link-color sendIt\">urbanisme<img decoding=\"async\" class=\"inline-img\" style=\"max-height:2em\" src=\"https:\/\/lasenia.cat\/html\/images\/arroba.svg\" alt=\"@\">lasenia.cat<\/span><\/li>\n\n\n\n<li>Horari d\u2019atenci\u00f3 al p\u00fablic: \n<ul class=\"wp-block-list\">\n<li>Dilluns, dimecres i divendres de 9h a 14h.<\/li>\n\n\n\n<li>Amb cita pr\u00e8via al tel\u00e8fon 977 71 30 00 extensi\u00f3 4.<\/li>\n<\/ul>\n<\/li>\n<\/ul>\n","protected":false},"excerpt":{"rendered":"<p>La Regidoria d\u2019Urbanisme \u00e9s l\u2019encarregada de la planificaci\u00f3 i gesti\u00f3 urban\u00edstica del municipi,&nbsp;&nbsp;tramitaci\u00f3 de llic\u00e8ncies urban\u00edstiques i d\u2019activitat, ordres d\u2019execuci\u00f3<\/p>\n","protected":false},"author":1,"featured_media":0,"parent":0,"menu_order":0,"comment_status":"closed","ping_status":"closed","template":"","meta":{"colormag_page_container_layout":"default_layout","colormag_page_sidebar_layout":"default_layout","footnotes":""},"class_list":["post-787","page","type-page","status-publish","hentry"],"_links":{"self":[{"href":"https:\/\/lasenia.cat\/web\/wp-json\/wp\/v2\/pages\/787","targetHints":{"allow":["GET"]}}],"collection":[{"href":"https:\/\/lasenia.cat\/web\/wp-json\/wp\/v2\/pages"}],"about":[{"href":"https:\/\/lasenia.cat\/web\/wp-json\/wp\/v2\/types\/page"}],"author":[{"embeddable":true,"href":"https:\/\/lasenia.cat\/web\/wp-json\/wp\/v2\/users\/1"}],"replies":[{"embeddable":true,"href":"https:\/\/lasenia.cat\/web\/wp-json\/wp\/v2\/comments?post=787"}],"version-history":[{"count":6,"href":"https:\/\/lasenia.cat\/web\/wp-json\/wp\/v2\/pages\/787\/revisions"}],"predecessor-version":[{"id":7897,"href":"https:\/\/lasenia.cat\/web\/wp-json\/wp\/v2\/pages\/787\/revisions\/7897"}],"wp:attachment":[{"href":"https:\/\/lasenia.cat\/web\/wp-json\/wp\/v2\/media?parent=787"}],"curies":[{"name":"wp","href":"https:\/\/api.w.org\/{rel}","templated":true}]}}

<p>La Regidoria d’Urbanisme és l’encarregada de la planificació i gestió urbanística del municipi,&nbsp;&nbsp;tramitació de llicències urbanístiques i d’activitat, ordres d’execució i declaracions de ruïna, protecció de la legalitat urbanística, redacció i control dels projectes d’obra pública i subvencions municipals per rehabilitació d’habitatges.&nbsp;</p>



<hr class="wp-block-separator has-css-opacity"/>



<p><strong>Regidor:&nbsp;</strong>Rubén Cervera Rodríguez<br><strong>Secretària:</strong> Lorena Ventaja Pérez</p>



<ul class="wp-block-list">
<li>Adreça electrònica: <span class="link-color sendIt">urbanisme<img decoding="async" class="inline-img" style="max-height:2em" src="https://lasenia.cat/html/images/arroba.svg" alt="@">lasenia.cat</span></li>



<li>Horari d’atenció al públic: 
<ul class="wp-block-list">
<li>Dilluns, dimecres i divendres de 9h a 14h.</li>



<li>Amb cita prèvia al telèfon 977 71 30 00 extensió 4.</li>
</ul>
</li>
</ul>

<p>La Regidoria d’Urbanisme és l’encarregada de la planificació i gestió urbanística del municipi,&nbsp;&nbsp;tramitació de llicències urbanístiques i d’activitat, ordres d’execució</p>
