{"id":754,"date":"2021-01-14T16:50:56","date_gmt":"2021-01-14T15:50:56","guid":{"rendered":"http:\/\/lasenia.cat\/web\/?page_id=754"},"modified":"2026-03-06T13:49:04","modified_gmt":"2026-03-06T12:49:04","slug":"dades-del-municipi","status":"publish","type":"page","link":"https:\/\/lasenia.cat\/web\/dades-del-municipi\/","title":{"rendered":"Dades del Municipi"},"content":{"rendered":"\n<p><strong>La S\u00e9nia<\/strong>&nbsp;\u00e9s una vila i municipi de la comarca del&nbsp;Montsi\u00e0&nbsp;situat al&nbsp;l\u00edmit amb el&nbsp;Pa\u00eds Valenci\u00e0.<\/p>\n\n\n\n<p>El nom prov\u00e9 de l&#8217;idioma \u00e0rab&nbsp;saniya&nbsp;(mol\u00ed fariner), passat a la forma roman\u00e7 azenia a l&#8217;Edat Mitjana. La localitat comparteix el nom amb el&nbsp;riu de la S\u00e9nia, que travessa el municipi.<\/p>\n\n\n\n<p>El&nbsp;<strong>riu S\u00e9nia<\/strong>&nbsp;constitueix el&nbsp;<strong>nexe d\u2019uni\u00f3 entre Catalunya i el Pa\u00eds Valenci\u00e0<\/strong>&nbsp;i \u00e9s el l\u00edmit administratiu d\u2019ambdues comunitats. Deixant de banda els l\u00edmits entre comunitats, el riu \u00e9s la porta d\u2019entrada a la Tinen\u00e7a de Benifass\u00e0 i l\u2019acc\u00e9s natural al&nbsp;mass\u00eds dels Ports. D\u2019altra banda, cal ressaltar la import\u00e0ncia del riu com a corredor biol\u00f2gic entre les parts altes del mass\u00eds muntany\u00f3s i les planes interiors per on discorre de cam\u00ed a la mar.<\/p>\n\n\n\n<p>Les&nbsp;<a href=\"http:\/\/www.ccma.cat\/tv3\/alacarta\/telenoticies-comarques\/curses-de-cavalls-i-burros-a-la-senia\/video\/5600088\/\" target=\"_blank\" rel=\"noreferrer noopener\"><strong>curses de cavalls<\/strong><\/a>&nbsp;a la S\u00e9nia, que daten de temps immemorials, han esdevingut un dels actes que m\u00e9s caracteritza les nostres&nbsp;Festes Majors. Aquesta tradici\u00f3 prov\u00e9 de principis del segle XX, segons conten les cr\u00f2niques dels m\u00e9s vells i els seus avantpassats.<\/p>\n\n\n\n<p>L&#8217;afecci\u00f3 dels seniencs pels cavalls i, m\u00e9s concretament, per les curses, es mant\u00e9 constant any rera any, fet que encoratja a fer un esfor\u00e7 com\u00fa per a perpetuar un acte festiu que enorgulleix al poble i que invita a molts forasters a visitar-nos durant uns dies d&#8217;acolliment, festa i alegria.<\/p>\n\n\n\n<p>Durant la Guerra Civil (1936-1939) el Govern de la II Rep\u00fablica, per a defensar-se del cop militar rebel, va planejar la construcci\u00f3 d\u2019una s\u00e8rie d\u2019aer\u00f2droms militars a Catalunya. Un dels m\u00e9s importants fou el&nbsp;<a href=\"http:\/\/www.diputaciodetarragona.cat\/marc\/web\/diputacio-de-tarragona\/senia-la\/camp-d-aviacio-de-la-senia\" target=\"_blank\" rel=\"noreferrer noopener\"><strong>camp d\u2019aviaci\u00f3<\/strong><\/a>&nbsp;de la S\u00e9nia, constru\u00eft l\u2019any 1937. \u00c9s un&nbsp;espai hist\u00f2ric i patrimonial&nbsp;parcialment conservat i vinculat a la mem\u00f2ria recent de la poblaci\u00f3 amb nombroses refer\u00e8ncies orals, documentals i gr\u00e0fiques. El camp d\u2019aviaci\u00f3 estava format per una extensi\u00f3 de 90 ha de terreny i un per\u00edmetre irregular que recorda una estrella de cinc puntes.<\/p>\n\n\n\n<p>L&#8217;exist\u00e8ncia del faig al&nbsp;<a href=\"https:\/\/youtu.be\/v-V8hosG7ls?list=PL3KiWEeGds4YdmvJ8P4M4qgyA9GjAnFcw\" target=\"_blank\" rel=\"noreferrer noopener\"><strong>mass\u00eds dels Ports<\/strong><\/a>&nbsp;\u00e9s una sorpresa, ja que s\u00f3n boscos propis de latituds m\u00e9s fredes i climes m\u00e9s humits. Per aix\u00f2, es troben al l\u00edmit de la seva distribuci\u00f3 geogr\u00e0fica i, per tant, s\u00f3n unes de les m\u00e9s meridionals d&#8217;Europa.<\/p>\n\n\n\n<p>Aix\u00f2 fa que les&nbsp;<strong>fagedes dels Ports<\/strong>&nbsp;siguin molt especials i tinguin unes caracter\u00edstiques molt concretes que les diferencien de la resta de fagedes europees. Sempre es troben orientades al nord per ser la vessant m\u00e9s humida, i busquen els fons dels barrancs. Aix\u00ed mateix, trobem el faig envoltat de cingles i en fortes pendents, quan les fagedes t\u00edpiques acostumen a trobar-se en zones planeres.<\/p>\n\n\n\n<h2 class=\"wp-block-heading\">Dades hist\u00f2riques<\/h2>\n\n\n\n<p>El 17 d&#8217;abril de 1232 va ser signada la Carta Pobla de la S\u00e9nia. A l&#8217;any seg\u00fcent, concretament el 13 de setembre, Pere Montcada va fer concessi\u00f3 feudal de la vila de la S\u00e9nia al tortos\u00ed Guillem de Moragues perqu\u00e8 la repobl\u00e9s. El 25 de gener de 1336, Guillem va donar carta de poblament a 21 ve\u00efns i, aix\u00ed, la vila de la S\u00e9nia va quedar establerta dins la jurisdicci\u00f3 del castell d&#8217;Ulldecona (aquest es trobava sota el domini de l&#8217;Ordre de l&#8217;Hospital). Aquest encavalcament de dominis entre hospitalers, el castell d&#8217;Ulldecona i els Moragues, va provocar conflictes cr\u00f2nics sobre l\u00edmits i compet\u00e8ncies en quant a la utilitzaci\u00f3 de les aig\u00fces del riu S\u00e9nia i a la seva jurisdicci\u00f3 durant m\u00e9s de 200 anys.\u2028A la Guerra Civil catalana (1462), la S\u00e9nia va prendre part activa contra Joan II i la poblaci\u00f3 va ser assetjada dues vegades per les tropes reials. El juny de 1466, es va rendir. La capitulaci\u00f3, per\u00f2, va ser honrosa, ja que van aconseguir del monarca la promesa de que se&#8217;ls respectarien les llibertats i els antics privilegis, i que es faria definitiva la separaci\u00f3 de la comanda d&#8217;Ulldecona; m\u00e9s tard, per\u00f2, l&#8217;any 1536,la S\u00e9nia va ser incorporada a la comanda de Mirambel.<\/p>\n\n\n\n<p>Quasi b\u00e9 un segle m\u00e9s tard, va comen\u00e7ar la Guerra dels Segadors, on la poblaci\u00f3 senienca va contribuir a les despeses&nbsp;de la lluita, tot i que no depenia del gran Priorat de Catalunya, sin\u00f3 de la castellania d&#8217;Amposta. M\u00e9s tard, l&#8217;any 1716, la poblaci\u00f3 va perdre molts privilegis i bona part de les llibertats en implantar-se el Decret de Nova Planta de Felip V.<\/p>\n\n\n\n<p>A la Guerra de la Independ\u00e8ncia (1808 \u2013 1814), la S\u00e9nia va aportar fortes contribucions i, quan va ser conquerida (juntament amb la resta del&nbsp;Montsi\u00e0 i el Baix Ebre), va romandre inclosa al departament franc\u00e8s de les Boques de l&#8217;Ebre. Durant aquest per\u00edode la poblaci\u00f3 va adquirir import\u00e0ncia per la seva ind\u00fastria de construcci\u00f3 naval. Expulsats els francesos d&#8217;aquesta comarca, es va estrenar la democr\u00e0cia promulgada per la Constituci\u00f3 de 1812.<\/p>\n\n\n\n<p>L&#8217;any 1833, en dividir-se Espanya en prov\u00edncies, a la S\u00e9nia li va correspondre pert\u00e0nyer a la de Tarragona. Tres anys m\u00e9s tard van comen\u00e7ar a succeir les Guerres Carlines; aquestes van tenir una incid\u00e8ncia molt directa a la S\u00e9nia. L&#8217;ocupaci\u00f3 que en va fer el general Cabrera va provocar el setge constant de la poblaci\u00f3 per part de les tropes isabelines, fins que l&#8217;any 1840 el general O\u00b4Donnell va derrotar Cabrera, fet que es considera el final de la primera guerra carlina. A les guerres seg\u00fcents, la import\u00e0ncia estrat\u00e8gica del lloc \u00e9s menor i la poblaci\u00f3 hi va jugar un paper m\u00e9s secundari. Els anys posteriors s\u00f3n temps de bandolers.<\/p>\n\n\n\n<p>A principis del seg\u00fcent segle es va fundar la Banda Harm\u00f2nica de la S\u00e9nia (1904) i va quedar instal\u00b7lada l&#8217;electricitat a la poblaci\u00f3 (1907). L&#8217;any 1932, el Ministre d&#8217;Instrucci\u00f3 P\u00fablica de la Rep\u00fablica Espanyola, Marcel\u00b7l\u00ed Domingo, va inaugurar el grup escolar de la Clotada. Durant aquests anys, de les files del Centre Obrer va sortir la candidatura que va guanyar les eleccions municipals. Des de la seva creaci\u00f3 i fins el seu tancament (1938) aquest centre es va distingir per la seva tasca pol\u00edtica, social i cultural.<\/p>\n\n\n\n<p>L&#8217;any 1937, amb finalitats militars, es va construir un camp d&#8217;aviaci\u00f3 a la partida dels Plans. En ell van pilotar primer aviadors republicans i despr\u00e9s els de la Legi\u00f3n C\u00f3ndor. Les tropes franquistes van entrar a la S\u00e9nia l&#8217;abril de 1938. Durant la postguerra es va fer notar a la poblaci\u00f3 l&#8217;activitat dels maquis, que estaven refugiats pels Ports.<\/p>\n\n\n\n<blockquote class=\"wp-block-quote is-style-default is-layout-flow wp-block-quote-is-layout-flow\">\n<p>Dades tretes del treball sobre fets hist\u00f2rics de la S\u00e9nia elaborat per Josep M\u00aa Ca\u00f1igueral Isern i F. Xavier Carb\u00f3 Ca\u00f1igueral<\/p>\n<\/blockquote>\n\n\n\n<h2 class=\"wp-block-heading\">Dades b\u00e0siques<\/h2>\n\n\n\n<p><strong>Codi oficial estad\u00edstic:<\/strong> 4304450006<br><strong>Adre\u00e7a:<\/strong> Tortosa, 1<br><strong>Codi postal i localitat:<\/strong> 43560 La S\u00e9nia<br><strong>Comarca:<\/strong>\u00a0<a href=\"http:\/\/aplicacions.municat.gencat.cat\/index.php?page=consulta&amp;mostraEns=8102280001\">Montsi\u00e0<\/a><br><strong>Poblaci\u00f3 2025:<\/strong> 5.605<br><strong>Tel\u00e8fon:<\/strong> 977 71 30 00<br><strong>Fax:<\/strong> 977 57 01 68<br><strong>CIF:<\/strong> P4304500D<br><strong>Alcaldessa President:<\/strong> Il\u00b7lma. Sra. Maria Victoria Almuni Balada<br><strong>Adre\u00e7a electr\u00f2nica:<\/strong>\u00a0<a href=\"mailto:lasenia@lasenia.cat\">lasenia@lasenia.cat<\/a><br><strong>Web:<\/strong>\u00a0<a href=\"http:\/\/www.lasenia.cat\/\">http:\/\/www.lasenia.cat<\/a><\/p>\n","protected":false},"excerpt":{"rendered":"<p>La S\u00e9nia&nbsp;\u00e9s una vila i municipi de la comarca del&nbsp;Montsi\u00e0&nbsp;situat al&nbsp;l\u00edmit amb el&nbsp;Pa\u00eds Valenci\u00e0. El nom prov\u00e9 de l&#8217;idioma \u00e0rab&nbsp;saniya&nbsp;(mol\u00ed<\/p>\n","protected":false},"author":1,"featured_media":0,"parent":0,"menu_order":0,"comment_status":"closed","ping_status":"closed","template":"","meta":{"colormag_page_container_layout":"default_layout","colormag_page_sidebar_layout":"default_layout","footnotes":""},"class_list":["post-754","page","type-page","status-publish","hentry"],"_links":{"self":[{"href":"https:\/\/lasenia.cat\/web\/wp-json\/wp\/v2\/pages\/754","targetHints":{"allow":["GET"]}}],"collection":[{"href":"https:\/\/lasenia.cat\/web\/wp-json\/wp\/v2\/pages"}],"about":[{"href":"https:\/\/lasenia.cat\/web\/wp-json\/wp\/v2\/types\/page"}],"author":[{"embeddable":true,"href":"https:\/\/lasenia.cat\/web\/wp-json\/wp\/v2\/users\/1"}],"replies":[{"embeddable":true,"href":"https:\/\/lasenia.cat\/web\/wp-json\/wp\/v2\/comments?post=754"}],"version-history":[{"count":3,"href":"https:\/\/lasenia.cat\/web\/wp-json\/wp\/v2\/pages\/754\/revisions"}],"predecessor-version":[{"id":8735,"href":"https:\/\/lasenia.cat\/web\/wp-json\/wp\/v2\/pages\/754\/revisions\/8735"}],"wp:attachment":[{"href":"https:\/\/lasenia.cat\/web\/wp-json\/wp\/v2\/media?parent=754"}],"curies":[{"name":"wp","href":"https:\/\/api.w.org\/{rel}","templated":true}]}}

<p><strong>La Sénia</strong>&nbsp;és una vila i municipi de la comarca del&nbsp;Montsià&nbsp;situat al&nbsp;límit amb el&nbsp;País Valencià.</p>



<p>El nom prové de l&#8217;idioma àrab&nbsp;saniya&nbsp;(molí fariner), passat a la forma romanç azenia a l&#8217;Edat Mitjana. La localitat comparteix el nom amb el&nbsp;riu de la Sénia, que travessa el municipi.</p>



<p>El&nbsp;<strong>riu Sénia</strong>&nbsp;constitueix el&nbsp;<strong>nexe d’unió entre Catalunya i el País Valencià</strong>&nbsp;i és el límit administratiu d’ambdues comunitats. Deixant de banda els límits entre comunitats, el riu és la porta d’entrada a la Tinença de Benifassà i l’accés natural al&nbsp;massís dels Ports. D’altra banda, cal ressaltar la importància del riu com a corredor biològic entre les parts altes del massís muntanyós i les planes interiors per on discorre de camí a la mar.</p>



<p>Les&nbsp;<a href="http://www.ccma.cat/tv3/alacarta/telenoticies-comarques/curses-de-cavalls-i-burros-a-la-senia/video/5600088/" target="_blank" rel="noreferrer noopener"><strong>curses de cavalls</strong></a>&nbsp;a la Sénia, que daten de temps immemorials, han esdevingut un dels actes que més caracteritza les nostres&nbsp;Festes Majors. Aquesta tradició prové de principis del segle XX, segons conten les cròniques dels més vells i els seus avantpassats.</p>



<p>L&#8217;afecció dels seniencs pels cavalls i, més concretament, per les curses, es manté constant any rera any, fet que encoratja a fer un esforç comú per a perpetuar un acte festiu que enorgulleix al poble i que invita a molts forasters a visitar-nos durant uns dies d&#8217;acolliment, festa i alegria.</p>



<p>Durant la Guerra Civil (1936-1939) el Govern de la II República, per a defensar-se del cop militar rebel, va planejar la construcció d’una sèrie d’aeròdroms militars a Catalunya. Un dels més importants fou el&nbsp;<a href="http://www.diputaciodetarragona.cat/marc/web/diputacio-de-tarragona/senia-la/camp-d-aviacio-de-la-senia" target="_blank" rel="noreferrer noopener"><strong>camp d’aviació</strong></a>&nbsp;de la Sénia, construït l’any 1937. És un&nbsp;espai històric i patrimonial&nbsp;parcialment conservat i vinculat a la memòria recent de la població amb nombroses referències orals, documentals i gràfiques. El camp d’aviació estava format per una extensió de 90 ha de terreny i un perímetre irregular que recorda una estrella de cinc puntes.</p>



<p>L&#8217;existència del faig al&nbsp;<a href="https://youtu.be/v-V8hosG7ls?list=PL3KiWEeGds4YdmvJ8P4M4qgyA9GjAnFcw" target="_blank" rel="noreferrer noopener"><strong>massís dels Ports</strong></a>&nbsp;és una sorpresa, ja que són boscos propis de latituds més fredes i climes més humits. Per això, es troben al límit de la seva distribució geogràfica i, per tant, són unes de les més meridionals d&#8217;Europa.</p>



<p>Això fa que les&nbsp;<strong>fagedes dels Ports</strong>&nbsp;siguin molt especials i tinguin unes característiques molt concretes que les diferencien de la resta de fagedes europees. Sempre es troben orientades al nord per ser la vessant més humida, i busquen els fons dels barrancs. Així mateix, trobem el faig envoltat de cingles i en fortes pendents, quan les fagedes típiques acostumen a trobar-se en zones planeres.</p>



<h2 class="wp-block-heading">Dades històriques</h2>



<p>El 17 d&#8217;abril de 1232 va ser signada la Carta Pobla de la Sénia. A l&#8217;any següent, concretament el 13 de setembre, Pere Montcada va fer concessió feudal de la vila de la Sénia al tortosí Guillem de Moragues perquè la repoblés. El 25 de gener de 1336, Guillem va donar carta de poblament a 21 veïns i, així, la vila de la Sénia va quedar establerta dins la jurisdicció del castell d&#8217;Ulldecona (aquest es trobava sota el domini de l&#8217;Ordre de l&#8217;Hospital). Aquest encavalcament de dominis entre hospitalers, el castell d&#8217;Ulldecona i els Moragues, va provocar conflictes crònics sobre límits i competències en quant a la utilització de les aigües del riu Sénia i a la seva jurisdicció durant més de 200 anys. A la Guerra Civil catalana (1462), la Sénia va prendre part activa contra Joan II i la població va ser assetjada dues vegades per les tropes reials. El juny de 1466, es va rendir. La capitulació, però, va ser honrosa, ja que van aconseguir del monarca la promesa de que se&#8217;ls respectarien les llibertats i els antics privilegis, i que es faria definitiva la separació de la comanda d&#8217;Ulldecona; més tard, però, l&#8217;any 1536,la Sénia va ser incorporada a la comanda de Mirambel.</p>



<p>Quasi bé un segle més tard, va començar la Guerra dels Segadors, on la població senienca va contribuir a les despeses&nbsp;de la lluita, tot i que no depenia del gran Priorat de Catalunya, sinó de la castellania d&#8217;Amposta. Més tard, l&#8217;any 1716, la població va perdre molts privilegis i bona part de les llibertats en implantar-se el Decret de Nova Planta de Felip V.</p>



<p>A la Guerra de la Independència (1808 – 1814), la Sénia va aportar fortes contribucions i, quan va ser conquerida (juntament amb la resta del&nbsp;Montsià i el Baix Ebre), va romandre inclosa al departament francès de les Boques de l&#8217;Ebre. Durant aquest període la població va adquirir importància per la seva indústria de construcció naval. Expulsats els francesos d&#8217;aquesta comarca, es va estrenar la democràcia promulgada per la Constitució de 1812.</p>



<p>L&#8217;any 1833, en dividir-se Espanya en províncies, a la Sénia li va correspondre pertànyer a la de Tarragona. Tres anys més tard van començar a succeir les Guerres Carlines; aquestes van tenir una incidència molt directa a la Sénia. L&#8217;ocupació que en va fer el general Cabrera va provocar el setge constant de la població per part de les tropes isabelines, fins que l&#8217;any 1840 el general O´Donnell va derrotar Cabrera, fet que es considera el final de la primera guerra carlina. A les guerres següents, la importància estratègica del lloc és menor i la població hi va jugar un paper més secundari. Els anys posteriors són temps de bandolers.</p>



<p>A principis del següent segle es va fundar la Banda Harmònica de la Sénia (1904) i va quedar instal·lada l&#8217;electricitat a la població (1907). L&#8217;any 1932, el Ministre d&#8217;Instrucció Pública de la República Espanyola, Marcel·lí Domingo, va inaugurar el grup escolar de la Clotada. Durant aquests anys, de les files del Centre Obrer va sortir la candidatura que va guanyar les eleccions municipals. Des de la seva creació i fins el seu tancament (1938) aquest centre es va distingir per la seva tasca política, social i cultural.</p>



<p>L&#8217;any 1937, amb finalitats militars, es va construir un camp d&#8217;aviació a la partida dels Plans. En ell van pilotar primer aviadors republicans i després els de la Legión Cóndor. Les tropes franquistes van entrar a la Sénia l&#8217;abril de 1938. Durant la postguerra es va fer notar a la població l&#8217;activitat dels maquis, que estaven refugiats pels Ports.</p>



<blockquote class="wp-block-quote is-style-default is-layout-flow wp-block-quote-is-layout-flow">
<p>Dades tretes del treball sobre fets històrics de la Sénia elaborat per Josep Mª Cañigueral Isern i F. Xavier Carbó Cañigueral</p>
</blockquote>



<h2 class="wp-block-heading">Dades bàsiques</h2>



<p><strong>Codi oficial estadístic:</strong> 4304450006<br><strong>Adreça:</strong> Tortosa, 1<br><strong>Codi postal i localitat:</strong> 43560 La Sénia<br><strong>Comarca:</strong> <a href="http://aplicacions.municat.gencat.cat/index.php?page=consulta&amp;mostraEns=8102280001">Montsià</a><br><strong>Població 2025:</strong> 5.605<br><strong>Telèfon:</strong> 977 71 30 00<br><strong>Fax:</strong> 977 57 01 68<br><strong>CIF:</strong> P4304500D<br><strong>Alcaldessa President:</strong> Il·lma. Sra. Maria Victoria Almuni Balada<br><strong>Adreça electrònica:</strong> <a href="mailto:lasenia@lasenia.cat">lasenia@lasenia.cat</a><br><strong>Web:</strong> <a href="http://www.lasenia.cat/">http://www.lasenia.cat</a></p>

<p>La Sénia&nbsp;és una vila i municipi de la comarca del&nbsp;Montsià&nbsp;situat al&nbsp;límit amb el&nbsp;País Valencià. El nom prové de l&#8217;idioma àrab&nbsp;saniya&nbsp;(molí</p>
