{"id":7427,"date":"2025-07-30T18:25:15","date_gmt":"2025-07-30T16:25:15","guid":{"rendered":"https:\/\/lasenia.cat\/web\/?page_id=7427"},"modified":"2026-04-23T12:44:00","modified_gmt":"2026-04-23T10:44:00","slug":"bases-per-a-la-concessio-dels-ajuts-del-fons-social-2025","status":"publish","type":"page","link":"https:\/\/lasenia.cat\/web\/bases-per-a-la-concessio-dels-ajuts-del-fons-social-2025\/","title":{"rendered":"Bases per a la concessi\u00f3 dels ajuts del fons social 2025"},"content":{"rendered":"\n<p>Mitjan\u00e7ant acord de data 28 de juliol de 2025, el Ple de l\u2019Ajuntament de la S\u00e9nia va aprovar inicialment el text consensuat per la Mesa General de Negociaci\u00f3 de personal funcionari i mat\u00e8ries comunes del dia 30 de juny de 2025, que recull les &nbsp;bases per la concessi\u00f3 dels Ajuts del Fons Social per al personal funcionari i laboral de l\u2019ajuntament de la S\u00e9nia per a l\u2019exercici 2025, el qual es pot consultar en el lloc web de l\u2019Ajuntament de la S\u00e9nia<\/p>\n\n\n\n<p>Amb data 8 d&#8217;agost de 2025 s&#8217;ha publicat en el Diari Oficial de la Generalitat de Catalunya, n\u00famero 9474, l&#8217;anunci de l&#8217;aprovaci\u00f3 inicial de les bases i amb data 11 d&#8217;agost de 2025 en el Butllet\u00ed Oficial de la Prov\u00edncia de Tarragona n\u00fam.<strong> <\/strong>2025-07023 a efectes de presentaci\u00f3 de reclamacions i \/o al\u00b7legacions.<\/p>\n\n\n\n<p>Exhaurit el termini atorgat sense haver-se presentat cap al\u00b7legaci\u00f3 s&#8217;ent\u00e9n aprovat definitivament, sense necessitat d&#8217;ulterior acord, procedint-se a la seva publicaci\u00f3 \u00edntegra.<\/p>\n\n\n\n<p>Podeu consultar les <a href=\"https:\/\/lasenia.cat\/web\/wp-content\/uploads\/2025\/08\/Bases_F_S.pdf\" data-type=\"link\" data-id=\"https:\/\/lasenia.cat\/web\/wp-content\/uploads\/2025\/08\/Bases_F_S.pdf\" target=\"_blank\" rel=\"noreferrer noopener\"><strong>BASES aqu\u00ed<\/strong><\/a><\/p>\n\n\n\n<p>Termini de presentaci\u00f3 de sol\u00b7licituds per al 2025: <strong>FINALITZAT <\/strong>(Del 12 de setembre al 12 d&#8217;octubre, ambd\u00f3s inclosos).<\/p>\n\n\n\n<p><\/p>\n\n\n\n<p><\/p>\n","protected":false},"excerpt":{"rendered":"<p>Mitjan\u00e7ant acord de data 28 de juliol de 2025, el Ple de l\u2019Ajuntament de la S\u00e9nia va aprovar inicialment el<\/p>\n","protected":false},"author":3,"featured_media":0,"parent":0,"menu_order":0,"comment_status":"closed","ping_status":"closed","template":"","meta":{"colormag_page_container_layout":"default_layout","colormag_page_sidebar_layout":"default_layout","footnotes":""},"class_list":["post-7427","page","type-page","status-publish","hentry"],"_links":{"self":[{"href":"https:\/\/lasenia.cat\/web\/wp-json\/wp\/v2\/pages\/7427","targetHints":{"allow":["GET"]}}],"collection":[{"href":"https:\/\/lasenia.cat\/web\/wp-json\/wp\/v2\/pages"}],"about":[{"href":"https:\/\/lasenia.cat\/web\/wp-json\/wp\/v2\/types\/page"}],"author":[{"embeddable":true,"href":"https:\/\/lasenia.cat\/web\/wp-json\/wp\/v2\/users\/3"}],"replies":[{"embeddable":true,"href":"https:\/\/lasenia.cat\/web\/wp-json\/wp\/v2\/comments?post=7427"}],"version-history":[{"count":12,"href":"https:\/\/lasenia.cat\/web\/wp-json\/wp\/v2\/pages\/7427\/revisions"}],"predecessor-version":[{"id":8997,"href":"https:\/\/lasenia.cat\/web\/wp-json\/wp\/v2\/pages\/7427\/revisions\/8997"}],"wp:attachment":[{"href":"https:\/\/lasenia.cat\/web\/wp-json\/wp\/v2\/media?parent=7427"}],"curies":[{"name":"wp","href":"https:\/\/api.w.org\/{rel}","templated":true}]}}

Bases per a la concessió dels ajuts del fons social 2025

<p>Mitjançant acord de data 28 de juliol de 2025, el Ple de l’Ajuntament de la Sénia va aprovar inicialment el text consensuat per la Mesa General de Negociació de personal funcionari i matèries comunes del dia 30 de juny de 2025, que recull les &nbsp;bases per la concessió dels Ajuts del Fons Social per al personal funcionari i laboral de l’ajuntament de la Sénia per a l’exercici 2025, el qual es pot consultar en el lloc web de l’Ajuntament de la Sénia</p>



<p>Amb data 8 d&#8217;agost de 2025 s&#8217;ha publicat en el Diari Oficial de la Generalitat de Catalunya, número 9474, l&#8217;anunci de l&#8217;aprovació inicial de les bases i amb data 11 d&#8217;agost de 2025 en el Butlletí Oficial de la Província de Tarragona núm.<strong> </strong>2025-07023 a efectes de presentació de reclamacions i /o al·legacions.</p>



<p>Exhaurit el termini atorgat sense haver-se presentat cap al·legació s&#8217;entén aprovat definitivament, sense necessitat d&#8217;ulterior acord, procedint-se a la seva publicació íntegra.</p>



<p>Podeu consultar les <a href="https://lasenia.cat/web/wp-content/uploads/2025/08/Bases_F_S.pdf" data-type="link" data-id="https://lasenia.cat/web/wp-content/uploads/2025/08/Bases_F_S.pdf" target="_blank" rel="noreferrer noopener"><strong>BASES aquí</strong></a></p>



<p>Termini de presentació de sol·licituds per al 2025: <strong>FINALITZAT </strong>(Del 12 de setembre al 12 d&#8217;octubre, ambdós inclosos).</p>



<p></p>



<p></p>

<p>Mitjançant acord de data 28 de juliol de 2025, el Ple de l’Ajuntament de la Sénia va aprovar inicialment el</p>
