{"id":735,"date":"2021-01-14T16:40:42","date_gmt":"2021-01-14T15:40:42","guid":{"rendered":"http:\/\/lasenia.cat\/web\/?page_id=735"},"modified":"2026-01-08T15:39:10","modified_gmt":"2026-01-08T14:39:10","slug":"ajudes-a-estudiants","status":"publish","type":"page","link":"https:\/\/lasenia.cat\/web\/ajudes-a-estudiants\/","title":{"rendered":"Ajudes a estudiants"},"content":{"rendered":"\n<p>Mitjan\u00e7ant resoluci\u00f3 d\u2019Alcaldia n\u00fam. 2025-0000503, de data 22 de setembre de 2025, s\u2019ha aprovat la convocat\u00f2ria per a la concessi\u00f3 de subvencions per al transport, adre\u00e7ades a estudiants del municipi de la S\u00e9nia, curs 2024-2025, pel procediment de concurr\u00e8ncia competitiva, de conformitat amb l\u2019Ordenan\u00e7a municipal reguladora de subvencions per al transport, adre\u00e7ades a estudiants del municipi de la S\u00e9nia, curs 2024-2025, aprovada pel Ple de la corporaci\u00f3 en sessi\u00f3 ordin\u00e0ria de data 05 de maig de 2025 i publicada al Butllet\u00ed Oficial de la Prov\u00edncia (BOP) de Tarragona, de data 03 de juny de 2025, CVE 2025-04618 i al Diari Oficial de la Generalitat de Catalunya (DOGC), de data 01 de juliol de 2025, n\u00famero 9444.<\/p>\n\n\n\n<p>De conformitat amb el previst en els articles 17.3.b i 20.8.a de la Llei 38\/2003, de 17 de novembre, General de Subvencions, es publica l&#8217;extracte de la convocat\u00f2ria el text complet del qual pot consultar-se en la Base de dades Nacional de Subvencions (<a href=\"http:\/\/www.infosubvenciones.es\/\" target=\"_blank\" rel=\"noreferrer noopener\">www.infosubvenciones.es<\/a>) i a la p\u00e0gina web de l&#8217;Ajuntament de la S\u00e9nia.<\/p>\n\n\n\n<p>El codi d&#8217;identificaci\u00f3 que hagi assignat la BDNS a la convocat\u00f2ria \u00e9s el&nbsp;<strong>859727<\/strong>.<\/p>\n\n\n\n<p>El termini de presentaci\u00f3 de sol\u00b7licituds tindr\u00e0 com a data l\u00edmit el&nbsp;<strong>22 d\u2019octubre de 2025<\/strong>&nbsp;<\/p>\n\n\n\n<p><strong>Adjuntar els documents seg\u00fcents:<\/strong><\/p>\n\n\n\n<p><a href=\"https:\/\/lasenia.cat\/web\/wp-content\/uploads\/2025\/10\/Annex-3.-Declaracio-responsable.pdf\">Annex 3 &#8211; Declaraci\u00f3 responsable<\/a><\/p>\n\n\n\n<p><a href=\"https:\/\/lasenia.cat\/web\/wp-content\/uploads\/2025\/10\/Anunci-bases-i-convocatoria-ajuts-transport-2024-2025.pdf\">Anunci bases i convocat\u00f2ria ajuts al transport<\/a><\/p>\n\n\n\n<p><a href=\"https:\/\/lasenia.cat\/web\/wp-content\/uploads\/2025\/10\/Annex-1.-Certificat-de-titularitat-bancaria.pdf\">Annex 1 &#8211; certificat de titularitat banc\u00e0ria<\/a><\/p>\n\n\n\n<p><a href=\"https:\/\/lasenia.cat\/web\/wp-content\/uploads\/2025\/10\/Annex-2.-Declaracio-jurada.pdf\">Annex 2 &#8211; Declaraci\u00f3 jurada<\/a><\/p>\n","protected":false},"excerpt":{"rendered":"<p>Mitjan\u00e7ant resoluci\u00f3 d\u2019Alcaldia n\u00fam. 2025-0000503, de data 22 de setembre de 2025, s\u2019ha aprovat la convocat\u00f2ria per a la concessi\u00f3<\/p>\n","protected":false},"author":1,"featured_media":0,"parent":0,"menu_order":0,"comment_status":"closed","ping_status":"closed","template":"","meta":{"colormag_page_container_layout":"default_layout","colormag_page_sidebar_layout":"default_layout","footnotes":""},"class_list":["post-735","page","type-page","status-publish","hentry"],"_links":{"self":[{"href":"https:\/\/lasenia.cat\/web\/wp-json\/wp\/v2\/pages\/735","targetHints":{"allow":["GET"]}}],"collection":[{"href":"https:\/\/lasenia.cat\/web\/wp-json\/wp\/v2\/pages"}],"about":[{"href":"https:\/\/lasenia.cat\/web\/wp-json\/wp\/v2\/types\/page"}],"author":[{"embeddable":true,"href":"https:\/\/lasenia.cat\/web\/wp-json\/wp\/v2\/users\/1"}],"replies":[{"embeddable":true,"href":"https:\/\/lasenia.cat\/web\/wp-json\/wp\/v2\/comments?post=735"}],"version-history":[{"count":3,"href":"https:\/\/lasenia.cat\/web\/wp-json\/wp\/v2\/pages\/735\/revisions"}],"predecessor-version":[{"id":8223,"href":"https:\/\/lasenia.cat\/web\/wp-json\/wp\/v2\/pages\/735\/revisions\/8223"}],"wp:attachment":[{"href":"https:\/\/lasenia.cat\/web\/wp-json\/wp\/v2\/media?parent=735"}],"curies":[{"name":"wp","href":"https:\/\/api.w.org\/{rel}","templated":true}]}}