{"id":6776,"date":"2025-04-11T07:06:17","date_gmt":"2025-04-11T06:06:17","guid":{"rendered":"https:\/\/lasenia.cat\/web\/?page_id=6776"},"modified":"2025-04-11T07:15:48","modified_gmt":"2025-04-11T06:15:48","slug":"tecnic-en-disseny-i-edicio-de-publicacions-jenp2025","status":"publish","type":"page","link":"https:\/\/lasenia.cat\/web\/tecnic-en-disseny-i-edicio-de-publicacions-jenp2025\/","title":{"rendered":"T\u00e8cnic en disseny i edici\u00f3 de publicacions (JENP2025)"},"content":{"rendered":"\n<p>Durant el mes de gener de 2025 s\u2019ha rebut una subvenci\u00f3 del Servei d\u2019Ocupaci\u00f3 de Catalunya cofinan\u00e7ada amb el 40% pel \u00a0Fons Social Europeu, la qual t\u00e9 l\u2019objectiu\u00a0d\u2019incentivar la contractaci\u00f3 laboral en pr\u00e0ctiques de joves amb formaci\u00f3, beneficiaris del Programa de Garantia Juvenil.<\/p>\n\n\n\n<p>Gr\u00e0cies a aquest projecte s\u2019ha contractat un jove com a t\u00e8cnic en disseny i edici\u00f3 de publicacions impreses i multim\u00e8dia, per un per\u00edode d\u2019un any. Durant aquest per\u00edode d\u2019iniciaci\u00f3 al m\u00f3n del treball es pret\u00e9n que aquest jove puguin millorar la seva ocupabilitat amb l\u2019adquisici\u00f3 d\u2019aptituds i compet\u00e8ncies derivades de la pr\u00e0ctica laboral, de manera que sigui possible la seva incorporaci\u00f3 al mercat laboral de forma estable i duradora en el temps.<\/p>\n\n\n\n<figure class=\"wp-block-image alignleft size-large is-resized\"><img loading=\"lazy\" decoding=\"async\" width=\"1024\" height=\"133\" src=\"https:\/\/lasenia.cat\/web\/wp-content\/uploads\/2025\/04\/Logo-SOC-1024x133.jpg\" alt=\"\" class=\"wp-image-6777\" style=\"width:290px;height:auto\" srcset=\"https:\/\/lasenia.cat\/web\/wp-content\/uploads\/2025\/04\/Logo-SOC-1024x133.jpg 1024w, https:\/\/lasenia.cat\/web\/wp-content\/uploads\/2025\/04\/Logo-SOC-300x39.jpg 300w, https:\/\/lasenia.cat\/web\/wp-content\/uploads\/2025\/04\/Logo-SOC-768x100.jpg 768w, https:\/\/lasenia.cat\/web\/wp-content\/uploads\/2025\/04\/Logo-SOC.jpg 1258w\" sizes=\"auto, (max-width: 1024px) 100vw, 1024px\" \/><\/figure>\n\n\n\n<figure class=\"wp-block-image alignleft size-full is-resized\"><img loading=\"lazy\" decoding=\"async\" width=\"133\" height=\"32\" src=\"https:\/\/lasenia.cat\/web\/wp-content\/uploads\/2025\/04\/Logo-Generalitat-1.jpg\" alt=\"\" class=\"wp-image-6779\" style=\"width:148px;height:auto\" srcset=\"https:\/\/lasenia.cat\/web\/wp-content\/uploads\/2025\/04\/Logo-Generalitat-1.jpg 133w, https:\/\/lasenia.cat\/web\/wp-content\/uploads\/2025\/04\/Logo-Generalitat-1-130x32.jpg 130w\" sizes=\"auto, (max-width: 133px) 100vw, 133px\" \/><\/figure>\n\n\n\n<figure class=\"wp-block-image alignleft size-full is-resized\"><img loading=\"lazy\" decoding=\"async\" width=\"3708\" height=\"1267\" src=\"https:\/\/lasenia.cat\/web\/wp-content\/uploads\/2025\/04\/Logo-UE.png\" alt=\"\" class=\"wp-image-6780\" style=\"width:136px;height:auto\" srcset=\"https:\/\/lasenia.cat\/web\/wp-content\/uploads\/2025\/04\/Logo-UE.png 3708w, https:\/\/lasenia.cat\/web\/wp-content\/uploads\/2025\/04\/Logo-UE-300x103.png 300w, https:\/\/lasenia.cat\/web\/wp-content\/uploads\/2025\/04\/Logo-UE-1024x350.png 1024w, https:\/\/lasenia.cat\/web\/wp-content\/uploads\/2025\/04\/Logo-UE-768x262.png 768w, https:\/\/lasenia.cat\/web\/wp-content\/uploads\/2025\/04\/Logo-UE-1536x525.png 1536w, https:\/\/lasenia.cat\/web\/wp-content\/uploads\/2025\/04\/Logo-UE-2048x700.png 2048w\" sizes=\"auto, (max-width: 3708px) 100vw, 3708px\" \/><\/figure>\n\n\n\n<p><\/p>\n","protected":false},"excerpt":{"rendered":"<p>Durant el mes de gener de 2025 s\u2019ha rebut una subvenci\u00f3 del Servei d\u2019Ocupaci\u00f3 de Catalunya cofinan\u00e7ada amb el 40%<\/p>\n","protected":false},"author":3,"featured_media":0,"parent":0,"menu_order":0,"comment_status":"closed","ping_status":"closed","template":"","meta":{"colormag_page_container_layout":"no_sidebar_full_width","colormag_page_sidebar_layout":"no_sidebar","footnotes":""},"class_list":["post-6776","page","type-page","status-publish","hentry"],"_links":{"self":[{"href":"https:\/\/lasenia.cat\/web\/wp-json\/wp\/v2\/pages\/6776","targetHints":{"allow":["GET"]}}],"collection":[{"href":"https:\/\/lasenia.cat\/web\/wp-json\/wp\/v2\/pages"}],"about":[{"href":"https:\/\/lasenia.cat\/web\/wp-json\/wp\/v2\/types\/page"}],"author":[{"embeddable":true,"href":"https:\/\/lasenia.cat\/web\/wp-json\/wp\/v2\/users\/3"}],"replies":[{"embeddable":true,"href":"https:\/\/lasenia.cat\/web\/wp-json\/wp\/v2\/comments?post=6776"}],"version-history":[{"count":8,"href":"https:\/\/lasenia.cat\/web\/wp-json\/wp\/v2\/pages\/6776\/revisions"}],"predecessor-version":[{"id":6794,"href":"https:\/\/lasenia.cat\/web\/wp-json\/wp\/v2\/pages\/6776\/revisions\/6794"}],"wp:attachment":[{"href":"https:\/\/lasenia.cat\/web\/wp-json\/wp\/v2\/media?parent=6776"}],"curies":[{"name":"wp","href":"https:\/\/api.w.org\/{rel}","templated":true}]}}

Tècnic en disseny i edició de publicacions (JENP2025)

<p>Durant el mes de gener de 2025 s’ha rebut una subvenció del Servei d’Ocupació de Catalunya cofinançada amb el 40% pel  Fons Social Europeu, la qual té l’objectiu d’incentivar la contractació laboral en pràctiques de joves amb formació, beneficiaris del Programa de Garantia Juvenil.</p>



<p>Gràcies a aquest projecte s’ha contractat un jove com a tècnic en disseny i edició de publicacions impreses i multimèdia, per un període d’un any. Durant aquest període d’iniciació al món del treball es pretén que aquest jove puguin millorar la seva ocupabilitat amb l’adquisició d’aptituds i competències derivades de la pràctica laboral, de manera que sigui possible la seva incorporació al mercat laboral de forma estable i duradora en el temps.</p>



<figure class="wp-block-image alignleft size-large is-resized"><img loading="lazy" decoding="async" width="1024" height="133" src="https://lasenia.cat/web/wp-content/uploads/2025/04/Logo-SOC-1024x133.jpg" alt="" class="wp-image-6777" style="width:290px;height:auto" srcset="https://lasenia.cat/web/wp-content/uploads/2025/04/Logo-SOC-1024x133.jpg 1024w, https://lasenia.cat/web/wp-content/uploads/2025/04/Logo-SOC-300x39.jpg 300w, https://lasenia.cat/web/wp-content/uploads/2025/04/Logo-SOC-768x100.jpg 768w, https://lasenia.cat/web/wp-content/uploads/2025/04/Logo-SOC.jpg 1258w" sizes="auto, (max-width: 1024px) 100vw, 1024px" /></figure>



<figure class="wp-block-image alignleft size-full is-resized"><img loading="lazy" decoding="async" width="133" height="32" src="https://lasenia.cat/web/wp-content/uploads/2025/04/Logo-Generalitat-1.jpg" alt="" class="wp-image-6779" style="width:148px;height:auto" srcset="https://lasenia.cat/web/wp-content/uploads/2025/04/Logo-Generalitat-1.jpg 133w, https://lasenia.cat/web/wp-content/uploads/2025/04/Logo-Generalitat-1-130x32.jpg 130w" sizes="auto, (max-width: 133px) 100vw, 133px" /></figure>



<figure class="wp-block-image alignleft size-full is-resized"><img loading="lazy" decoding="async" width="3708" height="1267" src="https://lasenia.cat/web/wp-content/uploads/2025/04/Logo-UE.png" alt="" class="wp-image-6780" style="width:136px;height:auto" srcset="https://lasenia.cat/web/wp-content/uploads/2025/04/Logo-UE.png 3708w, https://lasenia.cat/web/wp-content/uploads/2025/04/Logo-UE-300x103.png 300w, https://lasenia.cat/web/wp-content/uploads/2025/04/Logo-UE-1024x350.png 1024w, https://lasenia.cat/web/wp-content/uploads/2025/04/Logo-UE-768x262.png 768w, https://lasenia.cat/web/wp-content/uploads/2025/04/Logo-UE-1536x525.png 1536w, https://lasenia.cat/web/wp-content/uploads/2025/04/Logo-UE-2048x700.png 2048w" sizes="auto, (max-width: 3708px) 100vw, 3708px" /></figure>



<p></p>

<p>Durant el mes de gener de 2025 s’ha rebut una subvenció del Servei d’Ocupació de Catalunya cofinançada amb el 40%</p>
