{"id":672,"date":"2021-01-04T18:11:39","date_gmt":"2021-01-04T17:11:39","guid":{"rendered":"http:\/\/lasenia.cat\/web\/?page_id=672"},"modified":"2025-10-15T12:39:31","modified_gmt":"2025-10-15T10:39:31","slug":"serveis-socials","status":"publish","type":"page","link":"https:\/\/lasenia.cat\/web\/serveis-socials\/","title":{"rendered":"Serveis Socials"},"content":{"rendered":"\n<p><strong>Ens trobem a:<\/strong><\/p>\n\n\n\n<p>Edifici Depend\u00e8ncies de Serveis Socials<\/p>\n\n\n\n<p><strong>Direcci\u00f3:<\/strong> Carrer La Pau, 2 &#8211; 4 <br><strong>Tel\u00e8fon:<\/strong> 977099406<br><strong>Correu electr\u00f2nic:<\/strong>&nbsp;<span class=\"link-color sendIt\">administratiu.lasenia<img decoding=\"async\" class=\"inline-img\" style=\"max-height:2em\" src=\"https:\/\/lasenia.cat\/html\/images\/arroba.svg\" alt=\"@\">montsia.cat<\/span><\/p>\n\n\n\n<p><strong>Horari:<\/strong> Cal demanar cita pr\u00e8via de dilluns a divendres de 9:00 a 13:00&nbsp;<\/p>\n\n\n\n<p><strong>El nostre equip est\u00e0 format per:<\/strong> <\/p>\n\n\n\n<p><strong>CRISTINA&nbsp;<\/strong><br>Treballadora Social <br>Atenci\u00f3 a fam\u00edlies majors de 18 anys<br>Atenci\u00f3 al p\u00fablic: dimecres i dijous (Demanant cita pr\u00e8via)<br><span class=\"link-color sendIt\">mcaixendri<img decoding=\"async\" class=\"inline-img\" style=\"max-height:2em\" src=\"https:\/\/lasenia.cat\/html\/images\/arroba.svg\" alt=\"@\">montsia.cat<\/span><br><br><strong>ANNA<\/strong>&nbsp;<br>Educadora Social<br>Atenci\u00f3 a fam\u00edlies amb menors de 18 anys<br>Atenci\u00f3 al p\u00fablic: dimarts (Demanant cita pr\u00e8via)<br><span class=\"link-color sendIt\">annatomas<img decoding=\"async\" class=\"inline-img\" style=\"max-height:2em\" src=\"https:\/\/lasenia.cat\/html\/images\/arroba.svg\" alt=\"@\">montsia.cat<\/span>&nbsp;<br><br><strong>TERE<\/strong><br>Treballadora Social de l&#8217;equip Suport Nord del Consell Comarcal del Montsi\u00e0<br><span class=\"link-color sendIt\">tsancho<img decoding=\"async\" class=\"inline-img\" style=\"max-height:2em\" src=\"https:\/\/lasenia.cat\/html\/images\/arroba.svg\" alt=\"@\">montsia.cat<\/span>&nbsp;<br><br><strong>JULIA<\/strong>&nbsp;<br>Administrativa<br><span class=\"link-color sendIt\">administratiu.lasenia<img decoding=\"async\" class=\"inline-img\" style=\"max-height:2em\" src=\"https:\/\/lasenia.cat\/html\/images\/arroba.svg\" alt=\"@\">montsia.cat<\/span><br><span class=\"link-color sendIt\">jgranana<img decoding=\"async\" class=\"inline-img\" style=\"max-height:2em\" src=\"https:\/\/lasenia.cat\/html\/images\/arroba.svg\" alt=\"@\">montsia.cat<\/span><\/p>\n\n\n\n<p><\/p>\n","protected":false},"excerpt":{"rendered":"<p>Ens trobem a: Edifici Depend\u00e8ncies de Serveis Socials Direcci\u00f3: Carrer La Pau, 2 &#8211; 4 Tel\u00e8fon: 977099406Correu electr\u00f2nic:&nbsp;administratiu.laseniamontsia.cat Horari: Cal<\/p>\n","protected":false},"author":1,"featured_media":0,"parent":0,"menu_order":0,"comment_status":"closed","ping_status":"closed","template":"","meta":{"colormag_page_container_layout":"default_layout","colormag_page_sidebar_layout":"default_layout","footnotes":""},"class_list":["post-672","page","type-page","status-publish","hentry"],"_links":{"self":[{"href":"https:\/\/lasenia.cat\/web\/wp-json\/wp\/v2\/pages\/672","targetHints":{"allow":["GET"]}}],"collection":[{"href":"https:\/\/lasenia.cat\/web\/wp-json\/wp\/v2\/pages"}],"about":[{"href":"https:\/\/lasenia.cat\/web\/wp-json\/wp\/v2\/types\/page"}],"author":[{"embeddable":true,"href":"https:\/\/lasenia.cat\/web\/wp-json\/wp\/v2\/users\/1"}],"replies":[{"embeddable":true,"href":"https:\/\/lasenia.cat\/web\/wp-json\/wp\/v2\/comments?post=672"}],"version-history":[{"count":3,"href":"https:\/\/lasenia.cat\/web\/wp-json\/wp\/v2\/pages\/672\/revisions"}],"predecessor-version":[{"id":7838,"href":"https:\/\/lasenia.cat\/web\/wp-json\/wp\/v2\/pages\/672\/revisions\/7838"}],"wp:attachment":[{"href":"https:\/\/lasenia.cat\/web\/wp-json\/wp\/v2\/media?parent=672"}],"curies":[{"name":"wp","href":"https:\/\/api.w.org\/{rel}","templated":true}]}}

<p><strong>Ens trobem a:</strong></p>



<p>Edifici Dependències de Serveis Socials</p>



<p><strong>Direcció:</strong> Carrer La Pau, 2 &#8211; 4 <br><strong>Telèfon:</strong> 977099406<br><strong>Correu electrònic:</strong>&nbsp;<span class="link-color sendIt">administratiu.lasenia<img decoding="async" class="inline-img" style="max-height:2em" src="https://lasenia.cat/html/images/arroba.svg" alt="@">montsia.cat</span></p>



<p><strong>Horari:</strong> Cal demanar cita prèvia de dilluns a divendres de 9:00 a 13:00&nbsp;</p>



<p><strong>El nostre equip està format per:</strong> </p>



<p><strong>CRISTINA&nbsp;</strong><br>Treballadora Social <br>Atenció a famílies majors de 18 anys<br>Atenció al públic: dimecres i dijous (Demanant cita prèvia)<br><span class="link-color sendIt">mcaixendri<img decoding="async" class="inline-img" style="max-height:2em" src="https://lasenia.cat/html/images/arroba.svg" alt="@">montsia.cat</span><br><br><strong>ANNA</strong>&nbsp;<br>Educadora Social<br>Atenció a famílies amb menors de 18 anys<br>Atenció al públic: dimarts (Demanant cita prèvia)<br><span class="link-color sendIt">annatomas<img decoding="async" class="inline-img" style="max-height:2em" src="https://lasenia.cat/html/images/arroba.svg" alt="@">montsia.cat</span>&nbsp;<br><br><strong>TERE</strong><br>Treballadora Social de l&#8217;equip Suport Nord del Consell Comarcal del Montsià<br><span class="link-color sendIt">tsancho<img decoding="async" class="inline-img" style="max-height:2em" src="https://lasenia.cat/html/images/arroba.svg" alt="@">montsia.cat</span>&nbsp;<br><br><strong>JULIA</strong>&nbsp;<br>Administrativa<br><span class="link-color sendIt">administratiu.lasenia<img decoding="async" class="inline-img" style="max-height:2em" src="https://lasenia.cat/html/images/arroba.svg" alt="@">montsia.cat</span><br><span class="link-color sendIt">jgranana<img decoding="async" class="inline-img" style="max-height:2em" src="https://lasenia.cat/html/images/arroba.svg" alt="@">montsia.cat</span></p>



<p></p>

<p>Ens trobem a: Edifici Dependències de Serveis Socials Direcció: Carrer La Pau, 2 &#8211; 4 Telèfon: 977099406Correu electrònic:&nbsp;administratiu.laseniamontsia.cat Horari: Cal</p>
