{"id":659,"date":"2021-01-04T17:41:08","date_gmt":"2021-01-04T16:41:08","guid":{"rendered":"http:\/\/lasenia.cat\/web\/?page_id=659"},"modified":"2026-02-11T13:31:52","modified_gmt":"2026-02-11T12:31:52","slug":"pac-punt-dinformacio-a-la-ciutadania","status":"publish","type":"page","link":"https:\/\/lasenia.cat\/web\/pac-punt-dinformacio-a-la-ciutadania\/","title":{"rendered":"PAC &#8211; Punt d&#8217;Informaci\u00f3 a la Ciutadania"},"content":{"rendered":"\n<div class=\"wp-block-columns is-layout-flex wp-container-core-columns-is-layout-28f84493 wp-block-columns-is-layout-flex\">\n<div class=\"wp-block-column is-layout-flow wp-block-column-is-layout-flow\">\n<figure class=\"wp-block-image size-large\"><img decoding=\"async\" src=\"https:\/\/lasenia.cat\/web\/wp-content\/uploads\/2021\/01\/pac-ls.jpg\" alt=\"\"\/><\/figure>\n<\/div>\n\n\n\n<div class=\"wp-block-column is-layout-flow wp-block-column-is-layout-flow\">\n<p>La principal tasca del departament d\u2019atenci\u00f3 al p\u00fablic \u00e9s la de donar informaci\u00f3 dels documents que s\u2019han de presentar i els tr\u00e0mits que se seguiran. Tamb\u00e9 hi podeu trobar el registre d\u2019entrada , que s\u2019encarrega de registrar qualsevol document o sol\u00b7licitud que es presenta a l\u2019Ajuntament. A m\u00e9s, tamb\u00e9 s&#8217;hi troba el negociat de taxes en el que es fa la gesti\u00f3 de cobrament de rebuts, certificats de bens, domiciliacions banc\u00e0ries, calendari del contribuent.<\/p>\n\n\n\n<ul class=\"wp-block-list\">\n<li><strong>Ubicaci\u00f3 del PAC:<\/strong>\u00a0<a href=\"https:\/\/www.google.com\/maps\/place\/Passeig+de+la+Clotada,+7,+43560+La+S%C3%A9nia,+Tarragona\/@40.6358467,0.2816063,19z\/data=!4m8!1m2!2m1!1sla+s%C3%A9nia+espai+jove!3m4!1s0x12a08aa04117d2b9:0x416390eba4b10131!8m2!3d40.6358467!4d0.2821535\" target=\"_blank\" rel=\"noreferrer noopener\">Planta baixa de l\u2019Espai Jove<\/a><\/li>\n\n\n\n<li><strong>Adre\u00e7a:<\/strong>&nbsp;Passeig de la Clotada, 7<\/li>\n\n\n\n<li><strong>Horari:<\/strong>&nbsp;De dilluns a divendres de 9.00h. a 14.00h.<\/li>\n\n\n\n<li><strong>Tel\u00e8fon:<\/strong>&nbsp;977 713 000<\/li>\n\n\n\n<li><strong>e-mail:<\/strong>&nbsp;<span class=\"link-color sendIt\">pac<img decoding=\"async\" class=\"inline-img\" style=\"max-height:2em\" src=\"https:\/\/lasenia.cat\/html\/images\/arroba.svg\" alt=\"@\">lasenia.cat<\/span><\/li>\n\n\n\n<li><strong>Seu electr\u00f2nica:<\/strong>&nbsp;<a href=\"https:\/\/actio.dipta.cat\/catalegserveis\/id\/4304450006?origen=seu\" target=\"_blank\" rel=\"noreferrer noopener\">Tr\u00e0mits on-line<\/a><\/li>\n<\/ul>\n<\/div>\n<\/div>\n","protected":false},"excerpt":{"rendered":"<p>La principal tasca del departament d\u2019atenci\u00f3 al p\u00fablic \u00e9s la de donar informaci\u00f3 dels documents que s\u2019han de presentar i<\/p>\n","protected":false},"author":1,"featured_media":0,"parent":0,"menu_order":0,"comment_status":"closed","ping_status":"closed","template":"","meta":{"colormag_page_container_layout":"default_layout","colormag_page_sidebar_layout":"default_layout","footnotes":""},"class_list":["post-659","page","type-page","status-publish","hentry"],"_links":{"self":[{"href":"https:\/\/lasenia.cat\/web\/wp-json\/wp\/v2\/pages\/659","targetHints":{"allow":["GET"]}}],"collection":[{"href":"https:\/\/lasenia.cat\/web\/wp-json\/wp\/v2\/pages"}],"about":[{"href":"https:\/\/lasenia.cat\/web\/wp-json\/wp\/v2\/types\/page"}],"author":[{"embeddable":true,"href":"https:\/\/lasenia.cat\/web\/wp-json\/wp\/v2\/users\/1"}],"replies":[{"embeddable":true,"href":"https:\/\/lasenia.cat\/web\/wp-json\/wp\/v2\/comments?post=659"}],"version-history":[{"count":6,"href":"https:\/\/lasenia.cat\/web\/wp-json\/wp\/v2\/pages\/659\/revisions"}],"predecessor-version":[{"id":8440,"href":"https:\/\/lasenia.cat\/web\/wp-json\/wp\/v2\/pages\/659\/revisions\/8440"}],"wp:attachment":[{"href":"https:\/\/lasenia.cat\/web\/wp-json\/wp\/v2\/media?parent=659"}],"curies":[{"name":"wp","href":"https:\/\/api.w.org\/{rel}","templated":true}]}}

PAC &#8211; Punt d&#8217;Informació a la Ciutadania

<div class="wp-block-columns is-layout-flex wp-container-core-columns-is-layout-28f84493 wp-block-columns-is-layout-flex">
<div class="wp-block-column is-layout-flow wp-block-column-is-layout-flow">
<figure class="wp-block-image size-large"><img decoding="async" src="https://lasenia.cat/web/wp-content/uploads/2021/01/pac-ls.jpg" alt=""/></figure>
</div>



<div class="wp-block-column is-layout-flow wp-block-column-is-layout-flow">
<p>La principal tasca del departament d’atenció al públic és la de donar informació dels documents que s’han de presentar i els tràmits que se seguiran. També hi podeu trobar el registre d’entrada , que s’encarrega de registrar qualsevol document o sol·licitud que es presenta a l’Ajuntament. A més, també s&#8217;hi troba el negociat de taxes en el que es fa la gestió de cobrament de rebuts, certificats de bens, domiciliacions bancàries, calendari del contribuent.</p>



<ul class="wp-block-list">
<li><strong>Ubicació del PAC:</strong> <a href="https://www.google.com/maps/place/Passeig+de+la+Clotada,+7,+43560+La+S%C3%A9nia,+Tarragona/@40.6358467,0.2816063,19z/data=!4m8!1m2!2m1!1sla+s%C3%A9nia+espai+jove!3m4!1s0x12a08aa04117d2b9:0x416390eba4b10131!8m2!3d40.6358467!4d0.2821535" target="_blank" rel="noreferrer noopener">Planta baixa de l’Espai Jove</a></li>



<li><strong>Adreça:</strong>&nbsp;Passeig de la Clotada, 7</li>



<li><strong>Horari:</strong>&nbsp;De dilluns a divendres de 9.00h. a 14.00h.</li>



<li><strong>Telèfon:</strong>&nbsp;977 713 000</li>



<li><strong>e-mail:</strong>&nbsp;<span class="link-color sendIt">pac<img decoding="async" class="inline-img" style="max-height:2em" src="https://lasenia.cat/html/images/arroba.svg" alt="@">lasenia.cat</span></li>



<li><strong>Seu electrònica:</strong>&nbsp;<a href="https://actio.dipta.cat/catalegserveis/id/4304450006?origen=seu" target="_blank" rel="noreferrer noopener">Tràmits on-line</a></li>
</ul>
</div>
</div>

<p>La principal tasca del departament d’atenció al públic és la de donar informació dels documents que s’han de presentar i</p>
