{"id":628,"date":"2021-01-04T15:51:33","date_gmt":"2021-01-04T14:51:33","guid":{"rendered":"http:\/\/lasenia.cat\/web\/?page_id=628"},"modified":"2026-01-02T08:26:31","modified_gmt":"2026-01-02T07:26:31","slug":"ordenances-fiscals","status":"publish","type":"page","link":"https:\/\/lasenia.cat\/web\/ordenances-fiscals\/","title":{"rendered":"Ordenances fiscals"},"content":{"rendered":"\n<div class=\"wp-block-columns is-layout-flex wp-container-core-columns-is-layout-28f84493 wp-block-columns-is-layout-flex\">\n<div class=\"wp-block-column is-layout-flow wp-block-column-is-layout-flow\" style=\"flex-basis:100%\">\n<div class=\"wp-block-group is-layout-flow wp-block-group-is-layout-flow\">\n<p><\/p>\n\n\n\n<figure class=\"wp-block-table is-style-stripes has-small-font-size\"><table><tbody><tr><td class=\"has-text-align-left\" data-align=\"left\"><a href=\"https:\/\/lasenia.cat\/web\/wp-content\/uploads\/2024\/12\/I1-ORDENANCA-FISCAL-REGULADORA-DE-LIMPOST-SOBRE-BENS-IMMOBLES-IBI_-1.pdf\">I1. ORDENAN\u00c7A FISCAL REGULADORA DE L&#8217;IMPOST SOBRE B\u00c9NS IMMOBLES<\/a><\/td><\/tr><tr><td class=\"has-text-align-left\" data-align=\"left\"><span><a href=\"https:\/\/lasenia.cat\/web\/wp-content\/uploads\/ordenances\/I2_ORDENANCA_FISCAL_REGULADORA_IMPOST_SOBRE_ACTIVITATS_ECONOMIQUES.pdf\" data-type=\"URL\" data-id=\"www.lasenia.cat\/web\/wp-content\/uploads\/ordenances\/I2_ORDENANCA_FISCAL_REGULADORA_IMPOST_SOBRE_ACTIVITATS_ECONOMIQUES.pdf\" target=\"_blank\" rel=\"noreferrer noopener\">I2. ORDENANCA FISCAL REGULADORA DE L&#8217;IMPOST SOBRE ACTIVITATS ECONOMIQUES<\/a><\/span><\/td><\/tr><tr><td class=\"has-text-align-left\" data-align=\"left\"><a href=\"https:\/\/lasenia.cat\/web\/wp-content\/uploads\/2024\/12\/I3-ORDENANCA-FISCAL-REGULADORA-DE-LIMPOST-SOBRE-VEHICLES-DE-TRACCIO-MECANICA-IVTM-2025_-1.pdf\">I3. ORDENAN\u00c7A FISCAL REGULADORA DE L&#8217;IMPOST SOBRE VEHICLES DE TRACCI\u00d3 MEC\u00c0NICA<\/a><\/td><\/tr><tr><td class=\"has-text-align-left\" data-align=\"left\"><a href=\"https:\/\/lasenia.cat\/web\/wp-content\/uploads\/ordenances\/I4_ORDENANCA_FISCAL_REGULADORA_IMPOST_DE_CONSTRUCCIONS_INSTALLACIONS_I_OBRES.pdf\" data-type=\"URL\" target=\"_blank\" rel=\"noreferrer noopener\">I4. ORDENAN\u00c7A FISCAL REGULADORA DE L&#8217;IMPOST DE CONSTRUCCIONS, INSTAL\u00b7LACIONS I OBRES<\/a><\/td><\/tr><tr><td class=\"has-text-align-left\" data-align=\"left\"><a href=\"https:\/\/lasenia.cat\/web\/wp-content\/uploads\/2023\/06\/i5.pdf\" data-type=\"URL\" data-id=\"https:\/\/lasenia.cat\/web\/wp-content\/uploads\/2023\/06\/i5.pdf\" target=\"_blank\" rel=\"noreferrer noopener\">I5. ORDENAN\u00c7A FISCAL REGULADORA DE L&#8217;IMPOST SOBRE l&#8217;INCREMENT DEL VALOR DELS TERRENYS DE NATURALESA URBANA<\/a><\/td><\/tr><tr><td class=\"has-text-align-left\" data-align=\"left\"><a href=\"https:\/\/www.lasenia.cat\/web\/wp-content\/uploads\/ordenances\/P2_Ordenanca preu_servei_recollida_mobles_voluminosos.pdf\" target=\"_blank\" rel=\"noreferrer noopener\">P2. ORDENAN\u00c7A FISCAL REGULADORA PREU P\u00daBLIC SERVEI RECOLLIDA DE MOBLES I VOLUMINOSOS<\/a><\/td><\/tr><tr><td class=\"has-text-align-left\" data-align=\"left\"><a href=\"https:\/\/lasenia.cat\/web\/wp-content\/uploads\/ordenances\/T1_ORDENANCA_FISCAL_REGULADORA_DE_LA_TAXA_MATERIALS_CONSTRUCCIO.pdf\" data-type=\"URL\" data-id=\"https:\/\/lasenia.cat\/web\/wp-content\/uploads\/ordenances\/T1_ORDENANCA_FISCAL_REGULADORA_DE_LA_TAXA_MATERIALS_CONSTRUCCIO.pdf\">T1. ORDENAN\u00c7A FISCAL REGULADORA DE LA TAXA MATERIALS CONSTRUCCI\u00d3<\/a><\/td><\/tr><tr><td class=\"has-text-align-left\" data-align=\"left\"><a href=\"https:\/\/lasenia.cat\/web\/wp-content\/uploads\/ordenances\/T2_ORDENANCA_FISCAL_REGULADORA_TAXA_TAULES_I_CADIRES.pdf\" target=\"_blank\" rel=\"noreferrer noopener\">T2. ORDENAN\u00c7A FISCAL REGULADORA TAXA TAULES I CADIRES<\/a><\/td><\/tr><tr><td class=\"has-text-align-left\" data-align=\"left\"><a href=\"https:\/\/lasenia.cat\/web\/wp-content\/uploads\/ordenances\/T3_ORDENANCA_FISCAL_REGULADORA_TAXA_INSTALLACIONS_PUBLICITARIES.pdf\" target=\"_blank\" rel=\"noreferrer noopener\">T3. ORDENAN\u00c7A FISCAL REGULADORA TAXA INSTAL\u00b7LACIONS PUBLICIT\u00c0RIES<\/a><\/td><\/tr><tr><td class=\"has-text-align-left\" data-align=\"left\"><a href=\"https:\/\/lasenia.cat\/web\/wp-content\/uploads\/ordenances\/T4_ORDENANCA_FISCAL_REGULADORA_TAXA_BARRAQUES_I_FIRES.pdf\" data-type=\"URL\" data-id=\"https:\/\/lasenia.cat\/web\/wp-content\/uploads\/ordenances\/T4_ORDENANCA_FISCAL_REGULADORA_TAXA_BARRAQUES_I_FIRES.pdf\" target=\"_blank\" rel=\"noreferrer noopener\">T4. ORDENAN\u00c7A FISCAL REGULADORA TAXA BARRAQUES I FIRES<\/a><\/td><\/tr><tr><td class=\"has-text-align-left\" data-align=\"left\"><a href=\"https:\/\/lasenia.cat\/web\/wp-content\/uploads\/2026\/01\/T5-ORDENANCA-FISCAL-REGULADORA-TAXA-GUALS-2025.pdf\" data-type=\"URL\" data-id=\"www.lasenia.cat\/web\/wp-content\/uploads\/ordenances\/T5_ORDENANCA_FISCAL_TAXA_GUALS.pdf\" target=\"_blank\" rel=\"noreferrer noopener\">T5. ORDENAN\u00c7A FISCAL REGULADORA TAXA GUALS<\/a><\/td><\/tr><tr><td class=\"has-text-align-left\" data-align=\"left\"><a href=\"https:\/\/lasenia.cat\/web\/wp-content\/uploads\/2024\/12\/T6_Taxa_aprofitament_empreses_subministradores_.pdf\">T6.ORDENAN\u00c7A FISCAL REGULADORA DE LA TAXA PER LA UTILITZACI\u00d3 PRIVATIVA O APROFITAMENT ESPECIAL DEL DOMINI P\u00daBLIC LOCAL PER EMPRESES O ENTITATS EXPLOTADORES DE SERVEIS DE SUBMINISTRAMENT<\/a><\/td><\/tr><tr><td class=\"has-text-align-left\" data-align=\"left\"><a href=\"https:\/\/www.lasenia.cat\/web\/wp-content\/uploads\/ordenances\/T7_ORDENANCA_TAXA_CEMENTIRI.pdf\" data-type=\"URL\" target=\"_blank\" rel=\"noreferrer noopener\">T7. ORDENAN\u00c7A FISCAL REGULADORA TAXA SERVEIS FUNERARIS<\/a><\/td><\/tr><tr><td class=\"has-text-align-left\" data-align=\"left\"><a href=\"https:\/\/lasenia.cat\/web\/wp-content\/uploads\/2025\/01\/T8_ORDENANCA-FISCAL-REGULADORA-TAXA-RECOLLIDA-I-GESTIO-RESIDUS.pdf\" data-type=\"URL\" data-id=\"www.lasenia.cat\/web\/wp-content\/uploads\/ordenances\/T8_ORDENANCA_TAXA_ESCOMBRARIES.pdf\" target=\"_blank\" rel=\"noreferrer noopener\">T8. ORDENAN\u00c7A FISCAL REGULADORA TAXA ESCOMBRARIES<\/a><\/td><\/tr><tr><td class=\"has-text-align-left\" data-align=\"left\"><a href=\"https:\/\/lasenia.cat\/web\/wp-content\/uploads\/ordenances\/T9_ORDENANCA_FISCAL_REGULADORA_DE_LA_TAXA_DE_MERCAT.pdf\" data-type=\"URL\" data-id=\"https:\/\/lasenia.cat\/web\/wp-content\/uploads\/ordenances\/T9_ORDENANCA_FISCAL_REGULADORA_DE_LA_TAXA_DE_MERCAT.pdf\" target=\"_blank\" rel=\"noreferrer noopener\">T9. ORDENAN\u00c7A FISCAL REGULADORA TAXA MERCAT<\/a><\/td><\/tr><tr><td class=\"has-text-align-left\" data-align=\"left\"><a href=\"https:\/\/www.lasenia.cat\/web\/wp-content\/uploads\/ordenances\/T10_ORDENANCA_FISCAL_REGULADORA_TAXA_SUBMINISTRAMENT_AIGUA.pdf\" data-type=\"URL\" data-id=\"www.lasenia.cat\/web\/wp-content\/uploads\/ordenances\/T10_ORDENANCA_FISCAL_REGULADORA_TAXA_SUBMINISTRAMENT_AIGUA.pdf\" target=\"_blank\" rel=\"noreferrer noopener\">T10. ORDENAN\u00c7A FISCAL REGULADORA TAXA SUBMINISTRAMENT AIGUA<\/a><\/td><\/tr><tr><td class=\"has-text-align-left\" data-align=\"left\"><a href=\"https:\/\/lasenia.cat\/web\/wp-content\/uploads\/ordenances\/T11_ORDENANCA_FISCAL_REGULADORA_DE_LA_TAXA_CONNEXIO_AL_CLAVEGUERAM.pdf\" data-type=\"URL\" data-id=\"https:\/\/lasenia.cat\/web\/wp-content\/uploads\/ordenances\/T11_ORDENANCA_FISCAL_REGULADORA_DE_LA_TAXA_CONNEXIO_AL_CLAVEGUERAM.pdf\" target=\"_blank\" rel=\"noreferrer noopener\">T11. ORDENAN\u00c7A FISCAL REGULADORA TAXA DE CONNEXI\u00d3 AL CLAVEGUERAM<\/a><\/td><\/tr><tr><td class=\"has-text-align-left\" data-align=\"left\"><a href=\"https:\/\/lasenia.cat\/web\/wp-content\/uploads\/2026\/01\/T12-TAXA-EXPEDICIO-DOCUMENTS-ADMINISTRATIUS.pdf\" data-type=\"URL\" data-id=\"www.lasenia.cat\/web\/wp-content\/uploads\/ordenances\/T12_TAXA_EXPEDICIO_DOCUMENTS_ADMINISTRATIUS.pdf\" target=\"_blank\" rel=\"noreferrer noopener nofollow\">T12. ORDENAN\u00c7A FISCAL REGULADORA TAXA EXPEDICI\u00d3 DOCUMENTS ADMINISTRATIUS<\/a><\/td><\/tr><tr><td class=\"has-text-align-left\" data-align=\"left\"><a href=\"https:\/\/www.lasenia.cat\/web\/wp-content\/uploads\/ordenances\/T13_TAXA_LLICENCIES_URBANISTIQUES.pdf\" data-type=\"URL\" data-id=\"www.lasenia.cat\/web\/wp-content\/uploads\/ordenances\/T13_TAXA_LLICENCIES_URBANISTIQUES.pdf\" target=\"_blank\" rel=\"noreferrer noopener\">T13. ORDENAN\u00c7A FISCAL REGULADORA TAXA PER LLIC\u00c8NCIES URBAN\u00cdSTIQUES<\/a><\/td><\/tr><tr><td class=\"has-text-align-left\" data-align=\"left\"><a href=\"https:\/\/lasenia.cat\/web\/wp-content\/uploads\/2024\/12\/T14-ORDENANCA-FISCAL-REGULADORA-TAXA-RETIRADA-DE-VEHICLES_.pdf\" data-type=\"URL\" data-id=\"www.lasenia.cat\/web\/wp-content\/uploads\/ordenances\/T14_RETIRADA_VEHICLES.pdf\" target=\"_blank\" rel=\"noreferrer noopener\">T14. ORDENAN\u00c7A FISCAL REGULADORA TAXA  RETIRADA DE VEHICLES<\/a><\/td><\/tr><tr><td class=\"has-text-align-left\" data-align=\"left\"><a href=\"https:\/\/www.lasenia.cat\/web\/wp-content\/uploads\/ordenances\/T15_ORDENAN\u00c7A_FISCAL_REGULADORA_TAXA_LLAR_D'INFANTS.pdf\" data-type=\"link\" data-id=\"https:\/\/www.lasenia.cat\/web\/wp-content\/uploads\/ordenances\/T15_ORDENAN\u00c7A_FISCAL_REGULADORA_TAXA_LLAR_D'INFANTS.pdf\" target=\"_blank\" rel=\"noreferrer noopener\">T15. ORDENAN\u00c7A FISCAL REGULADORA TAXA LLAR D&#8217;INFANTS<\/a><\/td><\/tr><tr><td class=\"has-text-align-left\" data-align=\"left\"><a href=\"https:\/\/www.lasenia.cat\/web\/wp-content\/uploads\/ordenances\/T16_TAXA_LLICENCIA_ACTIVITATS.pdf\" data-type=\"URL\" data-id=\"www.lasenia.cat\/web\/wp-content\/uploads\/ordenances\/T16_TAXA_LLICENCIA_ACTIVITATS.pdf\" target=\"_blank\" rel=\"noreferrer noopener\">T16. ORDENAN\u00c7A FISCAL REGULADORA TAXA LLIC\u00c8NCIA ACTIVITATS<\/a><\/td><\/tr><tr><td class=\"has-text-align-left\" data-align=\"left\"><a href=\"https:\/\/www.lasenia.cat\/web\/wp-content\/uploads\/ordenances\/T17_TAXES_INFORMES_ESTRANGERIA.pdf\" data-type=\"URL\" data-id=\"www.lasenia.cat\/web\/wp-content\/uploads\/ordenances\/T17_TAXES_INFORMES_ESTRANGERIA.pdf\" target=\"_blank\" rel=\"noreferrer noopener\">T17. ORDENAN\u00c7A FISCAL REGULADORA TAXES INFORMES ESTRANGERIA<\/a><\/td><\/tr><\/tbody><\/table><\/figure>\n\n\n\n<p><\/p>\n<\/div>\n<\/div>\n<\/div>\n\n\n\n<p><\/p>\n","protected":false},"excerpt":{"rendered":"<p>I1. ORDENAN\u00c7A FISCAL REGULADORA DE L&#8217;IMPOST SOBRE B\u00c9NS IMMOBLES I2. ORDENANCA FISCAL REGULADORA DE L&#8217;IMPOST SOBRE ACTIVITATS ECONOMIQUES I3. ORDENAN\u00c7A<\/p>\n","protected":false},"author":1,"featured_media":0,"parent":0,"menu_order":0,"comment_status":"closed","ping_status":"closed","template":"","meta":{"colormag_page_container_layout":"no_sidebar_full_width","colormag_page_sidebar_layout":"no_sidebar","footnotes":""},"class_list":["post-628","page","type-page","status-publish","hentry"],"_links":{"self":[{"href":"https:\/\/lasenia.cat\/web\/wp-json\/wp\/v2\/pages\/628","targetHints":{"allow":["GET"]}}],"collection":[{"href":"https:\/\/lasenia.cat\/web\/wp-json\/wp\/v2\/pages"}],"about":[{"href":"https:\/\/lasenia.cat\/web\/wp-json\/wp\/v2\/types\/page"}],"author":[{"embeddable":true,"href":"https:\/\/lasenia.cat\/web\/wp-json\/wp\/v2\/users\/1"}],"replies":[{"embeddable":true,"href":"https:\/\/lasenia.cat\/web\/wp-json\/wp\/v2\/comments?post=628"}],"version-history":[{"count":36,"href":"https:\/\/lasenia.cat\/web\/wp-json\/wp\/v2\/pages\/628\/revisions"}],"predecessor-version":[{"id":8211,"href":"https:\/\/lasenia.cat\/web\/wp-json\/wp\/v2\/pages\/628\/revisions\/8211"}],"wp:attachment":[{"href":"https:\/\/lasenia.cat\/web\/wp-json\/wp\/v2\/media?parent=628"}],"curies":[{"name":"wp","href":"https:\/\/api.w.org\/{rel}","templated":true}]}}