{"id":5247,"date":"2024-05-23T07:53:57","date_gmt":"2024-05-23T06:53:57","guid":{"rendered":"https:\/\/lasenia.cat\/web\/?page_id=5247"},"modified":"2024-08-14T12:18:52","modified_gmt":"2024-08-14T11:18:52","slug":"responsable-de-comunicacio-i-premsa","status":"publish","type":"page","link":"https:\/\/lasenia.cat\/web\/responsable-de-comunicacio-i-premsa\/","title":{"rendered":"Responsable de comunicaci\u00f3 i premsa"},"content":{"rendered":"\n<p>La Regidoria de Mitjans de Comunicaci\u00f3 \u00e9s l\u2019encarregada de gestionar lo Senienc, lo Full, els pregons, l\u2019eBando, la Web\u2026 aix\u00ed com tots els altres instruments que l\u2019Ajuntament utilitza per comunicar-se amb els ciutadans.<\/p>\n\n\n\n<p>Podeu veure els nostres plens al Youtube a l\u2019enlla\u00e7 seg\u00fcent.&nbsp;<a href=\"https:\/\/www.youtube.com\/user\/ajuntamentdelasenia\">Enlla\u00e7<\/a><\/p>\n\n\n\n<p>Regidor:\u00a0Artur Mart\u00ednez Hern\u00e1ndez<br>Secret\u00e0ria: Anna M. Miguel<br>Adre\u00e7a electr\u00f2nica:\u00a0comunicaci\u00f3@lasenia.cat<br>Horari de visita: Dilluns a Divendres (cita pr\u00e8via)<\/p>\n\n\n\n<p>Departament de Mitjans de Comunicaci\u00f3<\/p>\n\n\n\n<ul class=\"wp-block-list\">\n<li>Responsable de Premsa: comunicacio@lasenia.cat<\/li>\n\n\n\n<li>Responsable de Xarxes Socials: comunicacio@lasenia.cat<\/li>\n\n\n\n<li>Revista local <em>Lo Senienc<\/em>: revistalosenienc@lasenia.cat<\/li>\n\n\n\n<li>Lo Full informatiu: comunicacio@lasenia.cat<\/li>\n<\/ul>\n","protected":false},"excerpt":{"rendered":"<p>La Regidoria de Mitjans de Comunicaci\u00f3 \u00e9s l\u2019encarregada de gestionar lo Senienc, lo Full, els pregons, l\u2019eBando, la Web\u2026 aix\u00ed<\/p>\n","protected":false},"author":6,"featured_media":0,"parent":0,"menu_order":0,"comment_status":"closed","ping_status":"closed","template":"","meta":{"colormag_page_container_layout":"default_layout","colormag_page_sidebar_layout":"default_layout","footnotes":""},"class_list":["post-5247","page","type-page","status-publish","hentry"],"_links":{"self":[{"href":"https:\/\/lasenia.cat\/web\/wp-json\/wp\/v2\/pages\/5247","targetHints":{"allow":["GET"]}}],"collection":[{"href":"https:\/\/lasenia.cat\/web\/wp-json\/wp\/v2\/pages"}],"about":[{"href":"https:\/\/lasenia.cat\/web\/wp-json\/wp\/v2\/types\/page"}],"author":[{"embeddable":true,"href":"https:\/\/lasenia.cat\/web\/wp-json\/wp\/v2\/users\/6"}],"replies":[{"embeddable":true,"href":"https:\/\/lasenia.cat\/web\/wp-json\/wp\/v2\/comments?post=5247"}],"version-history":[{"count":3,"href":"https:\/\/lasenia.cat\/web\/wp-json\/wp\/v2\/pages\/5247\/revisions"}],"predecessor-version":[{"id":5596,"href":"https:\/\/lasenia.cat\/web\/wp-json\/wp\/v2\/pages\/5247\/revisions\/5596"}],"wp:attachment":[{"href":"https:\/\/lasenia.cat\/web\/wp-json\/wp\/v2\/media?parent=5247"}],"curies":[{"name":"wp","href":"https:\/\/api.w.org\/{rel}","templated":true}]}}

Responsable de comunicació i premsa

<p>La Regidoria de Mitjans de Comunicació és l’encarregada de gestionar lo Senienc, lo Full, els pregons, l’eBando, la Web… així com tots els altres instruments que l’Ajuntament utilitza per comunicar-se amb els ciutadans.</p>



<p>Podeu veure els nostres plens al Youtube a l’enllaç següent.&nbsp;<a href="https://www.youtube.com/user/ajuntamentdelasenia">Enllaç</a></p>



<p>Regidor: Artur Martínez Hernández<br>Secretària: Anna M. Miguel<br>Adreça electrònica: comunicació@lasenia.cat<br>Horari de visita: Dilluns a Divendres (cita prèvia)</p>



<p>Departament de Mitjans de Comunicació</p>



<ul class="wp-block-list">
<li>Responsable de Premsa: comunicacio@lasenia.cat</li>



<li>Responsable de Xarxes Socials: comunicacio@lasenia.cat</li>



<li>Revista local <em>Lo Senienc</em>: revistalosenienc@lasenia.cat</li>



<li>Lo Full informatiu: comunicacio@lasenia.cat</li>
</ul>

<p>La Regidoria de Mitjans de Comunicació és l’encarregada de gestionar lo Senienc, lo Full, els pregons, l’eBando, la Web… així</p>
