{"id":5148,"date":"2024-05-22T10:07:04","date_gmt":"2024-05-22T09:07:04","guid":{"rendered":"https:\/\/lasenia.cat\/web\/?page_id=5148"},"modified":"2024-05-22T11:52:59","modified_gmt":"2024-05-22T10:52:59","slug":"liquidacio-del-pressupost-exercici-2023","status":"publish","type":"page","link":"https:\/\/lasenia.cat\/web\/liquidacio-del-pressupost-exercici-2023\/","title":{"rendered":"Liquidaci\u00f3 del pressupost &#8211; Exercici 2023"},"content":{"rendered":"\n<figure class=\"wp-block-table is-style-stripes\"><table><tbody><tr><td class=\"has-text-align-left\" data-align=\"left\"><a href=\"https:\/\/lasenia.cat\/web\/wp-content\/uploads\/2024\/05\/ObjeccionsLiquidacio2023.pdf\" data-type=\"link\" data-id=\"https:\/\/lasenia.cat\/web\/wp-content\/uploads\/2024\/05\/ObjeccionsLiquidacio2023.pdf\" target=\"_blank\" rel=\"noreferrer noopener\">Informe d&#8217;intervenci\u00f3 d&#8217;objeccions, anomalies i omissi\u00f3 de la funci\u00f3 interventora<\/a><\/td><\/tr><tr><td class=\"has-text-align-left\" data-align=\"left\"><a href=\"https:\/\/lasenia.cat\/web\/wp-content\/uploads\/2024\/05\/ComptesJustificatius2023.pdf\" data-type=\"link\" data-id=\"https:\/\/lasenia.cat\/web\/wp-content\/uploads\/2024\/05\/ComptesJustificatius2023.pdf\" target=\"_blank\" rel=\"noreferrer noopener\">Informe d&#8217;intervenci\u00f3 de comptes justificatius i bestretes de caixa fixa<\/a><\/td><\/tr><tr><td class=\"has-text-align-left\" data-align=\"left\"><a href=\"https:\/\/lasenia.cat\/web\/wp-content\/uploads\/2024\/05\/LiquidacioPressupost2023.pdf\" data-type=\"link\" data-id=\"https:\/\/lasenia.cat\/web\/wp-content\/uploads\/2024\/05\/LiquidacioPressupost2023.pdf\">Aprovaci\u00f3 de la liquidaci\u00f3 del pressupost de l&#8217;exercici 2023<\/a><\/td><\/tr><\/tbody><\/table><\/figure>\n","protected":false},"excerpt":{"rendered":"<p>Informe d&#8217;intervenci\u00f3 d&#8217;objeccions, anomalies i omissi\u00f3 de la funci\u00f3 interventora Informe d&#8217;intervenci\u00f3 de comptes justificatius i bestretes de caixa fixa<\/p>\n","protected":false},"author":3,"featured_media":0,"parent":0,"menu_order":0,"comment_status":"closed","ping_status":"closed","template":"","meta":{"colormag_page_container_layout":"no_sidebar_full_width","colormag_page_sidebar_layout":"no_sidebar","footnotes":""},"class_list":["post-5148","page","type-page","status-publish","hentry"],"_links":{"self":[{"href":"https:\/\/lasenia.cat\/web\/wp-json\/wp\/v2\/pages\/5148","targetHints":{"allow":["GET"]}}],"collection":[{"href":"https:\/\/lasenia.cat\/web\/wp-json\/wp\/v2\/pages"}],"about":[{"href":"https:\/\/lasenia.cat\/web\/wp-json\/wp\/v2\/types\/page"}],"author":[{"embeddable":true,"href":"https:\/\/lasenia.cat\/web\/wp-json\/wp\/v2\/users\/3"}],"replies":[{"embeddable":true,"href":"https:\/\/lasenia.cat\/web\/wp-json\/wp\/v2\/comments?post=5148"}],"version-history":[{"count":3,"href":"https:\/\/lasenia.cat\/web\/wp-json\/wp\/v2\/pages\/5148\/revisions"}],"predecessor-version":[{"id":5188,"href":"https:\/\/lasenia.cat\/web\/wp-json\/wp\/v2\/pages\/5148\/revisions\/5188"}],"wp:attachment":[{"href":"https:\/\/lasenia.cat\/web\/wp-json\/wp\/v2\/media?parent=5148"}],"curies":[{"name":"wp","href":"https:\/\/api.w.org\/{rel}","templated":true}]}}