{"id":4665,"date":"2024-01-31T11:48:58","date_gmt":"2024-01-31T10:48:58","guid":{"rendered":"https:\/\/lasenia.cat\/web\/?page_id=4665"},"modified":"2026-03-13T07:44:02","modified_gmt":"2026-03-13T06:44:02","slug":"plantilla-de-personal","status":"publish","type":"page","link":"https:\/\/lasenia.cat\/web\/plantilla-de-personal\/","title":{"rendered":"Plantilla de Personal"},"content":{"rendered":"\n<p>La plantilla de personal est\u00e0 integrada per la relaci\u00f3 detallada per cossos, escales, subescales, classes i categories de les places en qu\u00e8 s\u2019integren els funcionaris, el personal laboral i l\u2019eventual, d&#8217;acord amb l&#8217;article 90&nbsp;de la Llei 7\/1985, de 2 d&#8217;abril, reguladora de les bases del r\u00e8gim local i s&#8217;aprova anualment juntament amb el Pressupost.<\/p>\n\n\n\n<p>Aqu\u00ed podeu consultar:<\/p>\n\n\n\n<figure class=\"wp-block-table is-style-stripes\"><table><tbody><tr><td class=\"has-text-align-left\" data-align=\"left\"><a href=\"https:\/\/dogc.gencat.cat\/ca\/document-del-dogc\/?documentId=1039354\" data-type=\"link\" data-id=\"https:\/\/dogc.gencat.cat\/ca\/document-del-dogc\/?documentId=1039354\" target=\"_blank\" rel=\"noreferrer noopener nofollow\">Plantilla de Personal 2026<\/a> <\/td><\/tr><tr><td class=\"has-text-align-left\" data-align=\"left\"><a href=\"https:\/\/dogc.gencat.cat\/ca\/document-del-dogc\/?documentId=1005401\" data-type=\"link\" data-id=\"https:\/\/dogc.gencat.cat\/ca\/document-del-dogc\/?documentId=1005401\" target=\"_blank\" rel=\"noreferrer noopener\">Plantilla de Personal 2025<\/a><\/td><\/tr><tr><td class=\"has-text-align-left\" data-align=\"left\"><a href=\"https:\/\/www.diputaciodetarragona.cat\/ebop\/index.php?op=anunci&amp;id=868&amp;ebop_any=2024\" data-type=\"link\" data-id=\"https:\/\/www.diputaciodetarragona.cat\/ebop\/index.php?op=anunci&amp;id=868&amp;ebop_any=2024\">Plantilla de Personal 2024<\/a><\/td><\/tr><tr><td class=\"has-text-align-left\" data-align=\"left\"><a href=\"https:\/\/www.diputaciodetarragona.cat\/ebop\/index.php?op=anunci&amp;id=7726&amp;ebop_any=2023\" data-type=\"link\" data-id=\"https:\/\/www.diputaciodetarragona.cat\/ebop\/index.php?op=anunci&amp;id=7726&amp;ebop_any=2023\">Modificaci\u00f3 Plantilla 2023<\/a><\/td><\/tr><tr><td class=\"has-text-align-left\" data-align=\"left\"><a href=\"https:\/\/www.diputaciodetarragona.cat\/ebop\/index.php?op=anunci&amp;id=1044&amp;ebop_any=2023\" data-type=\"link\" data-id=\"https:\/\/www.diputaciodetarragona.cat\/ebop\/index.php?op=anunci&amp;id=1044&amp;ebop_any=2023\" target=\"_blank\" rel=\"noreferrer noopener\">Plantilla de Personal 2023<\/a><\/td><\/tr><tr><td class=\"has-text-align-left\" data-align=\"left\"><a href=\"https:\/\/www.diputaciodetarragona.cat\/ebop\/index.php?op=anunci&amp;id=1392&amp;ebop_any=2022\" data-type=\"link\" data-id=\"https:\/\/www.diputaciodetarragona.cat\/ebop\/index.php?op=anunci&amp;id=1392&amp;ebop_any=2022\" target=\"_blank\" rel=\"noreferrer noopener\">Plantilla de Personal 2022<\/a><\/td><\/tr><tr><td class=\"has-text-align-left\" data-align=\"left\"><a href=\"https:\/\/www.diputaciodetarragona.cat\/ebop\/index.php?op=anunci&amp;id=1930&amp;ebop_any=2021\" data-type=\"link\" data-id=\"https:\/\/www.diputaciodetarragona.cat\/ebop\/index.php?op=anunci&amp;id=1930&amp;ebop_any=2021\" target=\"_blank\" rel=\"noreferrer noopener\">Plantilla de Personal 2021<\/a><\/td><\/tr><tr><td class=\"has-text-align-left\" data-align=\"left\"><a href=\"https:\/\/www.diputaciodetarragona.cat\/ebop\/index.php?op=anunci&amp;id=1513&amp;ebop_any=2020\" data-type=\"link\" data-id=\"https:\/\/www.diputaciodetarragona.cat\/ebop\/index.php?op=anunci&amp;id=1513&amp;ebop_any=2020\" target=\"_blank\" rel=\"noreferrer noopener\">Plantilla de Personal 2020<\/a><\/td><\/tr><\/tbody><\/table><\/figure>\n\n\n\n<p><\/p>\n","protected":false},"excerpt":{"rendered":"<p>La plantilla de personal est\u00e0 integrada per la relaci\u00f3 detallada per cossos, escales, subescales, classes i categories de les places<\/p>\n","protected":false},"author":3,"featured_media":0,"parent":0,"menu_order":0,"comment_status":"closed","ping_status":"closed","template":"","meta":{"colormag_page_container_layout":"default_layout","colormag_page_sidebar_layout":"default_layout","footnotes":""},"class_list":["post-4665","page","type-page","status-publish","hentry"],"_links":{"self":[{"href":"https:\/\/lasenia.cat\/web\/wp-json\/wp\/v2\/pages\/4665","targetHints":{"allow":["GET"]}}],"collection":[{"href":"https:\/\/lasenia.cat\/web\/wp-json\/wp\/v2\/pages"}],"about":[{"href":"https:\/\/lasenia.cat\/web\/wp-json\/wp\/v2\/types\/page"}],"author":[{"embeddable":true,"href":"https:\/\/lasenia.cat\/web\/wp-json\/wp\/v2\/users\/3"}],"replies":[{"embeddable":true,"href":"https:\/\/lasenia.cat\/web\/wp-json\/wp\/v2\/comments?post=4665"}],"version-history":[{"count":17,"href":"https:\/\/lasenia.cat\/web\/wp-json\/wp\/v2\/pages\/4665\/revisions"}],"predecessor-version":[{"id":8767,"href":"https:\/\/lasenia.cat\/web\/wp-json\/wp\/v2\/pages\/4665\/revisions\/8767"}],"wp:attachment":[{"href":"https:\/\/lasenia.cat\/web\/wp-json\/wp\/v2\/media?parent=4665"}],"curies":[{"name":"wp","href":"https:\/\/api.w.org\/{rel}","templated":true}]}}