{"id":4579,"date":"2024-01-11T08:29:31","date_gmt":"2024-01-11T07:29:31","guid":{"rendered":"https:\/\/lasenia.cat\/web\/?page_id=4579"},"modified":"2024-01-11T08:35:44","modified_gmt":"2024-01-11T07:35:44","slug":"acord-comu-de-condicions-per-als-empleats-publics-de-lajuntament-de-la-senia","status":"publish","type":"page","link":"https:\/\/lasenia.cat\/web\/acord-comu-de-condicions-per-als-empleats-publics-de-lajuntament-de-la-senia\/","title":{"rendered":"Acord com\u00fa de condicions per als empleats p\u00fablics de l\u2019Ajuntament de la S\u00e9nia"},"content":{"rendered":"\n<p>Amb data 27 de febrer de 2023 el Ple de la corporaci\u00f3 va aprovar l&#8217;acord com\u00fa de condicions per als empleats p\u00fablics de l&#8217;Ajuntament de la S\u00e9nia (2023-2026).<\/p>\n\n\n\n<p>L&#8217;esmentat acord va ser publicat en el Butllet\u00ed Oficial de la Prov\u00edncia de Tarragona de data 21 de desembre de 2023 amb CVE 2023-11292.<\/p>\n\n\n\n<p><strong>Podeu consultar l&#8217;Acord <a href=\"https:\/\/www.diputaciodetarragona.cat\/ebop\/index.php?op=dwn&amp;tipus=i&amp;data=20231221&amp;anyp=2023&amp;num=11292&amp;v=i\" data-type=\"link\" data-id=\"https:\/\/www.diputaciodetarragona.cat\/ebop\/index.php?op=dwn&amp;tipus=i&amp;data=20231221&amp;anyp=2023&amp;num=11292&amp;v=i\" target=\"_blank\" rel=\"noreferrer noopener\">AQU\u00cd<\/a><\/strong><\/p>\n","protected":false},"excerpt":{"rendered":"<p>Amb data 27 de febrer de 2023 el Ple de la corporaci\u00f3 va aprovar l&#8217;acord com\u00fa de condicions per als<\/p>\n","protected":false},"author":3,"featured_media":0,"parent":0,"menu_order":0,"comment_status":"closed","ping_status":"closed","template":"","meta":{"colormag_page_container_layout":"default_layout","colormag_page_sidebar_layout":"default_layout","footnotes":""},"class_list":["post-4579","page","type-page","status-publish","hentry"],"_links":{"self":[{"href":"https:\/\/lasenia.cat\/web\/wp-json\/wp\/v2\/pages\/4579","targetHints":{"allow":["GET"]}}],"collection":[{"href":"https:\/\/lasenia.cat\/web\/wp-json\/wp\/v2\/pages"}],"about":[{"href":"https:\/\/lasenia.cat\/web\/wp-json\/wp\/v2\/types\/page"}],"author":[{"embeddable":true,"href":"https:\/\/lasenia.cat\/web\/wp-json\/wp\/v2\/users\/3"}],"replies":[{"embeddable":true,"href":"https:\/\/lasenia.cat\/web\/wp-json\/wp\/v2\/comments?post=4579"}],"version-history":[{"count":3,"href":"https:\/\/lasenia.cat\/web\/wp-json\/wp\/v2\/pages\/4579\/revisions"}],"predecessor-version":[{"id":4583,"href":"https:\/\/lasenia.cat\/web\/wp-json\/wp\/v2\/pages\/4579\/revisions\/4583"}],"wp:attachment":[{"href":"https:\/\/lasenia.cat\/web\/wp-json\/wp\/v2\/media?parent=4579"}],"curies":[{"name":"wp","href":"https:\/\/api.w.org\/{rel}","templated":true}]}}

Acord comú de condicions per als empleats públics de l’Ajuntament de la Sénia

<p>Amb data 27 de febrer de 2023 el Ple de la corporació va aprovar l&#8217;acord comú de condicions per als empleats públics de l&#8217;Ajuntament de la Sénia (2023-2026).</p>



<p>L&#8217;esmentat acord va ser publicat en el Butlletí Oficial de la Província de Tarragona de data 21 de desembre de 2023 amb CVE 2023-11292.</p>



<p><strong>Podeu consultar l&#8217;Acord <a href="https://www.diputaciodetarragona.cat/ebop/index.php?op=dwn&amp;tipus=i&amp;data=20231221&amp;anyp=2023&amp;num=11292&amp;v=i" data-type="link" data-id="https://www.diputaciodetarragona.cat/ebop/index.php?op=dwn&amp;tipus=i&amp;data=20231221&amp;anyp=2023&amp;num=11292&amp;v=i" target="_blank" rel="noreferrer noopener">AQUÍ</a></strong></p>

<p>Amb data 27 de febrer de 2023 el Ple de la corporació va aprovar l&#8217;acord comú de condicions per als</p>
