{"id":4529,"date":"2024-01-10T13:25:10","date_gmt":"2024-01-10T12:25:10","guid":{"rendered":"https:\/\/lasenia.cat\/web\/?page_id=4529"},"modified":"2026-01-23T12:47:06","modified_gmt":"2026-01-23T11:47:06","slug":"bonificacions-dibi-per-installacions-denergia-solar","status":"publish","type":"page","link":"https:\/\/lasenia.cat\/web\/bonificacions-dibi-per-installacions-denergia-solar\/","title":{"rendered":"Bonificacions d\u2019IBI per instal\u00b7lacions d\u2019energia solar 2026"},"content":{"rendered":"\n<p>Bonificaci\u00f3:<\/p>\n\n\n\n<p>30% de l\u2019import de l\u2019IBI durant un m\u00e0xim de 5 anys o fins arribar al 50% del cost de la instal\u00b7laci\u00f3.<\/p>\n\n\n\n<p>Podeu consultar les condicions a l\u2019article 11.3 de l\u2019Annex de l\u2019Ordenan\u00e7a Fiscal reguladora de l\u2019IBI. <a href=\"https:\/\/lasenia.cat\/web\/wp-content\/uploads\/2024\/12\/I1-ORDENANCA-FISCAL-REGULADORA-DE-LIMPOST-SOBRE-BENS-IMMOBLES-IBI_-1.pdf\">I1 ORDENAN\u00c7A FISCAL REGULADORA DE L\u2019IMPOST SOBRE B\u00c9NS IMMOBLES<\/a><\/p>\n\n\n\n<p><strong>Qui pot sol\u00b7licitar la bonificaci\u00f3:<\/strong><\/p>\n\n\n\n<p>Els titulars d\u2019immobles on s\u2019hagin instal\u00b7lat sistemes d\u2019aprofitament t\u00e8rmic o el\u00e8ctric d\u2019energia solar.<\/p>\n\n\n\n<p>Les instal\u00b7lacions fotovoltaiques han de ser d\u2019autoconsum i d\u2019una pot\u00e8ncia igual o superior al 30% de la pot\u00e8ncia el\u00e8ctrica contractada.<\/p>\n\n\n\n<p>No es bonificaran les que siguin obligat\u00f2ries per normativa<\/p>\n\n\n\n<p><strong>Termini per sol\u00b7licitar la bonificaci\u00f3:<\/strong><\/p>\n\n\n\n<p>2 de mar\u00e7 de 2026<\/p>\n\n\n\n<p><strong>Com fer la sol\u00b7licitud:<\/strong><\/p>\n\n\n\n<p>S\u2019ha de sol\u00b7licitar a trav\u00e9s de BASE, a la Seu electr\u00f2nica: <a href=\"http:\/\/www.base.cat\">www.base.cat<\/a> > base online entrar > Sol\u00b7licituds i tr\u00e0mits per temes > Immobles > Sol\u00b7licitud de beneficis fiscals de l&#8217;IBI<\/p>\n\n\n\n<p>Poden demanar cita pr\u00e8via a trav\u00e9s de la web: <a href=\"http:\/\/www.base.cat\">www.base.cat<\/a> &gt; cita pr\u00e8via<\/p>\n\n\n\n<p>O b\u00e9 per tel\u00e8fon al 977 57 08 17<\/p>\n\n\n\n<p>A la sol\u00b7licitud s\u2019haur\u00e0 de fer constar la <strong>Refer\u00e8ncia cadastral <\/strong>i incloure els documents seg\u00fcents:<\/p>\n\n\n\n<ul class=\"wp-block-list\">\n<li><strong>Conformitat de l\u2019Ajuntament a la Comunicaci\u00f3 en mat\u00e8ria urban\u00edstica o llic\u00e8ncia municipal de la instal\u00b7laci\u00f3.<\/strong><\/li>\n\n\n\n<li><strong>Factura <\/strong>de la instal\u00b7laci\u00f3.<\/li>\n<\/ul>\n\n\n\n<p>Segons el tipus d\u2019instal\u00b7laci\u00f3:<\/p>\n\n\n\n<p>Instal\u00b7laci\u00f3 fotovolt\u00e0ica:<\/p>\n\n\n\n<ul class=\"wp-block-list\">\n<li><strong>RITSIC \u2013 Document acreditatiu de la inscripci\u00f3 en el Registre d\u2019instal\u00b7lacions t\u00e8cniques de seguretat industrial de Catalunya<\/strong><\/li>\n\n\n\n<li><strong>RAC &#8211;\u00a0 Document acreditatiu d\u2019acompliment del procediment administratiu i de la inscripci\u00f3 en el Registre d\u2019autoconsum de Catalunya<\/strong><\/li>\n\n\n\n<li><strong>CIE \u2013 Certificat d\u2019instal\u00b7lacions el\u00e8ctriques<\/strong><\/li>\n\n\n\n<li><strong>Factura de la llum on consti la pot\u00e8ncia contractada<\/strong><\/li>\n<\/ul>\n\n\n\n<p>Instal\u00b7laci\u00f3 t\u00e8rmica:<\/p>\n\n\n\n<ul class=\"wp-block-list\">\n<li><strong>Certificat d\u2019homologaci\u00f3 em\u00e8s per l\u2019Administraci\u00f3 competent.<\/strong><\/li>\n<\/ul>\n","protected":false},"excerpt":{"rendered":"<p>Bonificaci\u00f3: 30% de l\u2019import de l\u2019IBI durant un m\u00e0xim de 5 anys o fins arribar al 50% del cost de<\/p>\n","protected":false},"author":3,"featured_media":0,"parent":0,"menu_order":0,"comment_status":"closed","ping_status":"closed","template":"","meta":{"colormag_page_container_layout":"default_layout","colormag_page_sidebar_layout":"default_layout","footnotes":""},"class_list":["post-4529","page","type-page","status-publish","hentry"],"_links":{"self":[{"href":"https:\/\/lasenia.cat\/web\/wp-json\/wp\/v2\/pages\/4529","targetHints":{"allow":["GET"]}}],"collection":[{"href":"https:\/\/lasenia.cat\/web\/wp-json\/wp\/v2\/pages"}],"about":[{"href":"https:\/\/lasenia.cat\/web\/wp-json\/wp\/v2\/types\/page"}],"author":[{"embeddable":true,"href":"https:\/\/lasenia.cat\/web\/wp-json\/wp\/v2\/users\/3"}],"replies":[{"embeddable":true,"href":"https:\/\/lasenia.cat\/web\/wp-json\/wp\/v2\/comments?post=4529"}],"version-history":[{"count":4,"href":"https:\/\/lasenia.cat\/web\/wp-json\/wp\/v2\/pages\/4529\/revisions"}],"predecessor-version":[{"id":8337,"href":"https:\/\/lasenia.cat\/web\/wp-json\/wp\/v2\/pages\/4529\/revisions\/8337"}],"wp:attachment":[{"href":"https:\/\/lasenia.cat\/web\/wp-json\/wp\/v2\/media?parent=4529"}],"curies":[{"name":"wp","href":"https:\/\/api.w.org\/{rel}","templated":true}]}}

<p>Bonificació:</p>



<p>30% de l’import de l’IBI durant un màxim de 5 anys o fins arribar al 50% del cost de la instal·lació.</p>



<p>Podeu consultar les condicions a l’article 11.3 de l’Annex de l’Ordenança Fiscal reguladora de l’IBI. <a href="https://lasenia.cat/web/wp-content/uploads/2024/12/I1-ORDENANCA-FISCAL-REGULADORA-DE-LIMPOST-SOBRE-BENS-IMMOBLES-IBI_-1.pdf">I1 ORDENANÇA FISCAL REGULADORA DE L’IMPOST SOBRE BÉNS IMMOBLES</a></p>



<p><strong>Qui pot sol·licitar la bonificació:</strong></p>



<p>Els titulars d’immobles on s’hagin instal·lat sistemes d’aprofitament tèrmic o elèctric d’energia solar.</p>



<p>Les instal·lacions fotovoltaiques han de ser d’autoconsum i d’una potència igual o superior al 30% de la potència elèctrica contractada.</p>



<p>No es bonificaran les que siguin obligatòries per normativa</p>



<p><strong>Termini per sol·licitar la bonificació:</strong></p>



<p>2 de març de 2026</p>



<p><strong>Com fer la sol·licitud:</strong></p>



<p>S’ha de sol·licitar a través de BASE, a la Seu electrònica: <a href="http://www.base.cat">www.base.cat</a> > base online entrar > Sol·licituds i tràmits per temes > Immobles > Sol·licitud de beneficis fiscals de l&#8217;IBI</p>



<p>Poden demanar cita prèvia a través de la web: <a href="http://www.base.cat">www.base.cat</a> &gt; cita prèvia</p>



<p>O bé per telèfon al 977 57 08 17</p>



<p>A la sol·licitud s’haurà de fer constar la <strong>Referència cadastral </strong>i incloure els documents següents:</p>



<ul class="wp-block-list">
<li><strong>Conformitat de l’Ajuntament a la Comunicació en matèria urbanística o llicència municipal de la instal·lació.</strong></li>



<li><strong>Factura </strong>de la instal·lació.</li>
</ul>



<p>Segons el tipus d’instal·lació:</p>



<p>Instal·lació fotovoltàica:</p>



<ul class="wp-block-list">
<li><strong>RITSIC – Document acreditatiu de la inscripció en el Registre d’instal·lacions tècniques de seguretat industrial de Catalunya</strong></li>



<li><strong>RAC &#8211;  Document acreditatiu d’acompliment del procediment administratiu i de la inscripció en el Registre d’autoconsum de Catalunya</strong></li>



<li><strong>CIE – Certificat d’instal·lacions elèctriques</strong></li>



<li><strong>Factura de la llum on consti la potència contractada</strong></li>
</ul>



<p>Instal·lació tèrmica:</p>



<ul class="wp-block-list">
<li><strong>Certificat d’homologació emès per l’Administració competent.</strong></li>
</ul>

<p>Bonificació: 30% de l’import de l’IBI durant un màxim de 5 anys o fins arribar al 50% del cost de</p>
