{"id":4239,"date":"2023-11-14T08:43:10","date_gmt":"2023-11-14T07:43:10","guid":{"rendered":"https:\/\/lasenia.cat\/web\/?page_id=4239"},"modified":"2023-11-22T07:59:53","modified_gmt":"2023-11-22T06:59:53","slug":"provisio-no-definitiva-del-lloc-de-secretaria-intervencio","status":"publish","type":"page","link":"https:\/\/lasenia.cat\/web\/provisio-no-definitiva-del-lloc-de-secretaria-intervencio\/","title":{"rendered":"Provisi\u00f3 no definitiva del lloc de secretaria intervenci\u00f3"},"content":{"rendered":"\n<figure class=\"wp-block-table is-style-stripes\"><table><tbody><tr><td class=\"has-text-align-left\" data-align=\"left\"><strong>Anunci<\/strong> (14.11.2023)<\/td><td class=\"has-text-align-left\" data-align=\"left\"><a href=\"https:\/\/lasenia.eadministracio.cat\/board\" data-type=\"link\" data-id=\"https:\/\/lasenia.eadministracio.cat\/board\" target=\"_blank\" rel=\"noreferrer noopener\">Seu electr\u00f2nica de l&#8217;Ajuntament de la S\u00e9nia<\/a><\/td><\/tr><tr><td class=\"has-text-align-left\" data-align=\"left\"><strong>Bases i convocat\u00f2ria<\/strong><\/td><td class=\"has-text-align-left\" data-align=\"left\"><a href=\"https:\/\/lasenia.cat\/web\/wp-content\/uploads\/2023\/11\/Bases_secre_interv.pdf\" data-type=\"link\" data-id=\"https:\/\/lasenia.cat\/web\/wp-content\/uploads\/2023\/11\/Bases_secre_interv.pdf\">Descarregueu-les aqu\u00ed<\/a><\/td><\/tr><tr><td class=\"has-text-align-left\" data-align=\"left\"><strong>Termini de presentaci\u00f3 de sol\u00b7licituds<\/strong><\/td><td class=\"has-text-align-left\" data-align=\"left\"><strong>FINALITZAT<\/strong><\/td><\/tr><tr><td class=\"has-text-align-left\" data-align=\"left\"><strong>On presentar-les<\/strong><\/td><td class=\"has-text-align-left\" data-align=\"left\">Telem\u00e0ticament a trav\u00e9s de la seu electr\u00f2nica amb el formulari espec\u00edfic.<\/td><\/tr><tr><td class=\"has-text-align-left\" data-align=\"left\"><strong>Qu\u00e8 cal presentar<\/strong><\/td><td class=\"has-text-align-left\" data-align=\"left\">&#8211; DNI.<br>&#8211; Curr\u00edculum vitae.<br>&#8211; Certificat de serveis expedit per la Direcci\u00f3 General de Funci\u00f3 P\u00fablica del Ministeri competent o, alternativament, certificats de serveis prestats.<br>&#8211; Titulaci\u00f3 acad\u00e8mica.<br>&#8211; Documentaci\u00f3 acreditativa dels t\u00edtols i cursos de formaci\u00f3 i perfeccionament.<br>&#8211; Certificat de coneixements de la llengua catalana (C1).<\/td><\/tr><\/tbody><\/table><\/figure>\n","protected":false},"excerpt":{"rendered":"<p>Anunci (14.11.2023) Seu electr\u00f2nica de l&#8217;Ajuntament de la S\u00e9nia Bases i convocat\u00f2ria Descarregueu-les aqu\u00ed Termini de presentaci\u00f3 de sol\u00b7licituds FINALITZAT<\/p>\n","protected":false},"author":3,"featured_media":0,"parent":0,"menu_order":0,"comment_status":"closed","ping_status":"closed","template":"","meta":{"colormag_page_container_layout":"default_layout","colormag_page_sidebar_layout":"default_layout","footnotes":""},"class_list":["post-4239","page","type-page","status-publish","hentry"],"_links":{"self":[{"href":"https:\/\/lasenia.cat\/web\/wp-json\/wp\/v2\/pages\/4239","targetHints":{"allow":["GET"]}}],"collection":[{"href":"https:\/\/lasenia.cat\/web\/wp-json\/wp\/v2\/pages"}],"about":[{"href":"https:\/\/lasenia.cat\/web\/wp-json\/wp\/v2\/types\/page"}],"author":[{"embeddable":true,"href":"https:\/\/lasenia.cat\/web\/wp-json\/wp\/v2\/users\/3"}],"replies":[{"embeddable":true,"href":"https:\/\/lasenia.cat\/web\/wp-json\/wp\/v2\/comments?post=4239"}],"version-history":[{"count":8,"href":"https:\/\/lasenia.cat\/web\/wp-json\/wp\/v2\/pages\/4239\/revisions"}],"predecessor-version":[{"id":4304,"href":"https:\/\/lasenia.cat\/web\/wp-json\/wp\/v2\/pages\/4239\/revisions\/4304"}],"wp:attachment":[{"href":"https:\/\/lasenia.cat\/web\/wp-json\/wp\/v2\/media?parent=4239"}],"curies":[{"name":"wp","href":"https:\/\/api.w.org\/{rel}","templated":true}]}}

Provisió no definitiva del lloc de secretaria intervenció

<figure class="wp-block-table is-style-stripes"><table><tbody><tr><td class="has-text-align-left" data-align="left"><strong>Anunci</strong> (14.11.2023)</td><td class="has-text-align-left" data-align="left"><a href="https://lasenia.eadministracio.cat/board" data-type="link" data-id="https://lasenia.eadministracio.cat/board" target="_blank" rel="noreferrer noopener">Seu electrònica de l&#8217;Ajuntament de la Sénia</a></td></tr><tr><td class="has-text-align-left" data-align="left"><strong>Bases i convocatòria</strong></td><td class="has-text-align-left" data-align="left"><a href="https://lasenia.cat/web/wp-content/uploads/2023/11/Bases_secre_interv.pdf" data-type="link" data-id="https://lasenia.cat/web/wp-content/uploads/2023/11/Bases_secre_interv.pdf">Descarregueu-les aquí</a></td></tr><tr><td class="has-text-align-left" data-align="left"><strong>Termini de presentació de sol·licituds</strong></td><td class="has-text-align-left" data-align="left"><strong>FINALITZAT</strong></td></tr><tr><td class="has-text-align-left" data-align="left"><strong>On presentar-les</strong></td><td class="has-text-align-left" data-align="left">Telemàticament a través de la seu electrònica amb el formulari específic.</td></tr><tr><td class="has-text-align-left" data-align="left"><strong>Què cal presentar</strong></td><td class="has-text-align-left" data-align="left">&#8211; DNI.<br>&#8211; Currículum vitae.<br>&#8211; Certificat de serveis expedit per la Direcció General de Funció Pública del Ministeri competent o, alternativament, certificats de serveis prestats.<br>&#8211; Titulació acadèmica.<br>&#8211; Documentació acreditativa dels títols i cursos de formació i perfeccionament.<br>&#8211; Certificat de coneixements de la llengua catalana (C1).</td></tr></tbody></table></figure>

<p>Anunci (14.11.2023) Seu electrònica de l&#8217;Ajuntament de la Sénia Bases i convocatòria Descarregueu-les aquí Termini de presentació de sol·licituds FINALITZAT</p>
