{"id":4037,"date":"2023-09-20T07:09:25","date_gmt":"2023-09-20T06:09:25","guid":{"rendered":"https:\/\/lasenia.cat\/web\/?page_id=4037"},"modified":"2024-01-22T08:05:05","modified_gmt":"2024-01-22T07:05:05","slug":"alts-carrecs-personal-directiu-i-carrecs-eventuals","status":"publish","type":"page","link":"https:\/\/lasenia.cat\/web\/alts-carrecs-personal-directiu-i-carrecs-eventuals\/","title":{"rendered":"Alts c\u00e0rrecs, personal directiu i c\u00e0rrecs eventuals"},"content":{"rendered":"\n<p><\/p>\n\n\n\n<h5 class=\"wp-block-heading\"><strong>Personal eventual <\/strong><\/h5>\n\n\n\n<p>S\u00f3n personal eventual els empleats p\u00fablics que ocupen llocs de confian\u00e7a i assessorament especial. El seu lliure nomenament i el cessament corresponen a l\u2019alcalde o alcaldessa, que n\u2019ha de donar compte al Ple de la corporaci\u00f3. <\/p>\n\n\n\n<p>El nombre m\u00e0xim de personal eventual es regula a l\u2019article 104.bis de la Llei 7\/1985, de 2 d\u2019abril, reguladora de les bases del r\u00e8gim local. <\/p>\n\n\n\n<p>D\u2019acord amb aquesta disposici\u00f3, en la plantilla pressupost\u00e0ria per a l\u2019any en curs, que forma part del pressupost aprovat pel plenari del de l&#8217;Ajuntament, per a l&#8217;exercici 2023 es defineix 1 pla\u00e7a de personal eventual.<\/p>\n\n\n\n<p><a href=\"https:\/\/www.diputaciodetarragona.cat\/ebop\/index.php?op=anunci&amp;id=8781&amp;ebop_any=2023\" data-type=\"link\" data-id=\"https:\/\/www.diputaciodetarragona.cat\/ebop\/index.php?op=anunci&amp;id=8781&amp;ebop_any=2023\">ANUNCI BOPT 20.09.2023 de nomenament de personal eventual<\/a><\/p>\n\n\n\n<p> <\/p>\n\n\n\n<p><\/p>\n","protected":false},"excerpt":{"rendered":"<p>Personal eventual S\u00f3n personal eventual els empleats p\u00fablics que ocupen llocs de confian\u00e7a i assessorament especial. El seu lliure nomenament<\/p>\n","protected":false},"author":3,"featured_media":0,"parent":0,"menu_order":0,"comment_status":"closed","ping_status":"closed","template":"","meta":{"colormag_page_container_layout":"no_sidebar_full_width","colormag_page_sidebar_layout":"no_sidebar","footnotes":""},"class_list":["post-4037","page","type-page","status-publish","hentry"],"_links":{"self":[{"href":"https:\/\/lasenia.cat\/web\/wp-json\/wp\/v2\/pages\/4037","targetHints":{"allow":["GET"]}}],"collection":[{"href":"https:\/\/lasenia.cat\/web\/wp-json\/wp\/v2\/pages"}],"about":[{"href":"https:\/\/lasenia.cat\/web\/wp-json\/wp\/v2\/types\/page"}],"author":[{"embeddable":true,"href":"https:\/\/lasenia.cat\/web\/wp-json\/wp\/v2\/users\/3"}],"replies":[{"embeddable":true,"href":"https:\/\/lasenia.cat\/web\/wp-json\/wp\/v2\/comments?post=4037"}],"version-history":[{"count":6,"href":"https:\/\/lasenia.cat\/web\/wp-json\/wp\/v2\/pages\/4037\/revisions"}],"predecessor-version":[{"id":4588,"href":"https:\/\/lasenia.cat\/web\/wp-json\/wp\/v2\/pages\/4037\/revisions\/4588"}],"wp:attachment":[{"href":"https:\/\/lasenia.cat\/web\/wp-json\/wp\/v2\/media?parent=4037"}],"curies":[{"name":"wp","href":"https:\/\/api.w.org\/{rel}","templated":true}]}}

Alts càrrecs, personal directiu i càrrecs eventuals

<p></p>



<h5 class="wp-block-heading"><strong>Personal eventual </strong></h5>



<p>Són personal eventual els empleats públics que ocupen llocs de confiança i assessorament especial. El seu lliure nomenament i el cessament corresponen a l’alcalde o alcaldessa, que n’ha de donar compte al Ple de la corporació. </p>



<p>El nombre màxim de personal eventual es regula a l’article 104.bis de la Llei 7/1985, de 2 d’abril, reguladora de les bases del règim local. </p>



<p>D’acord amb aquesta disposició, en la plantilla pressupostària per a l’any en curs, que forma part del pressupost aprovat pel plenari del de l&#8217;Ajuntament, per a l&#8217;exercici 2023 es defineix 1 plaça de personal eventual.</p>



<p><a href="https://www.diputaciodetarragona.cat/ebop/index.php?op=anunci&amp;id=8781&amp;ebop_any=2023" data-type="link" data-id="https://www.diputaciodetarragona.cat/ebop/index.php?op=anunci&amp;id=8781&amp;ebop_any=2023">ANUNCI BOPT 20.09.2023 de nomenament de personal eventual</a></p>



<p> </p>



<p></p>

<p>Personal eventual Són personal eventual els empleats públics que ocupen llocs de confiança i assessorament especial. El seu lliure nomenament</p>
