{"id":3844,"date":"2023-07-14T11:59:57","date_gmt":"2023-07-14T10:59:57","guid":{"rendered":"https:\/\/lasenia.cat\/web\/?page_id=3844"},"modified":"2023-07-14T12:20:21","modified_gmt":"2023-07-14T11:20:21","slug":"competencies-de-la-junta-de-govern","status":"publish","type":"page","link":"https:\/\/lasenia.cat\/web\/competencies-de-la-junta-de-govern\/","title":{"rendered":"Compet\u00e8ncies de la Junta de Govern"},"content":{"rendered":"\n<p><strong>Mitjan\u00e7ant resoluci\u00f3 d\u2019alcaldia n\u00famero 2023-0719 de data 4 de juliol de 2023, l\u2019alcaldia va delegar en la Junta de Govern Local les seg\u00fcents compet\u00e8ncies:<\/strong><\/p>\n\n\n\n<p><strong>En mat\u00e8ria d\u2019Economia i Hisenda:<\/strong><\/p>\n\n\n\n<p>Aprovaci\u00f3 de les bases espec\u00edfiques de subvencions i convocat\u00f2ria de totes les subvencions amb car\u00e0cter nominatiu.<br>Atorgament de subvencions amb car\u00e0cter nominatiu.<br>La resoluci\u00f3 de reintegrament de subvencions i la imposici\u00f3 de sancions en mat\u00e8ria de subvencions nominatives.<br>Acceptar subvencions quan l\u2019\u00f2rgan competent sigui Alcaldia.<\/p>\n\n\n\n<p><strong>En mat\u00e8ria de contractaci\u00f3 i patrimoni (quan l\u2019\u00f2rgan de contractaci\u00f3 sigui l\u2019alcaldia):<\/strong><br>L\u2019aprovaci\u00f3 de devolucions de fiances, avals i garanties.<\/p>\n\n\n\n<p><strong>En mat\u00e8ria de personal:<\/strong><br>La separaci\u00f3 del servei als funcionaris de la Corporaci\u00f3 i l\u2019acomiadament del personal laboral amb daci\u00f3 de compte al Ple en la primera sessi\u00f3 que es celebri.<br>Aprovar la Oferta P\u00fablica d\u2019Ocupaci\u00f3.<\/p>\n\n\n\n<p><strong>En mat\u00e8ria urban\u00edstica i patrimonial<\/strong>:<br>Les aprovacions dels instruments de planejament de desenvolupament del planejament general no expressament atribu\u00efdes al Ple, aix\u00ed com la dels instruments de gesti\u00f3 urban\u00edstica i dels projectes d&#8217;urbanitzaci\u00f3.<\/p>\n\n\n\n<p><strong>En mat\u00e8ria de foment:<\/strong><br>Acordar la subscripci\u00f3 de convenis de col\u00b7laboraci\u00f3 amb altres Administracions, aix\u00ed com amb entitats i particulars, i aprovar la despesa que comporta compet\u00e8ncia d\u2019alcaldia.<br>Acordar la subscripci\u00f3 de convenis de col\u00b7laboraci\u00f3 amb entitats referents a la incorporaci\u00f3 d\u2019alumnes en pr\u00e0ctiques.<\/p>\n\n\n\n<p><strong>Mitjan\u00e7ant acord de Ple de 10 de juliol de 2023, el Ple va delegar en la Junta de Govern Local les seg\u00fcents compet\u00e8ncies:<\/strong><\/p>\n\n\n\n<p><strong>En mat\u00e8ria d\u2019Economia i Hisenda:<\/strong><br>Compet\u00e8ncies delegades pel Ple a la Junta de Govern per a cada exercici en les Bases d\u2019Execuci\u00f3 del Pressupost.<br>Aprovar, modificar i derogar els preus p\u00fablics.<br>Compet\u00e8ncies en mat\u00e8ria de revocaci\u00f3 dels actes d\u2019aplicaci\u00f3 tributaria i imposici\u00f3 de sancions quan l\u2019\u00f2rgan competent, en base a l\u2019article 219 Llei General Tributaria 58\/2003, sigui el Ple.<br>Sol\u00b7licitar i acceptar subvencions quan la disposici\u00f3 que aprovi la convocat\u00f2ria estableixi que el Ple \u00e9s l\u2019\u00f2rgan municipal competent.<\/p>\n\n\n\n<p><strong>En mat\u00e8ria de personal:<\/strong><br>Rehabilitar als funcionaris de la Corporaci\u00f3.<br>Encarregar, mitjan\u00e7ant conveni, la selecci\u00f3 i formaci\u00f3 del personal propi de l\u2019Escola d\u2019Administraci\u00f3 P\u00fablica de Catalunya.<br>Declarar les incompatibilitats del personal i autoritzar o denegar les sol\u00b7licituds sobre compatibilitats.<\/p>\n\n\n\n<p><strong>En mat\u00e8ria de poblaci\u00f3:<\/strong><br>Aprovar la rectificaci\u00f3 anual del padr\u00f3 Municipal d\u2019Habitants i resoldre les reclamacions que s\u2019interposin en relaci\u00f3 amb aquest.<\/p>\n\n\n\n<p><strong>En mat\u00e8ria de contractaci\u00f3 i patrimoni (sempre que l\u2019\u00f2rgan de contractaci\u00f3 sigui el Ple)<\/strong>:<br>Aprovar les recepcions i les devolucions de les garanties.<br>Acordar la modificaci\u00f3 dels contractes quan, a\u00efllada o conjuntament, no impliqui una alteraci\u00f3 del preu inicial del contracte superior, per exc\u00e9s o per defecte, al 10%.<br>Aprovar els estudis de Seguretat i Salut, la conformitat als Plans de Seguretat i Salut i els nomenaments de Director T\u00e8cnic de les obres i de Coordinador en mat\u00e8ria de seguretat i salut.<br>Declarar les resolucions dels contractes o concessions si no es formula oposici\u00f3 per part del contractista.<br>Imposici\u00f3 de sancions als contractistes i concessionaris que no impliquin la resoluci\u00f3 del contracte.<br>Autoritzar la transmissi\u00f3 a tercers dels contractes i concessions. Aprovar inicialment i ordenar l\u2019exposici\u00f3 p\u00fablica de les propostes de modificaci\u00f3 dels Plecs de Cl\u00e0usules Generals.<br>Acceptar b\u00e9ns amb c\u00e0rregues o grav\u00e0mens onerosos.<\/p>\n\n\n\n<p><strong>En mat\u00e8ria processal:<\/strong><br>La declaraci\u00f3 de lesivitat dels actes administratius regulada a l\u2019article 107 de la Llei 39\/2015 de Procediment Administratiu Com\u00fa de les Administracions P\u00fabliques.<br>Acordar la compareixen\u00e7a de la Corporaci\u00f3 en tot tipus de processos judicials que, afectant a aquest Ajuntament, se segueixen per o contra altres Administracions o particulars.<br>Acordar l\u2019exercici d\u2019accions judicials i administratives i la defensa de la Corporaci\u00f3 en mat\u00e8ria de compet\u00e8ncia plen\u00e0ria.<br>Atorgar la representaci\u00f3 de l\u2019Ajuntament per l\u2019exercici de tot tipus d\u2019accions administratives i judicials.<br>La resoluci\u00f3, en via administrativa, de les accions, reclamacions i recursos de qualsevol naturalesa que s\u2019interposin contra acords dictats per Junta de Govern Local.<\/p>\n\n\n\n<p><strong>En mat\u00e8ria de foment:<\/strong><br>Convenis: Acordar la subscripci\u00f3 de convenis de col\u00b7laboraci\u00f3 amb altres Administracions, aix\u00ed com amb entitats i particulars, i aprovar la despesa que comporta compet\u00e8ncia de Ple.<\/p>\n","protected":false},"excerpt":{"rendered":"<p>Mitjan\u00e7ant resoluci\u00f3 d\u2019alcaldia n\u00famero 2023-0719 de data 4 de juliol de 2023, l\u2019alcaldia va delegar en la Junta de Govern<\/p>\n","protected":false},"author":3,"featured_media":0,"parent":0,"menu_order":0,"comment_status":"closed","ping_status":"closed","template":"","meta":{"colormag_page_container_layout":"default_layout","colormag_page_sidebar_layout":"default_layout","footnotes":""},"class_list":["post-3844","page","type-page","status-publish","hentry"],"_links":{"self":[{"href":"https:\/\/lasenia.cat\/web\/wp-json\/wp\/v2\/pages\/3844","targetHints":{"allow":["GET"]}}],"collection":[{"href":"https:\/\/lasenia.cat\/web\/wp-json\/wp\/v2\/pages"}],"about":[{"href":"https:\/\/lasenia.cat\/web\/wp-json\/wp\/v2\/types\/page"}],"author":[{"embeddable":true,"href":"https:\/\/lasenia.cat\/web\/wp-json\/wp\/v2\/users\/3"}],"replies":[{"embeddable":true,"href":"https:\/\/lasenia.cat\/web\/wp-json\/wp\/v2\/comments?post=3844"}],"version-history":[{"count":6,"href":"https:\/\/lasenia.cat\/web\/wp-json\/wp\/v2\/pages\/3844\/revisions"}],"predecessor-version":[{"id":3855,"href":"https:\/\/lasenia.cat\/web\/wp-json\/wp\/v2\/pages\/3844\/revisions\/3855"}],"wp:attachment":[{"href":"https:\/\/lasenia.cat\/web\/wp-json\/wp\/v2\/media?parent=3844"}],"curies":[{"name":"wp","href":"https:\/\/api.w.org\/{rel}","templated":true}]}}

Competències de la Junta de Govern

<p><strong>Mitjançant resolució d’alcaldia número 2023-0719 de data 4 de juliol de 2023, l’alcaldia va delegar en la Junta de Govern Local les següents competències:</strong></p>



<p><strong>En matèria d’Economia i Hisenda:</strong></p>



<p>Aprovació de les bases específiques de subvencions i convocatòria de totes les subvencions amb caràcter nominatiu.<br>Atorgament de subvencions amb caràcter nominatiu.<br>La resolució de reintegrament de subvencions i la imposició de sancions en matèria de subvencions nominatives.<br>Acceptar subvencions quan l’òrgan competent sigui Alcaldia.</p>



<p><strong>En matèria de contractació i patrimoni (quan l’òrgan de contractació sigui l’alcaldia):</strong><br>L’aprovació de devolucions de fiances, avals i garanties.</p>



<p><strong>En matèria de personal:</strong><br>La separació del servei als funcionaris de la Corporació i l’acomiadament del personal laboral amb dació de compte al Ple en la primera sessió que es celebri.<br>Aprovar la Oferta Pública d’Ocupació.</p>



<p><strong>En matèria urbanística i patrimonial</strong>:<br>Les aprovacions dels instruments de planejament de desenvolupament del planejament general no expressament atribuïdes al Ple, així com la dels instruments de gestió urbanística i dels projectes d&#8217;urbanització.</p>



<p><strong>En matèria de foment:</strong><br>Acordar la subscripció de convenis de col·laboració amb altres Administracions, així com amb entitats i particulars, i aprovar la despesa que comporta competència d’alcaldia.<br>Acordar la subscripció de convenis de col·laboració amb entitats referents a la incorporació d’alumnes en pràctiques.</p>



<p><strong>Mitjançant acord de Ple de 10 de juliol de 2023, el Ple va delegar en la Junta de Govern Local les següents competències:</strong></p>



<p><strong>En matèria d’Economia i Hisenda:</strong><br>Competències delegades pel Ple a la Junta de Govern per a cada exercici en les Bases d’Execució del Pressupost.<br>Aprovar, modificar i derogar els preus públics.<br>Competències en matèria de revocació dels actes d’aplicació tributaria i imposició de sancions quan l’òrgan competent, en base a l’article 219 Llei General Tributaria 58/2003, sigui el Ple.<br>Sol·licitar i acceptar subvencions quan la disposició que aprovi la convocatòria estableixi que el Ple és l’òrgan municipal competent.</p>



<p><strong>En matèria de personal:</strong><br>Rehabilitar als funcionaris de la Corporació.<br>Encarregar, mitjançant conveni, la selecció i formació del personal propi de l’Escola d’Administració Pública de Catalunya.<br>Declarar les incompatibilitats del personal i autoritzar o denegar les sol·licituds sobre compatibilitats.</p>



<p><strong>En matèria de població:</strong><br>Aprovar la rectificació anual del padró Municipal d’Habitants i resoldre les reclamacions que s’interposin en relació amb aquest.</p>



<p><strong>En matèria de contractació i patrimoni (sempre que l’òrgan de contractació sigui el Ple)</strong>:<br>Aprovar les recepcions i les devolucions de les garanties.<br>Acordar la modificació dels contractes quan, aïllada o conjuntament, no impliqui una alteració del preu inicial del contracte superior, per excés o per defecte, al 10%.<br>Aprovar els estudis de Seguretat i Salut, la conformitat als Plans de Seguretat i Salut i els nomenaments de Director Tècnic de les obres i de Coordinador en matèria de seguretat i salut.<br>Declarar les resolucions dels contractes o concessions si no es formula oposició per part del contractista.<br>Imposició de sancions als contractistes i concessionaris que no impliquin la resolució del contracte.<br>Autoritzar la transmissió a tercers dels contractes i concessions. Aprovar inicialment i ordenar l’exposició pública de les propostes de modificació dels Plecs de Clàusules Generals.<br>Acceptar béns amb càrregues o gravàmens onerosos.</p>



<p><strong>En matèria processal:</strong><br>La declaració de lesivitat dels actes administratius regulada a l’article 107 de la Llei 39/2015 de Procediment Administratiu Comú de les Administracions Públiques.<br>Acordar la compareixença de la Corporació en tot tipus de processos judicials que, afectant a aquest Ajuntament, se segueixen per o contra altres Administracions o particulars.<br>Acordar l’exercici d’accions judicials i administratives i la defensa de la Corporació en matèria de competència plenària.<br>Atorgar la representació de l’Ajuntament per l’exercici de tot tipus d’accions administratives i judicials.<br>La resolució, en via administrativa, de les accions, reclamacions i recursos de qualsevol naturalesa que s’interposin contra acords dictats per Junta de Govern Local.</p>



<p><strong>En matèria de foment:</strong><br>Convenis: Acordar la subscripció de convenis de col·laboració amb altres Administracions, així com amb entitats i particulars, i aprovar la despesa que comporta competència de Ple.</p>

<p>Mitjançant resolució d’alcaldia número 2023-0719 de data 4 de juliol de 2023, l’alcaldia va delegar en la Junta de Govern</p>
