{"id":2839,"date":"2022-12-07T20:14:03","date_gmt":"2022-12-07T19:14:03","guid":{"rendered":"http:\/\/lasenia.cat\/web\/?page_id=2839"},"modified":"2022-12-07T20:14:04","modified_gmt":"2022-12-07T19:14:04","slug":"oliveres-millenaries","status":"publish","type":"page","link":"https:\/\/lasenia.cat\/web\/oliveres-millenaries\/","title":{"rendered":"Oliveres Mil\u00b7len\u00e0ries"},"content":{"rendered":"\n<p>El paisatge t\u00edpic de la plana senienca el defineix un immens mar d\u2019oliveres. L\u2019olivera \u00e9s un dels cultius m\u00e9s antics i caracter\u00edstics de l\u2019Europa mediterr\u00e0nia, i \u00e9s el cultiu per excel\u00b7l\u00e8ncia del nostre terme, ja que s\u2019adapta perfectament a la nostra meteorologia amb les llargues sequeres estivals i la baixa pluviometria anual.<\/p>\n\n\n\n<p>Aix\u00ed mateix, i gr\u00e0cies a diversos factors hist\u00f2rics i geogr\u00e0fics, el territori al voltant del riu S\u00e9nia (amb una extensi\u00f3 de m\u00e9s de 2000 km2 a banda i banda de riu), t\u00e9 la particularitat d\u2019acollir la major concentraci\u00f3 d\u2019oliveres mil\u00b7len\u00e0ries del m\u00f3n.<\/p>\n\n\n\n<p>Aquests arbres majestuosos compleixen els requisits d\u2019un m\u00ednim de 3,5 metres de per\u00edmetre de tronc a una altura d\u20191,3 metres del terra i, actualment, ja se\u2019n troben catalogats aproximadament uns 5.000 exemplars.<\/p>\n\n\n\n<figure class=\"wp-block-gallery columns-2 is-cropped wp-block-gallery-1 is-layout-flex wp-block-gallery-is-layout-flex\"><ul class=\"blocks-gallery-grid\"><li class=\"blocks-gallery-item\"><figure><img loading=\"lazy\" decoding=\"async\" width=\"1024\" height=\"683\" src=\"https:\/\/lasenia.cat\/web\/wp-content\/uploads\/2022\/12\/oliveres-mar-doliveres-1024x683.jpg\" alt=\"\" data-id=\"2841\" data-full-url=\"https:\/\/lasenia.cat\/web\/wp-content\/uploads\/2022\/12\/oliveres-mar-doliveres-scaled.jpg\" data-link=\"https:\/\/lasenia.cat\/web\/?attachment_id=2841\" class=\"wp-image-2841\" srcset=\"https:\/\/lasenia.cat\/web\/wp-content\/uploads\/2022\/12\/oliveres-mar-doliveres-1024x683.jpg 1024w, https:\/\/lasenia.cat\/web\/wp-content\/uploads\/2022\/12\/oliveres-mar-doliveres-300x200.jpg 300w, https:\/\/lasenia.cat\/web\/wp-content\/uploads\/2022\/12\/oliveres-mar-doliveres-768x512.jpg 768w, https:\/\/lasenia.cat\/web\/wp-content\/uploads\/2022\/12\/oliveres-mar-doliveres-1536x1024.jpg 1536w, https:\/\/lasenia.cat\/web\/wp-content\/uploads\/2022\/12\/oliveres-mar-doliveres-2048x1365.jpg 2048w\" sizes=\"auto, (max-width: 1024px) 100vw, 1024px\" \/><\/figure><\/li><li class=\"blocks-gallery-item\"><figure><img loading=\"lazy\" decoding=\"async\" width=\"1024\" height=\"683\" src=\"https:\/\/lasenia.cat\/web\/wp-content\/uploads\/2022\/12\/natura-olivmil-1024x683.jpg\" alt=\"\" data-id=\"2842\" data-full-url=\"https:\/\/lasenia.cat\/web\/wp-content\/uploads\/2022\/12\/natura-olivmil-scaled.jpg\" data-link=\"https:\/\/lasenia.cat\/web\/?attachment_id=2842\" class=\"wp-image-2842\" srcset=\"https:\/\/lasenia.cat\/web\/wp-content\/uploads\/2022\/12\/natura-olivmil-1024x683.jpg 1024w, https:\/\/lasenia.cat\/web\/wp-content\/uploads\/2022\/12\/natura-olivmil-300x200.jpg 300w, https:\/\/lasenia.cat\/web\/wp-content\/uploads\/2022\/12\/natura-olivmil-768x512.jpg 768w, https:\/\/lasenia.cat\/web\/wp-content\/uploads\/2022\/12\/natura-olivmil-1536x1024.jpg 1536w, https:\/\/lasenia.cat\/web\/wp-content\/uploads\/2022\/12\/natura-olivmil-2048x1365.jpg 2048w\" sizes=\"auto, (max-width: 1024px) 100vw, 1024px\" \/><\/figure><\/li><\/ul><figcaption class=\"blocks-gallery-caption\">Mar d&#8217;oliveres a la S\u00e9nia<\/figcaption><\/figure>\n\n\n\n<p><strong>Itineraris \u201cMar d\u2019Oliveres i Pedra Seca\u201d<\/strong> <\/p>\n\n\n\n<p>Per poder observar exemplars d\u2019oliveres mil\u00b7len\u00e0ries us recomanem passejar pels diferents itineraris senyalitzats que us mostrem a continuaci\u00f3:<\/p>\n\n\n\n<div data-wp-interactive=\"core\/file\" class=\"wp-block-file\"><object data-wp-bind--hidden=\"!state.hasPdfPreview\" hidden class=\"wp-block-file__embed\" data=\"https:\/\/lasenia.cat\/web\/wp-content\/uploads\/2022\/12\/oliveres-itineraris-mar-doliveres-i-pedra-seca_compressed1.pdf\" type=\"application\/pdf\" style=\"width:100%;height:600px\" aria-label=\"Incrustaci\u00f3 del fitxer Incrustaci\u00f3 del fitxer Itineraris - Mar d&apos;oliveres i pedra seca..\"><\/object><a href=\"https:\/\/lasenia.cat\/web\/wp-content\/uploads\/2022\/12\/oliveres-itineraris-mar-doliveres-i-pedra-seca_compressed1.pdf\">Itineraris &#8211; Mar d&#8217;oliveres i pedra seca<\/a><a href=\"https:\/\/lasenia.cat\/web\/wp-content\/uploads\/2022\/12\/oliveres-itineraris-mar-doliveres-i-pedra-seca_compressed1.pdf\" class=\"wp-block-file__button\" download>Descarrega<\/a><\/div>\n","protected":false},"excerpt":{"rendered":"<p>El paisatge t\u00edpic de la plana senienca el defineix un immens mar d\u2019oliveres. L\u2019olivera \u00e9s un dels cultius m\u00e9s antics<\/p>\n","protected":false},"author":1,"featured_media":0,"parent":0,"menu_order":0,"comment_status":"closed","ping_status":"closed","template":"","meta":{"colormag_page_container_layout":"default_layout","colormag_page_sidebar_layout":"default_layout","footnotes":""},"class_list":["post-2839","page","type-page","status-publish","hentry"],"_links":{"self":[{"href":"https:\/\/lasenia.cat\/web\/wp-json\/wp\/v2\/pages\/2839","targetHints":{"allow":["GET"]}}],"collection":[{"href":"https:\/\/lasenia.cat\/web\/wp-json\/wp\/v2\/pages"}],"about":[{"href":"https:\/\/lasenia.cat\/web\/wp-json\/wp\/v2\/types\/page"}],"author":[{"embeddable":true,"href":"https:\/\/lasenia.cat\/web\/wp-json\/wp\/v2\/users\/1"}],"replies":[{"embeddable":true,"href":"https:\/\/lasenia.cat\/web\/wp-json\/wp\/v2\/comments?post=2839"}],"version-history":[{"count":1,"href":"https:\/\/lasenia.cat\/web\/wp-json\/wp\/v2\/pages\/2839\/revisions"}],"predecessor-version":[{"id":2843,"href":"https:\/\/lasenia.cat\/web\/wp-json\/wp\/v2\/pages\/2839\/revisions\/2843"}],"wp:attachment":[{"href":"https:\/\/lasenia.cat\/web\/wp-json\/wp\/v2\/media?parent=2839"}],"curies":[{"name":"wp","href":"https:\/\/api.w.org\/{rel}","templated":true}]}}