{"id":2835,"date":"2022-12-07T19:53:33","date_gmt":"2022-12-07T18:53:33","guid":{"rendered":"http:\/\/lasenia.cat\/web\/?page_id=2835"},"modified":"2022-12-07T19:53:34","modified_gmt":"2022-12-07T18:53:34","slug":"riu-senia","status":"publish","type":"page","link":"https:\/\/lasenia.cat\/web\/riu-senia\/","title":{"rendered":"Riu S\u00e9nia"},"content":{"rendered":"\n<p>El riu S\u00e9nia naix als Ports i \u00e9s un riu t\u00edpicament mediterrani de recorregut curt, cabal irregular i amb forts estiatges, que desemboca a la zona coneguda com \u201cSol-de-riu\u201d, entre Alcanar i Vinar\u00f2s.<\/p>\n\n\n\n<p>Es tracta d\u2019un dels elements m\u00e9s caracter\u00edstics de la demarcaci\u00f3 i constitueix el nexe d\u2019uni\u00f3 entre Catalunya i la Comunitat Valenciana. A m\u00e9s, es considera un dels principals referents en que s\u2019ha fonamentat bona part de la hist\u00f2ria socioecon\u00f2mica de la poblaci\u00f3 senienca, i compta amb un ecosistema de gran valor.<\/p>\n\n\n\n<p><strong>El cam\u00ed fluvial del riu S\u00e9nia<\/strong><\/p>\n\n\n\n<p>\u00a0pas pel nostre terme, podem observar un riu envoltat d\u2019un frond\u00f3s bosc de ribera amb paratges que inviten a visitar-lo, per aix\u00f2, s\u2019han recuperat diversos accessos i camins que actualment, conformen part de la xarxa d\u2019itineraris saludables de la poblaci\u00f3.<\/p>\n\n\n\n<div data-wp-interactive=\"core\/file\" class=\"wp-block-file\"><object data-wp-bind--hidden=\"!state.hasPdfPreview\" hidden class=\"wp-block-file__embed\" data=\"https:\/\/lasenia.cat\/web\/wp-content\/uploads\/2022\/12\/riu-se\u0301nia-itineraris_cami\u0301-fluvial_compressed.pdf\" type=\"application\/pdf\" style=\"width:100%;height:600px\" aria-label=\"Incrustaci\u00f3 del fitxer Incrustaci\u00f3 del fitxer Riu S\u00e9nia - Cam\u00ed Fluvial..\"><\/object><a href=\"https:\/\/lasenia.cat\/web\/wp-content\/uploads\/2022\/12\/riu-se\u0301nia-itineraris_cami\u0301-fluvial_compressed.pdf\">Riu S\u00e9nia &#8211; Cam\u00ed Fluvial<\/a><a href=\"https:\/\/lasenia.cat\/web\/wp-content\/uploads\/2022\/12\/riu-se\u0301nia-itineraris_cami\u0301-fluvial_compressed.pdf\" class=\"wp-block-file__button\" download>Descarrega<\/a><\/div>\n\n\n\n<p><strong>Zones de bany al riu S\u00e9nia<\/strong><\/p>\n\n\n\n<p>Des de l\u2019Ajuntament de la S\u00e9nia volem garantir la qualitat i seguretat de la visita al riu S\u00e9nia fomentant pautes de bona conducta que ajuden a mantenir l\u2019equilibri d\u2019aquest ecosistema tan vulnerable i fr\u00e0gil.<\/p>\n\n\n\n<p>Garantir-ne l\u2019equilibri ecol\u00f2gic \u00e9s una responsabilitat que cal assumir per part de tothom qui el visita i, per aix\u00f2, detallem a continuaci\u00f3 diverses recomanacions:<\/p>\n\n\n\n<ul class=\"wp-block-list\"><li>El bany \u00e9s una activitat regulada i cal que es faci amb molta precauci\u00f3 i sentit com\u00fa, els ecosistemes aqu\u00e0tics s\u00f3n molt fr\u00e0gils i la nostra actitud condicionar\u00e0 la seva conservaci\u00f3.<\/li><li>Eviteu les cremes solars si voleu refrescar-vos al riu, ja que afecten negativament la fauna que hi habita.<\/li><li>No allibereu animals, podeu provocar greus impactes en la flora i fauna aut\u00f2ctona.<\/li><li>Aparqueu a les zones habilitades i no circuleu per zones on estigui prohibit.<\/li><li>Emporteu-vos les escombraries i llenceu-les als contenidors habilitats m\u00e9s propers.<\/li><li>Porteu els animals dom\u00e8stics lligats.<\/li><li>No feu foc.<\/li><li>Observeu els animals sense molestar-los i no arrenqueu plantes, ja que poden estar protegides.<\/li><li>Deixeu la natura tal com l\u2019heu trobat.<\/li><\/ul>\n\n\n\n<p>Visiteu-nos al punt d\u2019informaci\u00f3, us resoldrem tots els dubtes i us orientarem per fer de la vostra visita una magn\u00edfica experi\u00e8ncia.<\/p>\n\n\n\n<p><\/p>\n","protected":false},"excerpt":{"rendered":"<p>El riu S\u00e9nia naix als Ports i \u00e9s un riu t\u00edpicament mediterrani de recorregut curt, cabal irregular i amb forts<\/p>\n","protected":false},"author":1,"featured_media":0,"parent":0,"menu_order":0,"comment_status":"closed","ping_status":"closed","template":"","meta":{"colormag_page_container_layout":"no_sidebar_full_width","colormag_page_sidebar_layout":"no_sidebar","footnotes":""},"class_list":["post-2835","page","type-page","status-publish","hentry"],"_links":{"self":[{"href":"https:\/\/lasenia.cat\/web\/wp-json\/wp\/v2\/pages\/2835","targetHints":{"allow":["GET"]}}],"collection":[{"href":"https:\/\/lasenia.cat\/web\/wp-json\/wp\/v2\/pages"}],"about":[{"href":"https:\/\/lasenia.cat\/web\/wp-json\/wp\/v2\/types\/page"}],"author":[{"embeddable":true,"href":"https:\/\/lasenia.cat\/web\/wp-json\/wp\/v2\/users\/1"}],"replies":[{"embeddable":true,"href":"https:\/\/lasenia.cat\/web\/wp-json\/wp\/v2\/comments?post=2835"}],"version-history":[{"count":1,"href":"https:\/\/lasenia.cat\/web\/wp-json\/wp\/v2\/pages\/2835\/revisions"}],"predecessor-version":[{"id":2837,"href":"https:\/\/lasenia.cat\/web\/wp-json\/wp\/v2\/pages\/2835\/revisions\/2837"}],"wp:attachment":[{"href":"https:\/\/lasenia.cat\/web\/wp-json\/wp\/v2\/media?parent=2835"}],"curies":[{"name":"wp","href":"https:\/\/api.w.org\/{rel}","templated":true}]}}