{"id":2444,"date":"2022-10-10T12:35:38","date_gmt":"2022-10-10T11:35:38","guid":{"rendered":"https:\/\/lasenia.cat\/web\/?page_id=2444"},"modified":"2026-04-23T12:41:03","modified_gmt":"2026-04-23T10:41:03","slug":"borses-de-treball","status":"publish","type":"page","link":"https:\/\/lasenia.cat\/web\/borses-de-treball\/","title":{"rendered":"Borses de treball"},"content":{"rendered":"\n<figure class=\"wp-block-table is-style-stripes\"><table><thead><tr><th class=\"has-text-align-left\" data-align=\"left\">Borsa<\/th><th class=\"has-text-align-center\" data-align=\"center\">Vig\u00e8ncia<\/th><\/tr><\/thead><tbody><tr><td class=\"has-text-align-left\" data-align=\"left\"><a href=\"https:\/\/lasenia.cat\/web\/borsa-de-direccio-de-lleure\/\" data-type=\"link\" data-id=\"https:\/\/lasenia.cat\/web\/borsa-de-direccio-de-lleure\/\" target=\"_blank\" rel=\"noreferrer noopener\">Borsa de directors i directores de lleure 2026<\/a><\/td><td class=\"has-text-align-center\" data-align=\"center\">En proc\u00e9s d&#8217;actualitzaci\u00f3<\/td><\/tr><tr><td class=\"has-text-align-left\" data-align=\"left\"><a href=\"https:\/\/lasenia.cat\/web\/borsa-de-treball-de-monitoratge-de-lleure-2026\/\" data-type=\"link\" data-id=\"https:\/\/lasenia.cat\/web\/borsa-de-treball-de-monitoratge-de-lleure-2026\/\" target=\"_blank\" rel=\"noreferrer noopener\">Borsa de monitors i monitores de lleure 2026<\/a><\/td><td class=\"has-text-align-center\" data-align=\"center\">En proc\u00e9s d&#8217;actualitzaci\u00f3<\/td><\/tr><tr><td class=\"has-text-align-left\" data-align=\"left\"><a href=\"https:\/\/lasenia.cat\/web\/borsa-tecnics-ques-educadors-es\/\" data-type=\"link\" data-id=\"https:\/\/lasenia.cat\/web\/borsa-tecnics-ques-educadors-es\/\" target=\"_blank\" rel=\"noreferrer noopener\">Borsa de t\u00e8cnics i t\u00e8cniques educadors de la Llar d&#8217;infants (CFGS)<\/a><\/td><td class=\"has-text-align-center\" data-align=\"center\">En proc\u00e9s d&#8217;actualitzaci\u00f3<\/td><\/tr><tr><td class=\"has-text-align-left\" data-align=\"left\"><a href=\"https:\/\/lasenia.cat\/web\/borsa-educadors-es-borsa-educ01\/\" data-type=\"link\" data-id=\"https:\/\/lasenia.cat\/web\/borsa-educadors-es-borsa-educ01\/\" target=\"_blank\" rel=\"noreferrer noopener\">Borsa d&#8217;educadors\/es de la Llar d&#8217;infants (mestres)<\/a><\/td><td class=\"has-text-align-center\" data-align=\"center\">En proc\u00e9s de constituci\u00f3<\/td><\/tr><tr><td class=\"has-text-align-left\" data-align=\"left\"><a href=\"https:\/\/lasenia.cat\/web\/coordinador-a-del-complex-esportiu\/\" data-type=\"link\" data-id=\"https:\/\/lasenia.cat\/web\/coordinador-a-del-complex-esportiu\/\" target=\"_blank\" rel=\"noreferrer noopener\">Borsa de coordinadors esportius<\/a><\/td><td class=\"has-text-align-center\" data-align=\"center\">11.03.2026 a 11.03.2028<\/td><\/tr><tr><td class=\"has-text-align-left\" data-align=\"left\"><a href=\"https:\/\/lasenia.cat\/web\/administratiu-va-de-gestio-admin05\/\" target=\"_blank\" rel=\"noreferrer noopener\">Borsa administratives de gesti\u00f3<\/a><\/td><td class=\"has-text-align-center\" data-align=\"center\">26.02.2026 a 26.02.2028<\/td><\/tr><tr><td class=\"has-text-align-left\" data-align=\"left\"><a href=\"https:\/\/lasenia.cat\/web\/borsa-de-treball-peons-de-brigada-2025\/\" target=\"_blank\" rel=\"noreferrer noopener\">Borsa de peons<\/a><\/td><td class=\"has-text-align-center\" data-align=\"center\">26.02.2026 a 26.02.2028<\/td><\/tr><tr><td class=\"has-text-align-left\" data-align=\"left\"><a href=\"https:\/\/lasenia.cat\/web\/director-a-del-complex-esportiu\/\" data-type=\"link\" data-id=\"https:\/\/lasenia.cat\/web\/director-a-del-complex-esportiu\/\" target=\"_blank\" rel=\"noreferrer noopener nofollow\">Borsa directors\/es esportius\/ves<\/a><\/td><td class=\"has-text-align-center\" data-align=\"center\">10.02.2026 a 10.02.2028<\/td><\/tr><tr><td class=\"has-text-align-left\" data-align=\"left\"><a href=\"https:\/\/lasenia.cat\/web\/borsa-agents-policia-local-2025\/\" data-type=\"link\" data-id=\"https:\/\/lasenia.cat\/web\/borsa-agents-policia-local-2025\/\" target=\"_blank\" rel=\"noreferrer noopener nofollow\">Borsa agents policia local 2025<\/a><\/td><td class=\"has-text-align-center\" data-align=\"center\">15.01.2026 a 15.01.2028<\/td><\/tr><tr><td class=\"has-text-align-left\" data-align=\"left\"><a href=\"https:\/\/lasenia.cat\/web\/borsa-enginyers-es-tecnics-ques-2025\/\" data-type=\"link\" data-id=\"https:\/\/lasenia.cat\/web\/borsa-enginyers-es-tecnics-ques-2025\/\" target=\"_blank\" rel=\"noreferrer noopener\">Borsa d&#8217;enginyers\/res t\u00e8cnics\/ques<\/a><\/td><td class=\"has-text-align-center\" data-align=\"center\">10.12.2025 a 10.12.2027<\/td><\/tr><tr><td class=\"has-text-align-left\" data-align=\"left\"><a href=\"https:\/\/lasenia.cat\/web\/wp-admin\/post.php?post=7509&amp;action=edit\" data-type=\"link\" data-id=\"https:\/\/lasenia.cat\/web\/wp-admin\/post.php?post=7509&amp;action=edit\" target=\"_blank\" rel=\"noreferrer noopener\">Borsa operaris\/es de neteja<\/a> <\/td><td class=\"has-text-align-center\" data-align=\"center\">27.08.2025 a 27.08.2027<\/td><\/tr><tr><td class=\"has-text-align-left\" data-align=\"left\"><a href=\"https:\/\/lasenia.cat\/web\/borsa-de-treball-peons-de-suport-addicional\/\" data-type=\"link\" data-id=\"https:\/\/lasenia.cat\/web\/borsa-de-treball-peons-de-suport-addicional\/\" target=\"_blank\" rel=\"noreferrer noopener\">Borsa de peons de suport addicional<\/a><\/td><td class=\"has-text-align-center\" data-align=\"center\">06.06.2025 a 06.06.2027<\/td><\/tr><tr><td class=\"has-text-align-left\" data-align=\"left\"><a href=\"https:\/\/lasenia.cat\/web\/borsa-dauxiliars-administratius-de-gestio\/\" data-type=\"link\" data-id=\"https:\/\/lasenia.cat\/web\/borsa-dauxiliars-administratius-de-gestio\/\" target=\"_blank\" rel=\"noreferrer noopener\">Borsa d&#8217;auxiliars de gesti\u00f3 administrativa<\/a><\/td><td class=\"has-text-align-center\" data-align=\"center\">21.05.2025 a 21.05.2027<\/td><\/tr><tr><td class=\"has-text-align-left\" data-align=\"left\"><a href=\"https:\/\/lasenia.cat\/web\/borsa-de-treball-auxiliar-tecnic-a-dinformatica\/\" data-type=\"link\" data-id=\"https:\/\/lasenia.cat\/web\/borsa-de-treball-auxiliar-tecnic-a-dinformatica\/\" target=\"_blank\" rel=\"noreferrer noopener\">Borsa d&#8217;auxiliars t\u00e8cnics\/ques d&#8217;inform\u00e0tica<\/a><\/td><td class=\"has-text-align-center\" data-align=\"center\">01.04.205 a 01.04.2027<\/td><\/tr><tr><td class=\"has-text-align-left\" data-align=\"left\"><a href=\"https:\/\/lasenia.cat\/web\/borsa-de-treball-secretaria-intervencio\/\" target=\"_blank\" rel=\"noreferrer noopener\">Borsa secretaria intervenci\u00f3<\/a><\/td><td class=\"has-text-align-center\" data-align=\"center\">02.02.2025 a 02.02.2027<\/td><\/tr><tr><td class=\"has-text-align-left\" data-align=\"left\"><a href=\"https:\/\/lasenia.cat\/web\/dinamitzador-a-del-pla-educatiu-dentorn\/\" target=\"_blank\" rel=\"noreferrer noopener\">Borsa de dinamitzadores del Pla educatiu d&#8217;entorn<\/a><\/td><td class=\"has-text-align-center\" data-align=\"center\">22.01.2025 a 22.01.2027<\/td><\/tr><tr><td class=\"has-text-align-left\" data-align=\"left\"><a href=\"https:\/\/lasenia.cat\/web\/borsa-de-borsa-de-monitors-i-monitores-de-lleure\/\" data-type=\"link\" data-id=\"https:\/\/lasenia.cat\/web\/borsa-de-borsa-de-monitors-i-monitores-de-lleure\/\">Borsa de monitors i monitores de lleure<\/a> (Actualitzaci\u00f3 juny 2025)<\/td><td class=\"has-text-align-center\" data-align=\"center\">23.05.2024 a 23.05.2026<\/td><\/tr><tr><td class=\"has-text-align-left\" data-align=\"left\"><a href=\"https:\/\/lasenia.cat\/web\/borsa-de-directoris-i-directores-de-lleure-2024\/\" data-type=\"link\" data-id=\"https:\/\/lasenia.cat\/web\/borsa-de-directoris-i-directores-de-lleure-2024\/\" target=\"_blank\" rel=\"noreferrer noopener\">Borsa de directors i directores de lleure<\/a> (Actualitzaci\u00f3 juny 2025)<\/td><td class=\"has-text-align-center\" data-align=\"center\">25.04.2024 a 25.04.2026<\/td><\/tr><tr><td class=\"has-text-align-left\" data-align=\"left\"><a href=\"https:\/\/lasenia.cat\/web\/borsa-de-treball-tencics-ques-educadors-es-llar-infants\/\" data-type=\"URL\" data-id=\"https:\/\/lasenia.cat\/web\/borsa-de-treball-tencics-ques-educadors-es-llar-infants\/\" target=\"_blank\" rel=\"noreferrer noopener\">Borsa t\u00e8cniques educadores de la Llar d&#8217;infants<\/a><\/td><td class=\"has-text-align-center\" data-align=\"center\">10.02.2023 a 10.02.2025<\/td><\/tr><\/tbody><\/table><\/figure>\n\n\n\n<p><\/p>\n","protected":false},"excerpt":{"rendered":"<p>Borsa Vig\u00e8ncia Borsa de directors i directores de lleure 2026 En proc\u00e9s d&#8217;actualitzaci\u00f3 Borsa de monitors i monitores de lleure<\/p>\n","protected":false},"author":3,"featured_media":0,"parent":0,"menu_order":0,"comment_status":"closed","ping_status":"closed","template":"","meta":{"colormag_page_container_layout":"no_sidebar_full_width","colormag_page_sidebar_layout":"no_sidebar","footnotes":""},"class_list":["post-2444","page","type-page","status-publish","hentry"],"_links":{"self":[{"href":"https:\/\/lasenia.cat\/web\/wp-json\/wp\/v2\/pages\/2444","targetHints":{"allow":["GET"]}}],"collection":[{"href":"https:\/\/lasenia.cat\/web\/wp-json\/wp\/v2\/pages"}],"about":[{"href":"https:\/\/lasenia.cat\/web\/wp-json\/wp\/v2\/types\/page"}],"author":[{"embeddable":true,"href":"https:\/\/lasenia.cat\/web\/wp-json\/wp\/v2\/users\/3"}],"replies":[{"embeddable":true,"href":"https:\/\/lasenia.cat\/web\/wp-json\/wp\/v2\/comments?post=2444"}],"version-history":[{"count":56,"href":"https:\/\/lasenia.cat\/web\/wp-json\/wp\/v2\/pages\/2444\/revisions"}],"predecessor-version":[{"id":8995,"href":"https:\/\/lasenia.cat\/web\/wp-json\/wp\/v2\/pages\/2444\/revisions\/8995"}],"wp:attachment":[{"href":"https:\/\/lasenia.cat\/web\/wp-json\/wp\/v2\/media?parent=2444"}],"curies":[{"name":"wp","href":"https:\/\/api.w.org\/{rel}","templated":true}]}}

<figure class="wp-block-table is-style-stripes"><table><thead><tr><th class="has-text-align-left" data-align="left">Borsa</th><th class="has-text-align-center" data-align="center">Vigència</th></tr></thead><tbody><tr><td class="has-text-align-left" data-align="left"><a href="https://lasenia.cat/web/borsa-de-direccio-de-lleure/" data-type="link" data-id="https://lasenia.cat/web/borsa-de-direccio-de-lleure/" target="_blank" rel="noreferrer noopener">Borsa de directors i directores de lleure 2026</a></td><td class="has-text-align-center" data-align="center">En procés d&#8217;actualització</td></tr><tr><td class="has-text-align-left" data-align="left"><a href="https://lasenia.cat/web/borsa-de-treball-de-monitoratge-de-lleure-2026/" data-type="link" data-id="https://lasenia.cat/web/borsa-de-treball-de-monitoratge-de-lleure-2026/" target="_blank" rel="noreferrer noopener">Borsa de monitors i monitores de lleure 2026</a></td><td class="has-text-align-center" data-align="center">En procés d&#8217;actualització</td></tr><tr><td class="has-text-align-left" data-align="left"><a href="https://lasenia.cat/web/borsa-tecnics-ques-educadors-es/" data-type="link" data-id="https://lasenia.cat/web/borsa-tecnics-ques-educadors-es/" target="_blank" rel="noreferrer noopener">Borsa de tècnics i tècniques educadors de la Llar d&#8217;infants (CFGS)</a></td><td class="has-text-align-center" data-align="center">En procés d&#8217;actualització</td></tr><tr><td class="has-text-align-left" data-align="left"><a href="https://lasenia.cat/web/borsa-educadors-es-borsa-educ01/" data-type="link" data-id="https://lasenia.cat/web/borsa-educadors-es-borsa-educ01/" target="_blank" rel="noreferrer noopener">Borsa d&#8217;educadors/es de la Llar d&#8217;infants (mestres)</a></td><td class="has-text-align-center" data-align="center">En procés de constitució</td></tr><tr><td class="has-text-align-left" data-align="left"><a href="https://lasenia.cat/web/coordinador-a-del-complex-esportiu/" data-type="link" data-id="https://lasenia.cat/web/coordinador-a-del-complex-esportiu/" target="_blank" rel="noreferrer noopener">Borsa de coordinadors esportius</a></td><td class="has-text-align-center" data-align="center">11.03.2026 a 11.03.2028</td></tr><tr><td class="has-text-align-left" data-align="left"><a href="https://lasenia.cat/web/administratiu-va-de-gestio-admin05/" target="_blank" rel="noreferrer noopener">Borsa administratives de gestió</a></td><td class="has-text-align-center" data-align="center">26.02.2026 a 26.02.2028</td></tr><tr><td class="has-text-align-left" data-align="left"><a href="https://lasenia.cat/web/borsa-de-treball-peons-de-brigada-2025/" target="_blank" rel="noreferrer noopener">Borsa de peons</a></td><td class="has-text-align-center" data-align="center">26.02.2026 a 26.02.2028</td></tr><tr><td class="has-text-align-left" data-align="left"><a href="https://lasenia.cat/web/director-a-del-complex-esportiu/" data-type="link" data-id="https://lasenia.cat/web/director-a-del-complex-esportiu/" target="_blank" rel="noreferrer noopener nofollow">Borsa directors/es esportius/ves</a></td><td class="has-text-align-center" data-align="center">10.02.2026 a 10.02.2028</td></tr><tr><td class="has-text-align-left" data-align="left"><a href="https://lasenia.cat/web/borsa-agents-policia-local-2025/" data-type="link" data-id="https://lasenia.cat/web/borsa-agents-policia-local-2025/" target="_blank" rel="noreferrer noopener nofollow">Borsa agents policia local 2025</a></td><td class="has-text-align-center" data-align="center">15.01.2026 a 15.01.2028</td></tr><tr><td class="has-text-align-left" data-align="left"><a href="https://lasenia.cat/web/borsa-enginyers-es-tecnics-ques-2025/" data-type="link" data-id="https://lasenia.cat/web/borsa-enginyers-es-tecnics-ques-2025/" target="_blank" rel="noreferrer noopener">Borsa d&#8217;enginyers/res tècnics/ques</a></td><td class="has-text-align-center" data-align="center">10.12.2025 a 10.12.2027</td></tr><tr><td class="has-text-align-left" data-align="left"><a href="https://lasenia.cat/web/wp-admin/post.php?post=7509&amp;action=edit" data-type="link" data-id="https://lasenia.cat/web/wp-admin/post.php?post=7509&amp;action=edit" target="_blank" rel="noreferrer noopener">Borsa operaris/es de neteja</a> </td><td class="has-text-align-center" data-align="center">27.08.2025 a 27.08.2027</td></tr><tr><td class="has-text-align-left" data-align="left"><a href="https://lasenia.cat/web/borsa-de-treball-peons-de-suport-addicional/" data-type="link" data-id="https://lasenia.cat/web/borsa-de-treball-peons-de-suport-addicional/" target="_blank" rel="noreferrer noopener">Borsa de peons de suport addicional</a></td><td class="has-text-align-center" data-align="center">06.06.2025 a 06.06.2027</td></tr><tr><td class="has-text-align-left" data-align="left"><a href="https://lasenia.cat/web/borsa-dauxiliars-administratius-de-gestio/" data-type="link" data-id="https://lasenia.cat/web/borsa-dauxiliars-administratius-de-gestio/" target="_blank" rel="noreferrer noopener">Borsa d&#8217;auxiliars de gestió administrativa</a></td><td class="has-text-align-center" data-align="center">21.05.2025 a 21.05.2027</td></tr><tr><td class="has-text-align-left" data-align="left"><a href="https://lasenia.cat/web/borsa-de-treball-auxiliar-tecnic-a-dinformatica/" data-type="link" data-id="https://lasenia.cat/web/borsa-de-treball-auxiliar-tecnic-a-dinformatica/" target="_blank" rel="noreferrer noopener">Borsa d&#8217;auxiliars tècnics/ques d&#8217;informàtica</a></td><td class="has-text-align-center" data-align="center">01.04.205 a 01.04.2027</td></tr><tr><td class="has-text-align-left" data-align="left"><a href="https://lasenia.cat/web/borsa-de-treball-secretaria-intervencio/" target="_blank" rel="noreferrer noopener">Borsa secretaria intervenció</a></td><td class="has-text-align-center" data-align="center">02.02.2025 a 02.02.2027</td></tr><tr><td class="has-text-align-left" data-align="left"><a href="https://lasenia.cat/web/dinamitzador-a-del-pla-educatiu-dentorn/" target="_blank" rel="noreferrer noopener">Borsa de dinamitzadores del Pla educatiu d&#8217;entorn</a></td><td class="has-text-align-center" data-align="center">22.01.2025 a 22.01.2027</td></tr><tr><td class="has-text-align-left" data-align="left"><a href="https://lasenia.cat/web/borsa-de-borsa-de-monitors-i-monitores-de-lleure/" data-type="link" data-id="https://lasenia.cat/web/borsa-de-borsa-de-monitors-i-monitores-de-lleure/">Borsa de monitors i monitores de lleure</a> (Actualització juny 2025)</td><td class="has-text-align-center" data-align="center">23.05.2024 a 23.05.2026</td></tr><tr><td class="has-text-align-left" data-align="left"><a href="https://lasenia.cat/web/borsa-de-directoris-i-directores-de-lleure-2024/" data-type="link" data-id="https://lasenia.cat/web/borsa-de-directoris-i-directores-de-lleure-2024/" target="_blank" rel="noreferrer noopener">Borsa de directors i directores de lleure</a> (Actualització juny 2025)</td><td class="has-text-align-center" data-align="center">25.04.2024 a 25.04.2026</td></tr><tr><td class="has-text-align-left" data-align="left"><a href="https://lasenia.cat/web/borsa-de-treball-tencics-ques-educadors-es-llar-infants/" data-type="URL" data-id="https://lasenia.cat/web/borsa-de-treball-tencics-ques-educadors-es-llar-infants/" target="_blank" rel="noreferrer noopener">Borsa tècniques educadores de la Llar d&#8217;infants</a></td><td class="has-text-align-center" data-align="center">10.02.2023 a 10.02.2025</td></tr></tbody></table></figure>



<p></p>

<p>Borsa Vigència Borsa de directors i directores de lleure 2026 En procés d&#8217;actualització Borsa de monitors i monitores de lleure</p>
