{"id":2044,"date":"2022-10-03T09:17:09","date_gmt":"2022-10-03T08:17:09","guid":{"rendered":"https:\/\/lasenia.cat\/web\/?page_id=2044"},"modified":"2024-04-30T08:25:13","modified_gmt":"2024-04-30T07:25:13","slug":"oficial-de-neteja-viaria-ofnetv01","status":"publish","type":"page","link":"https:\/\/lasenia.cat\/web\/oficial-de-neteja-viaria-ofnetv01\/","title":{"rendered":"Oficial de neteja vi\u00e0ria (OFNETV01)"},"content":{"rendered":"\n<p>Torn de reserva per a persones amb discapacitat<\/p>\n\n\n\n<figure class=\"wp-block-table is-style-stripes\"><table><tbody><tr><td class=\"has-text-align-center\" data-align=\"center\"><strong>Grup<\/strong><\/td><td class=\"has-text-align-center\" data-align=\"center\"><strong>Tipus de procediment<\/strong><\/td><td class=\"has-text-align-center\" data-align=\"center\"><strong>Perfil<\/strong><\/td><td class=\"has-text-align-center\" data-align=\"center\"><strong>N\u00famero de places<\/strong><\/td><td class=\"has-text-align-center\" data-align=\"center\"><strong>Data BOPT<\/strong><\/td><td class=\"has-text-align-center\" data-align=\"center\"><strong>Data DOGC<\/strong><\/td><\/tr><tr><td class=\"has-text-align-center\" data-align=\"center\">C2<\/td><td class=\"has-text-align-center\" data-align=\"center\">Concurs de m\u00e8rits <\/td><td class=\"has-text-align-center\" data-align=\"center\">Laboral<\/td><td class=\"has-text-align-center\" data-align=\"center\">1<\/td><td class=\"has-text-align-center\" data-align=\"center\">03.10.2022<\/td><td class=\"has-text-align-center\" data-align=\"center\">24.01.2024<\/td><\/tr><\/tbody><\/table><\/figure>\n\n\n\n<figure class=\"wp-block-table is-style-stripes\"><table><tbody><tr><td class=\"has-text-align-left\" data-align=\"left\"><a href=\"https:\/\/www.diputaciodetarragona.cat\/ebop\/index.php?op=anunci&amp;id=8822&amp;ebop_any=2022\" data-type=\"URL\" data-id=\"https:\/\/www.diputaciodetarragona.cat\/ebop\/index.php?op=anunci&amp;id=8822&amp;ebop_any=2022\" target=\"_blank\" rel=\"noreferrer noopener\">Anunci bases i convocat\u00f2ria BOPT<\/a><\/td><\/tr><tr><td class=\"has-text-align-left\" data-align=\"left\"><a href=\"https:\/\/www.diputaciodetarragona.cat\/ebop\/index.php?op=anunci&amp;id=5480&amp;ebop_any=2023\" data-type=\"URL\" data-id=\"https:\/\/www.diputaciodetarragona.cat\/ebop\/index.php?op=anunci&amp;id=5480&amp;ebop_any=2023\" target=\"_blank\" rel=\"noreferrer noopener\">Anunci rectificaci\u00f3 bases convocat\u00f2ria (Nivell de catal\u00e0)<\/a><\/td><\/tr><tr><td class=\"has-text-align-left\" data-align=\"left\"><a href=\"https:\/\/dogc.gencat.cat\/es\/document-del-dogc\/?documentId=976762\" data-type=\"link\" data-id=\"https:\/\/dogc.gencat.cat\/es\/document-del-dogc\/?documentId=976762\" target=\"_blank\" rel=\"noreferrer noopener\">Anunci DOGC<\/a><\/td><\/tr><tr><td class=\"has-text-align-left\" data-align=\"left\"><a href=\"https:\/\/lasenia.cat\/web\/wp-content\/uploads\/2024\/02\/ANUNCI_-Llista_provisional_OFINETV01.pdf\" data-type=\"link\" data-id=\"https:\/\/lasenia.cat\/web\/wp-content\/uploads\/2024\/02\/ANUNCI_-Llista_provisional_OFINETV01.pdf\" target=\"_blank\" rel=\"noreferrer noopener\">Anunci llista provisional de persones admeses i excloses<\/a><\/td><\/tr><tr><td class=\"has-text-align-left\" data-align=\"left\"><a href=\"https:\/\/lasenia.cat\/web\/wp-content\/uploads\/2024\/03\/ANUNCI_Llista_definitiva_OFINETV01.pdf\" data-type=\"link\" data-id=\"https:\/\/lasenia.cat\/web\/wp-content\/uploads\/2024\/03\/ANUNCI_Llista_definitiva_OFINETV01.pdf\" target=\"_blank\" rel=\"noreferrer noopener\">Anunci llista definitiva de persones admeses i excloses<\/a> <\/td><\/tr><tr><td class=\"has-text-align-left\" data-align=\"left\"><a href=\"https:\/\/lasenia.cat\/web\/wp-content\/uploads\/2024\/04\/Resultat_OFNETV01.pdf\" data-type=\"link\" data-id=\"https:\/\/lasenia.cat\/web\/wp-content\/uploads\/2024\/04\/Resultat_OFNETV01.pdf\" target=\"_blank\" rel=\"noreferrer noopener\">Resultat del proc\u00e9s de selecci\u00f3 <\/a><\/td><\/tr><tr><td class=\"has-text-align-left\" data-align=\"left\"><a href=\"https:\/\/www.diputaciodetarragona.cat\/ebop\/index.php?op=anunci&amp;id=3949&amp;ebop_any=2024\" data-type=\"link\" data-id=\"https:\/\/www.diputaciodetarragona.cat\/ebop\/index.php?op=anunci&amp;id=3949&amp;ebop_any=2024\" target=\"_blank\" rel=\"noreferrer noopener\">Nomenament<\/a><\/td><\/tr><\/tbody><\/table><\/figure>\n\n\n\n<p><\/p>\n","protected":false},"excerpt":{"rendered":"<p>Torn de reserva per a persones amb discapacitat Grup Tipus de procediment Perfil N\u00famero de places Data BOPT Data DOGC<\/p>\n","protected":false},"author":3,"featured_media":0,"parent":0,"menu_order":0,"comment_status":"closed","ping_status":"closed","template":"","meta":{"colormag_page_container_layout":"default_layout","colormag_page_sidebar_layout":"default_layout","footnotes":""},"class_list":["post-2044","page","type-page","status-publish","hentry"],"_links":{"self":[{"href":"https:\/\/lasenia.cat\/web\/wp-json\/wp\/v2\/pages\/2044","targetHints":{"allow":["GET"]}}],"collection":[{"href":"https:\/\/lasenia.cat\/web\/wp-json\/wp\/v2\/pages"}],"about":[{"href":"https:\/\/lasenia.cat\/web\/wp-json\/wp\/v2\/types\/page"}],"author":[{"embeddable":true,"href":"https:\/\/lasenia.cat\/web\/wp-json\/wp\/v2\/users\/3"}],"replies":[{"embeddable":true,"href":"https:\/\/lasenia.cat\/web\/wp-json\/wp\/v2\/comments?post=2044"}],"version-history":[{"count":23,"href":"https:\/\/lasenia.cat\/web\/wp-json\/wp\/v2\/pages\/2044\/revisions"}],"predecessor-version":[{"id":5053,"href":"https:\/\/lasenia.cat\/web\/wp-json\/wp\/v2\/pages\/2044\/revisions\/5053"}],"wp:attachment":[{"href":"https:\/\/lasenia.cat\/web\/wp-json\/wp\/v2\/media?parent=2044"}],"curies":[{"name":"wp","href":"https:\/\/api.w.org\/{rel}","templated":true}]}}