{"id":1117,"date":"2021-04-12T16:54:18","date_gmt":"2021-04-12T15:54:18","guid":{"rendered":"http:\/\/lasenia.cat\/web\/?page_id=1117"},"modified":"2021-04-12T16:54:19","modified_gmt":"2021-04-12T15:54:19","slug":"diada-del-camp-daviacio","status":"publish","type":"page","link":"https:\/\/lasenia.cat\/web\/diada-del-camp-daviacio\/","title":{"rendered":"Diada del Camp d&#8217;Aviaci\u00f3"},"content":{"rendered":"\n<p>La S\u00e9nia \u00e9s centre d\u2019inter\u00e8s hist\u00f2ric pel que fa a la Guerra Civil i l\u2019\u00e0mbit de l\u2019aviaci\u00f3 a Catalunya i al conjunt d\u2019Espanya, ja que per raons estrat\u00e8giques d\u2019ubicaci\u00f3, s\u2019hi va construir un dels Camps d\u2019Aviaci\u00f3 de m\u00e9s rellev\u00e0ncia durant el conflicte b\u00e8l\u00b7lic espanyol. Aquest va ser constru\u00eft l\u2019any 1937, i va allotjar, en un primer moment, militars russos i aviadors de l\u2019ex\u00e8rcit de la Rep\u00fablica. Posteriorment, amb l\u2019ocupaci\u00f3 franquista del territori, l\u2019aer\u00f2drom va passar a mans de la Legi\u00f3 C\u00f2ndor alemanya.&nbsp;<\/p>\n\n\n\n<p>Amb la intenci\u00f3 de donar a con\u00e8ixer els fets ocorreguts durant aquella \u00e8poca de conflicte al pa\u00eds, i dinamitzar un espai recentment muse\u00eftzat on es treballa per conservar la mem\u00f2ria hist\u00f2rica i evitar repetir aquells fets tan desgraciats que es van viure, naix l\u2019any 2012 la Diada Commemorativa de la Construcci\u00f3 del Camp d\u2019Aviaci\u00f3 de la S\u00e9nia.&nbsp;<\/p>\n\n\n\n<p>La celebraci\u00f3 recau al dissabte seg\u00fcent al 15 de setembre, ja que la posada en funcionament de l\u2019aer\u00f2drom en el moment de construir-se, sabem que va ser aquest mes de l\u2019any 1937, tot i que es desconeix la data exacta.&nbsp;<\/p>\n\n\n\n<p>Durant la jornada es realitzen visites guiades, recreacions hist\u00f2riques, mostres de productes de militaria i artesans, exhibicions a\u00e8ries, presentacions de llibres, passis de documentals, concerts per la pau, exposicions d\u2019elements d\u2019aquella \u00e8poca, trobades de vehicles antics i\/o de guerra&#8230; tota una jornada que invita a experimentar, empatitzar, emocionar i reflexionar sobre uns fets reals ocorreguts a casa nostra en uns temps \u201cno tan llunyans\u201d&#8230;\u00a0<\/p>\n\n\n\n<p><strong>DATA | 15 DE SETEMBRE<\/strong><\/p>\n\n\n\n<figure class=\"wp-block-gallery columns-2 is-cropped wp-block-gallery-1 is-layout-flex wp-block-gallery-is-layout-flex\"><ul class=\"blocks-gallery-grid\"><li class=\"blocks-gallery-item\"><figure><img loading=\"lazy\" decoding=\"async\" width=\"1024\" height=\"683\" src=\"https:\/\/lasenia.cat\/web\/wp-content\/uploads\/2021\/04\/centre-aviacio-senia-12-2-1024x683.jpg\" alt=\"\" data-id=\"1118\" data-full-url=\"https:\/\/lasenia.cat\/web\/wp-content\/uploads\/2021\/04\/centre-aviacio-senia-12-2.jpg\" data-link=\"https:\/\/lasenia.cat\/web\/?attachment_id=1118\" class=\"wp-image-1118\" srcset=\"https:\/\/lasenia.cat\/web\/wp-content\/uploads\/2021\/04\/centre-aviacio-senia-12-2-1024x683.jpg 1024w, https:\/\/lasenia.cat\/web\/wp-content\/uploads\/2021\/04\/centre-aviacio-senia-12-2-300x200.jpg 300w, https:\/\/lasenia.cat\/web\/wp-content\/uploads\/2021\/04\/centre-aviacio-senia-12-2-768x512.jpg 768w, https:\/\/lasenia.cat\/web\/wp-content\/uploads\/2021\/04\/centre-aviacio-senia-12-2-1536x1024.jpg 1536w, https:\/\/lasenia.cat\/web\/wp-content\/uploads\/2021\/04\/centre-aviacio-senia-12-2.jpg 2048w\" sizes=\"auto, (max-width: 1024px) 100vw, 1024px\" \/><\/figure><\/li><li class=\"blocks-gallery-item\"><figure><img loading=\"lazy\" decoding=\"async\" width=\"1024\" height=\"683\" src=\"https:\/\/lasenia.cat\/web\/wp-content\/uploads\/2021\/04\/centre-aviacio-senia-7-1920x1280-2-1024x683.jpg\" alt=\"\" data-id=\"1119\" data-full-url=\"https:\/\/lasenia.cat\/web\/wp-content\/uploads\/2021\/04\/centre-aviacio-senia-7-1920x1280-2.jpg\" data-link=\"https:\/\/lasenia.cat\/web\/?attachment_id=1119\" class=\"wp-image-1119\" srcset=\"https:\/\/lasenia.cat\/web\/wp-content\/uploads\/2021\/04\/centre-aviacio-senia-7-1920x1280-2-1024x683.jpg 1024w, https:\/\/lasenia.cat\/web\/wp-content\/uploads\/2021\/04\/centre-aviacio-senia-7-1920x1280-2-300x200.jpg 300w, https:\/\/lasenia.cat\/web\/wp-content\/uploads\/2021\/04\/centre-aviacio-senia-7-1920x1280-2-768x512.jpg 768w, https:\/\/lasenia.cat\/web\/wp-content\/uploads\/2021\/04\/centre-aviacio-senia-7-1920x1280-2-1536x1024.jpg 1536w, https:\/\/lasenia.cat\/web\/wp-content\/uploads\/2021\/04\/centre-aviacio-senia-7-1920x1280-2.jpg 1920w\" sizes=\"auto, (max-width: 1024px) 100vw, 1024px\" \/><\/figure><\/li><\/ul><\/figure>\n","protected":false},"excerpt":{"rendered":"<p>La S\u00e9nia \u00e9s centre d\u2019inter\u00e8s hist\u00f2ric pel que fa a la Guerra Civil i l\u2019\u00e0mbit de l\u2019aviaci\u00f3 a Catalunya i<\/p>\n","protected":false},"author":1,"featured_media":0,"parent":0,"menu_order":0,"comment_status":"closed","ping_status":"closed","template":"","meta":{"colormag_page_container_layout":"default_layout","colormag_page_sidebar_layout":"default_layout","footnotes":""},"class_list":["post-1117","page","type-page","status-publish","hentry"],"_links":{"self":[{"href":"https:\/\/lasenia.cat\/web\/wp-json\/wp\/v2\/pages\/1117","targetHints":{"allow":["GET"]}}],"collection":[{"href":"https:\/\/lasenia.cat\/web\/wp-json\/wp\/v2\/pages"}],"about":[{"href":"https:\/\/lasenia.cat\/web\/wp-json\/wp\/v2\/types\/page"}],"author":[{"embeddable":true,"href":"https:\/\/lasenia.cat\/web\/wp-json\/wp\/v2\/users\/1"}],"replies":[{"embeddable":true,"href":"https:\/\/lasenia.cat\/web\/wp-json\/wp\/v2\/comments?post=1117"}],"version-history":[{"count":1,"href":"https:\/\/lasenia.cat\/web\/wp-json\/wp\/v2\/pages\/1117\/revisions"}],"predecessor-version":[{"id":1120,"href":"https:\/\/lasenia.cat\/web\/wp-json\/wp\/v2\/pages\/1117\/revisions\/1120"}],"wp:attachment":[{"href":"https:\/\/lasenia.cat\/web\/wp-json\/wp\/v2\/media?parent=1117"}],"curies":[{"name":"wp","href":"https:\/\/api.w.org\/{rel}","templated":true}]}}

Diada del Camp d&#8217;Aviació

<p>La Sénia és centre d’interès històric pel que fa a la Guerra Civil i l’àmbit de l’aviació a Catalunya i al conjunt d’Espanya, ja que per raons estratègiques d’ubicació, s’hi va construir un dels Camps d’Aviació de més rellevància durant el conflicte bèl·lic espanyol. Aquest va ser construït l’any 1937, i va allotjar, en un primer moment, militars russos i aviadors de l’exèrcit de la República. Posteriorment, amb l’ocupació franquista del territori, l’aeròdrom va passar a mans de la Legió Còndor alemanya.&nbsp;</p>



<p>Amb la intenció de donar a conèixer els fets ocorreguts durant aquella època de conflicte al país, i dinamitzar un espai recentment museïtzat on es treballa per conservar la memòria històrica i evitar repetir aquells fets tan desgraciats que es van viure, naix l’any 2012 la Diada Commemorativa de la Construcció del Camp d’Aviació de la Sénia.&nbsp;</p>



<p>La celebració recau al dissabte següent al 15 de setembre, ja que la posada en funcionament de l’aeròdrom en el moment de construir-se, sabem que va ser aquest mes de l’any 1937, tot i que es desconeix la data exacta.&nbsp;</p>



<p>Durant la jornada es realitzen visites guiades, recreacions històriques, mostres de productes de militaria i artesans, exhibicions aèries, presentacions de llibres, passis de documentals, concerts per la pau, exposicions d’elements d’aquella època, trobades de vehicles antics i/o de guerra&#8230; tota una jornada que invita a experimentar, empatitzar, emocionar i reflexionar sobre uns fets reals ocorreguts a casa nostra en uns temps “no tan llunyans”&#8230; </p>



<p><strong>DATA | 15 DE SETEMBRE</strong></p>



<figure class="wp-block-gallery columns-2 is-cropped wp-block-gallery-1 is-layout-flex wp-block-gallery-is-layout-flex"><ul class="blocks-gallery-grid"><li class="blocks-gallery-item"><figure><img loading="lazy" decoding="async" width="1024" height="683" src="https://lasenia.cat/web/wp-content/uploads/2021/04/centre-aviacio-senia-12-2-1024x683.jpg" alt="" data-id="1118" data-full-url="https://lasenia.cat/web/wp-content/uploads/2021/04/centre-aviacio-senia-12-2.jpg" data-link="https://lasenia.cat/web/?attachment_id=1118" class="wp-image-1118" srcset="https://lasenia.cat/web/wp-content/uploads/2021/04/centre-aviacio-senia-12-2-1024x683.jpg 1024w, https://lasenia.cat/web/wp-content/uploads/2021/04/centre-aviacio-senia-12-2-300x200.jpg 300w, https://lasenia.cat/web/wp-content/uploads/2021/04/centre-aviacio-senia-12-2-768x512.jpg 768w, https://lasenia.cat/web/wp-content/uploads/2021/04/centre-aviacio-senia-12-2-1536x1024.jpg 1536w, https://lasenia.cat/web/wp-content/uploads/2021/04/centre-aviacio-senia-12-2.jpg 2048w" sizes="auto, (max-width: 1024px) 100vw, 1024px" /></figure></li><li class="blocks-gallery-item"><figure><img loading="lazy" decoding="async" width="1024" height="683" src="https://lasenia.cat/web/wp-content/uploads/2021/04/centre-aviacio-senia-7-1920x1280-2-1024x683.jpg" alt="" data-id="1119" data-full-url="https://lasenia.cat/web/wp-content/uploads/2021/04/centre-aviacio-senia-7-1920x1280-2.jpg" data-link="https://lasenia.cat/web/?attachment_id=1119" class="wp-image-1119" srcset="https://lasenia.cat/web/wp-content/uploads/2021/04/centre-aviacio-senia-7-1920x1280-2-1024x683.jpg 1024w, https://lasenia.cat/web/wp-content/uploads/2021/04/centre-aviacio-senia-7-1920x1280-2-300x200.jpg 300w, https://lasenia.cat/web/wp-content/uploads/2021/04/centre-aviacio-senia-7-1920x1280-2-768x512.jpg 768w, https://lasenia.cat/web/wp-content/uploads/2021/04/centre-aviacio-senia-7-1920x1280-2-1536x1024.jpg 1536w, https://lasenia.cat/web/wp-content/uploads/2021/04/centre-aviacio-senia-7-1920x1280-2.jpg 1920w" sizes="auto, (max-width: 1024px) 100vw, 1024px" /></figure></li></ul></figure>

<p>La Sénia és centre d’interès històric pel que fa a la Guerra Civil i l’àmbit de l’aviació a Catalunya i</p>
