{"id":1104,"date":"2021-04-12T16:49:53","date_gmt":"2021-04-12T15:49:53","guid":{"rendered":"http:\/\/lasenia.cat\/web\/?page_id=1104"},"modified":"2021-04-12T16:51:06","modified_gmt":"2021-04-12T15:51:06","slug":"festes-majors-de-la-senia","status":"publish","type":"page","link":"https:\/\/lasenia.cat\/web\/festes-majors-de-la-senia\/","title":{"rendered":"Festes Majors de la S\u00e9nia"},"content":{"rendered":"\n<p>&nbsp;Les festes majors s\u00f3n 10 dies de celebraci\u00f3 dintre de la segona quinzena d\u2019agost on els patrons honorats s\u00f3n Sant Bartomeu i Sant Roc. Es tracta de la celebraci\u00f3 m\u00e9s participativa de la localitat, oferint una proposta l\u00fadica i festiva atractiva per al conjunt de la poblaci\u00f3.&nbsp;<\/p>\n\n\n\n<p>De la gran varietat d\u2019actes que s\u2019ofereixen destaquen, principalment, les curses de cavalls i les corregudes de burros. Aquestes tenen lloc al hip\u00f2drom del Pla de Roquillo, i hi participen cavalls pura sang anglesos. Aquesta afecci\u00f3 a les curses es remunta a fa m\u00e9s de cent anys i t\u00e9 l\u2019origen en la disponibilitat de cavalls, matxos i burros que hi havia degut a la pagesia i als arrossegadors que treien la fusta dels Ports.&nbsp;<\/p>\n\n\n\n<p>Un altre acte caracter\u00edstic de les festes majors s\u00f3n els bous a la pla\u00e7a (correbous). Al voltant de la tarda de bous hi ha tot un seguit d\u2019actuacions caracter\u00edstiques en les que n\u2019\u00e9s protagonista&nbsp;<\/p>\n\n\n\n<p>destacada la m\u00fasica. La tarda comen\u00e7a amb un genet muntant un cavall de doma que recull simb\u00f2licament les claus del toril de mans de l\u2019autoritat que presideix l\u2019acte. El cl\u00e0ssic pasdoble i la m\u00fasica de xaranga amenitza la jornada en la que p\u00fablic i m\u00fasics s\u2019uneixen en una comuni\u00f3 de cants que fan de la festa una exaltaci\u00f3 del saber xalar.&nbsp;<\/p>\n\n\n\n<p>Tamb\u00e9 destaquen les nits de ball i revetlla, els actes culturals i esportius, els dies que s\u2019homenatgen diversos col\u00b7lectius de la localitat (les dones, els joves, els vells i els absents)&#8230; tots els actes que conformen les festes majors s\u00f3n expressi\u00f3 de valors i de sentiments cap a la tradici\u00f3, uns dies on la rutina i la quotidianitat passen a un segon pla, deixant espai a l\u2019alegria i la diversi\u00f3 en totes les seves vessants.&nbsp;<\/p>\n\n\n\n<p><strong>DATA | Finals d&#8217;Agost<\/strong><\/p>\n\n\n\n<figure class=\"wp-block-gallery columns-3 is-cropped wp-block-gallery-1 is-layout-flex wp-block-gallery-is-layout-flex\"><ul class=\"blocks-gallery-grid\"><li class=\"blocks-gallery-item\"><figure><img loading=\"lazy\" decoding=\"async\" width=\"1024\" height=\"576\" src=\"https:\/\/lasenia.cat\/web\/wp-content\/uploads\/2021\/04\/Activitat-infantil-1024x576.jpg\" alt=\"\" data-id=\"1105\" data-full-url=\"https:\/\/lasenia.cat\/web\/wp-content\/uploads\/2021\/04\/Activitat-infantil.jpg\" data-link=\"https:\/\/lasenia.cat\/web\/?attachment_id=1105\" class=\"wp-image-1105\" srcset=\"https:\/\/lasenia.cat\/web\/wp-content\/uploads\/2021\/04\/Activitat-infantil-1024x576.jpg 1024w, https:\/\/lasenia.cat\/web\/wp-content\/uploads\/2021\/04\/Activitat-infantil-300x169.jpg 300w, https:\/\/lasenia.cat\/web\/wp-content\/uploads\/2021\/04\/Activitat-infantil-768x432.jpg 768w, https:\/\/lasenia.cat\/web\/wp-content\/uploads\/2021\/04\/Activitat-infantil-1536x864.jpg 1536w, https:\/\/lasenia.cat\/web\/wp-content\/uploads\/2021\/04\/Activitat-infantil.jpg 1600w\" sizes=\"auto, (max-width: 1024px) 100vw, 1024px\" \/><\/figure><\/li><li class=\"blocks-gallery-item\"><figure><img loading=\"lazy\" decoding=\"async\" width=\"1024\" height=\"683\" src=\"https:\/\/lasenia.cat\/web\/wp-content\/uploads\/2021\/04\/Bous-1024x683.jpg\" alt=\"\" data-id=\"1106\" data-full-url=\"https:\/\/lasenia.cat\/web\/wp-content\/uploads\/2021\/04\/Bous.jpg\" data-link=\"https:\/\/lasenia.cat\/web\/?attachment_id=1106\" class=\"wp-image-1106\" srcset=\"https:\/\/lasenia.cat\/web\/wp-content\/uploads\/2021\/04\/Bous-1024x683.jpg 1024w, https:\/\/lasenia.cat\/web\/wp-content\/uploads\/2021\/04\/Bous-300x200.jpg 300w, https:\/\/lasenia.cat\/web\/wp-content\/uploads\/2021\/04\/Bous-768x512.jpg 768w, https:\/\/lasenia.cat\/web\/wp-content\/uploads\/2021\/04\/Bous-1536x1024.jpg 1536w, https:\/\/lasenia.cat\/web\/wp-content\/uploads\/2021\/04\/Bous.jpg 2048w\" sizes=\"auto, (max-width: 1024px) 100vw, 1024px\" \/><\/figure><\/li><li class=\"blocks-gallery-item\"><figure><img loading=\"lazy\" decoding=\"async\" width=\"1024\" height=\"768\" src=\"https:\/\/lasenia.cat\/web\/wp-content\/uploads\/2021\/04\/Burros-1024x768.jpg\" alt=\"\" data-id=\"1107\" data-full-url=\"https:\/\/lasenia.cat\/web\/wp-content\/uploads\/2021\/04\/Burros-scaled.jpg\" data-link=\"https:\/\/lasenia.cat\/web\/?attachment_id=1107\" class=\"wp-image-1107\" srcset=\"https:\/\/lasenia.cat\/web\/wp-content\/uploads\/2021\/04\/Burros-1024x768.jpg 1024w, https:\/\/lasenia.cat\/web\/wp-content\/uploads\/2021\/04\/Burros-300x225.jpg 300w, https:\/\/lasenia.cat\/web\/wp-content\/uploads\/2021\/04\/Burros-768x576.jpg 768w, https:\/\/lasenia.cat\/web\/wp-content\/uploads\/2021\/04\/Burros-1536x1152.jpg 1536w, https:\/\/lasenia.cat\/web\/wp-content\/uploads\/2021\/04\/Burros-2048x1536.jpg 2048w\" sizes=\"auto, (max-width: 1024px) 100vw, 1024px\" \/><\/figure><\/li><li class=\"blocks-gallery-item\"><figure><img loading=\"lazy\" decoding=\"async\" width=\"1024\" height=\"683\" src=\"https:\/\/lasenia.cat\/web\/wp-content\/uploads\/2021\/04\/Cavalls.jpg\" alt=\"\" data-id=\"1108\" data-full-url=\"https:\/\/lasenia.cat\/web\/wp-content\/uploads\/2021\/04\/Cavalls.jpg\" data-link=\"https:\/\/lasenia.cat\/web\/?attachment_id=1108\" class=\"wp-image-1108\" srcset=\"https:\/\/lasenia.cat\/web\/wp-content\/uploads\/2021\/04\/Cavalls.jpg 1024w, https:\/\/lasenia.cat\/web\/wp-content\/uploads\/2021\/04\/Cavalls-300x200.jpg 300w, https:\/\/lasenia.cat\/web\/wp-content\/uploads\/2021\/04\/Cavalls-768x512.jpg 768w\" sizes=\"auto, (max-width: 1024px) 100vw, 1024px\" \/><\/figure><\/li><li class=\"blocks-gallery-item\"><figure><img loading=\"lazy\" decoding=\"async\" width=\"1024\" height=\"684\" src=\"https:\/\/lasenia.cat\/web\/wp-content\/uploads\/2021\/04\/Correfoc-1024x684.jpg\" alt=\"\" data-id=\"1109\" data-full-url=\"https:\/\/lasenia.cat\/web\/wp-content\/uploads\/2021\/04\/Correfoc.jpg\" data-link=\"https:\/\/lasenia.cat\/web\/?attachment_id=1109\" class=\"wp-image-1109\" srcset=\"https:\/\/lasenia.cat\/web\/wp-content\/uploads\/2021\/04\/Correfoc-1024x684.jpg 1024w, https:\/\/lasenia.cat\/web\/wp-content\/uploads\/2021\/04\/Correfoc-300x200.jpg 300w, https:\/\/lasenia.cat\/web\/wp-content\/uploads\/2021\/04\/Correfoc-768x513.jpg 768w, https:\/\/lasenia.cat\/web\/wp-content\/uploads\/2021\/04\/Correfoc-1536x1025.jpg 1536w, https:\/\/lasenia.cat\/web\/wp-content\/uploads\/2021\/04\/Correfoc.jpg 2048w\" sizes=\"auto, (max-width: 1024px) 100vw, 1024px\" \/><\/figure><\/li><li class=\"blocks-gallery-item\"><figure><img loading=\"lazy\" decoding=\"async\" width=\"1024\" height=\"768\" src=\"https:\/\/lasenia.cat\/web\/wp-content\/uploads\/2021\/04\/Exposicions-1024x768.jpg\" alt=\"\" data-id=\"1110\" data-full-url=\"https:\/\/lasenia.cat\/web\/wp-content\/uploads\/2021\/04\/Exposicions.jpg\" data-link=\"https:\/\/lasenia.cat\/web\/?attachment_id=1110\" class=\"wp-image-1110\" srcset=\"https:\/\/lasenia.cat\/web\/wp-content\/uploads\/2021\/04\/Exposicions-1024x768.jpg 1024w, https:\/\/lasenia.cat\/web\/wp-content\/uploads\/2021\/04\/Exposicions-300x225.jpg 300w, https:\/\/lasenia.cat\/web\/wp-content\/uploads\/2021\/04\/Exposicions-768x576.jpg 768w, https:\/\/lasenia.cat\/web\/wp-content\/uploads\/2021\/04\/Exposicions-1536x1152.jpg 1536w, https:\/\/lasenia.cat\/web\/wp-content\/uploads\/2021\/04\/Exposicions-2048x1536.jpg 2048w\" sizes=\"auto, (max-width: 1024px) 100vw, 1024px\" \/><\/figure><\/li><li class=\"blocks-gallery-item\"><figure><img loading=\"lazy\" decoding=\"async\" width=\"960\" height=\"568\" src=\"https:\/\/lasenia.cat\/web\/wp-content\/uploads\/2021\/04\/Nit-jove.jpg\" alt=\"\" data-id=\"1111\" data-full-url=\"https:\/\/lasenia.cat\/web\/wp-content\/uploads\/2021\/04\/Nit-jove.jpg\" data-link=\"https:\/\/lasenia.cat\/web\/?attachment_id=1111\" class=\"wp-image-1111\" srcset=\"https:\/\/lasenia.cat\/web\/wp-content\/uploads\/2021\/04\/Nit-jove.jpg 960w, https:\/\/lasenia.cat\/web\/wp-content\/uploads\/2021\/04\/Nit-jove-300x178.jpg 300w, https:\/\/lasenia.cat\/web\/wp-content\/uploads\/2021\/04\/Nit-jove-768x454.jpg 768w\" sizes=\"auto, (max-width: 960px) 100vw, 960px\" \/><\/figure><\/li><li class=\"blocks-gallery-item\"><figure><img loading=\"lazy\" decoding=\"async\" width=\"1024\" height=\"575\" src=\"https:\/\/lasenia.cat\/web\/wp-content\/uploads\/2021\/04\/Pintura-rapida-1024x575.jpg\" alt=\"\" data-id=\"1112\" data-full-url=\"https:\/\/lasenia.cat\/web\/wp-content\/uploads\/2021\/04\/Pintura-rapida-scaled.jpg\" data-link=\"https:\/\/lasenia.cat\/web\/?attachment_id=1112\" class=\"wp-image-1112\" srcset=\"https:\/\/lasenia.cat\/web\/wp-content\/uploads\/2021\/04\/Pintura-rapida-1024x575.jpg 1024w, https:\/\/lasenia.cat\/web\/wp-content\/uploads\/2021\/04\/Pintura-rapida-300x169.jpg 300w, https:\/\/lasenia.cat\/web\/wp-content\/uploads\/2021\/04\/Pintura-rapida-768x431.jpg 768w, https:\/\/lasenia.cat\/web\/wp-content\/uploads\/2021\/04\/Pintura-rapida-1536x863.jpg 1536w, https:\/\/lasenia.cat\/web\/wp-content\/uploads\/2021\/04\/Pintura-rapida-2048x1150.jpg 2048w\" sizes=\"auto, (max-width: 1024px) 100vw, 1024px\" \/><\/figure><\/li><li class=\"blocks-gallery-item\"><figure><img loading=\"lazy\" decoding=\"async\" width=\"1024\" height=\"683\" src=\"https:\/\/lasenia.cat\/web\/wp-content\/uploads\/2021\/04\/Proclamacio-1024x683.jpg\" alt=\"\" data-id=\"1113\" data-full-url=\"https:\/\/lasenia.cat\/web\/wp-content\/uploads\/2021\/04\/Proclamacio-scaled.jpg\" data-link=\"https:\/\/lasenia.cat\/web\/?attachment_id=1113\" class=\"wp-image-1113\" srcset=\"https:\/\/lasenia.cat\/web\/wp-content\/uploads\/2021\/04\/Proclamacio-1024x683.jpg 1024w, https:\/\/lasenia.cat\/web\/wp-content\/uploads\/2021\/04\/Proclamacio-300x200.jpg 300w, https:\/\/lasenia.cat\/web\/wp-content\/uploads\/2021\/04\/Proclamacio-768x512.jpg 768w, https:\/\/lasenia.cat\/web\/wp-content\/uploads\/2021\/04\/Proclamacio-1536x1024.jpg 1536w, https:\/\/lasenia.cat\/web\/wp-content\/uploads\/2021\/04\/Proclamacio-2048x1365.jpg 2048w\" sizes=\"auto, (max-width: 1024px) 100vw, 1024px\" \/><\/figure><\/li><\/ul><\/figure>\n","protected":false},"excerpt":{"rendered":"<p>&nbsp;Les festes majors s\u00f3n 10 dies de celebraci\u00f3 dintre de la segona quinzena d\u2019agost on els patrons honorats s\u00f3n Sant<\/p>\n","protected":false},"author":1,"featured_media":0,"parent":0,"menu_order":0,"comment_status":"closed","ping_status":"closed","template":"","meta":{"colormag_page_container_layout":"default_layout","colormag_page_sidebar_layout":"default_layout","footnotes":""},"class_list":["post-1104","page","type-page","status-publish","hentry"],"_links":{"self":[{"href":"https:\/\/lasenia.cat\/web\/wp-json\/wp\/v2\/pages\/1104","targetHints":{"allow":["GET"]}}],"collection":[{"href":"https:\/\/lasenia.cat\/web\/wp-json\/wp\/v2\/pages"}],"about":[{"href":"https:\/\/lasenia.cat\/web\/wp-json\/wp\/v2\/types\/page"}],"author":[{"embeddable":true,"href":"https:\/\/lasenia.cat\/web\/wp-json\/wp\/v2\/users\/1"}],"replies":[{"embeddable":true,"href":"https:\/\/lasenia.cat\/web\/wp-json\/wp\/v2\/comments?post=1104"}],"version-history":[{"count":2,"href":"https:\/\/lasenia.cat\/web\/wp-json\/wp\/v2\/pages\/1104\/revisions"}],"predecessor-version":[{"id":1116,"href":"https:\/\/lasenia.cat\/web\/wp-json\/wp\/v2\/pages\/1104\/revisions\/1116"}],"wp:attachment":[{"href":"https:\/\/lasenia.cat\/web\/wp-json\/wp\/v2\/media?parent=1104"}],"curies":[{"name":"wp","href":"https:\/\/api.w.org\/{rel}","templated":true}]}}

Festes Majors de la Sénia

<p>&nbsp;Les festes majors són 10 dies de celebració dintre de la segona quinzena d’agost on els patrons honorats són Sant Bartomeu i Sant Roc. Es tracta de la celebració més participativa de la localitat, oferint una proposta lúdica i festiva atractiva per al conjunt de la població.&nbsp;</p>



<p>De la gran varietat d’actes que s’ofereixen destaquen, principalment, les curses de cavalls i les corregudes de burros. Aquestes tenen lloc al hipòdrom del Pla de Roquillo, i hi participen cavalls pura sang anglesos. Aquesta afecció a les curses es remunta a fa més de cent anys i té l’origen en la disponibilitat de cavalls, matxos i burros que hi havia degut a la pagesia i als arrossegadors que treien la fusta dels Ports.&nbsp;</p>



<p>Un altre acte característic de les festes majors són els bous a la plaça (correbous). Al voltant de la tarda de bous hi ha tot un seguit d’actuacions característiques en les que n’és protagonista&nbsp;</p>



<p>destacada la música. La tarda comença amb un genet muntant un cavall de doma que recull simbòlicament les claus del toril de mans de l’autoritat que presideix l’acte. El clàssic pasdoble i la música de xaranga amenitza la jornada en la que públic i músics s’uneixen en una comunió de cants que fan de la festa una exaltació del saber xalar.&nbsp;</p>



<p>També destaquen les nits de ball i revetlla, els actes culturals i esportius, els dies que s’homenatgen diversos col·lectius de la localitat (les dones, els joves, els vells i els absents)&#8230; tots els actes que conformen les festes majors són expressió de valors i de sentiments cap a la tradició, uns dies on la rutina i la quotidianitat passen a un segon pla, deixant espai a l’alegria i la diversió en totes les seves vessants.&nbsp;</p>



<p><strong>DATA | Finals d&#8217;Agost</strong></p>



<figure class="wp-block-gallery columns-3 is-cropped wp-block-gallery-1 is-layout-flex wp-block-gallery-is-layout-flex"><ul class="blocks-gallery-grid"><li class="blocks-gallery-item"><figure><img loading="lazy" decoding="async" width="1024" height="576" src="https://lasenia.cat/web/wp-content/uploads/2021/04/Activitat-infantil-1024x576.jpg" alt="" data-id="1105" data-full-url="https://lasenia.cat/web/wp-content/uploads/2021/04/Activitat-infantil.jpg" data-link="https://lasenia.cat/web/?attachment_id=1105" class="wp-image-1105" srcset="https://lasenia.cat/web/wp-content/uploads/2021/04/Activitat-infantil-1024x576.jpg 1024w, https://lasenia.cat/web/wp-content/uploads/2021/04/Activitat-infantil-300x169.jpg 300w, https://lasenia.cat/web/wp-content/uploads/2021/04/Activitat-infantil-768x432.jpg 768w, https://lasenia.cat/web/wp-content/uploads/2021/04/Activitat-infantil-1536x864.jpg 1536w, https://lasenia.cat/web/wp-content/uploads/2021/04/Activitat-infantil.jpg 1600w" sizes="auto, (max-width: 1024px) 100vw, 1024px" /></figure></li><li class="blocks-gallery-item"><figure><img loading="lazy" decoding="async" width="1024" height="683" src="https://lasenia.cat/web/wp-content/uploads/2021/04/Bous-1024x683.jpg" alt="" data-id="1106" data-full-url="https://lasenia.cat/web/wp-content/uploads/2021/04/Bous.jpg" data-link="https://lasenia.cat/web/?attachment_id=1106" class="wp-image-1106" srcset="https://lasenia.cat/web/wp-content/uploads/2021/04/Bous-1024x683.jpg 1024w, https://lasenia.cat/web/wp-content/uploads/2021/04/Bous-300x200.jpg 300w, https://lasenia.cat/web/wp-content/uploads/2021/04/Bous-768x512.jpg 768w, https://lasenia.cat/web/wp-content/uploads/2021/04/Bous-1536x1024.jpg 1536w, https://lasenia.cat/web/wp-content/uploads/2021/04/Bous.jpg 2048w" sizes="auto, (max-width: 1024px) 100vw, 1024px" /></figure></li><li class="blocks-gallery-item"><figure><img loading="lazy" decoding="async" width="1024" height="768" src="https://lasenia.cat/web/wp-content/uploads/2021/04/Burros-1024x768.jpg" alt="" data-id="1107" data-full-url="https://lasenia.cat/web/wp-content/uploads/2021/04/Burros-scaled.jpg" data-link="https://lasenia.cat/web/?attachment_id=1107" class="wp-image-1107" srcset="https://lasenia.cat/web/wp-content/uploads/2021/04/Burros-1024x768.jpg 1024w, https://lasenia.cat/web/wp-content/uploads/2021/04/Burros-300x225.jpg 300w, https://lasenia.cat/web/wp-content/uploads/2021/04/Burros-768x576.jpg 768w, https://lasenia.cat/web/wp-content/uploads/2021/04/Burros-1536x1152.jpg 1536w, https://lasenia.cat/web/wp-content/uploads/2021/04/Burros-2048x1536.jpg 2048w" sizes="auto, (max-width: 1024px) 100vw, 1024px" /></figure></li><li class="blocks-gallery-item"><figure><img loading="lazy" decoding="async" width="1024" height="683" src="https://lasenia.cat/web/wp-content/uploads/2021/04/Cavalls.jpg" alt="" data-id="1108" data-full-url="https://lasenia.cat/web/wp-content/uploads/2021/04/Cavalls.jpg" data-link="https://lasenia.cat/web/?attachment_id=1108" class="wp-image-1108" srcset="https://lasenia.cat/web/wp-content/uploads/2021/04/Cavalls.jpg 1024w, https://lasenia.cat/web/wp-content/uploads/2021/04/Cavalls-300x200.jpg 300w, https://lasenia.cat/web/wp-content/uploads/2021/04/Cavalls-768x512.jpg 768w" sizes="auto, (max-width: 1024px) 100vw, 1024px" /></figure></li><li class="blocks-gallery-item"><figure><img loading="lazy" decoding="async" width="1024" height="684" src="https://lasenia.cat/web/wp-content/uploads/2021/04/Correfoc-1024x684.jpg" alt="" data-id="1109" data-full-url="https://lasenia.cat/web/wp-content/uploads/2021/04/Correfoc.jpg" data-link="https://lasenia.cat/web/?attachment_id=1109" class="wp-image-1109" srcset="https://lasenia.cat/web/wp-content/uploads/2021/04/Correfoc-1024x684.jpg 1024w, https://lasenia.cat/web/wp-content/uploads/2021/04/Correfoc-300x200.jpg 300w, https://lasenia.cat/web/wp-content/uploads/2021/04/Correfoc-768x513.jpg 768w, https://lasenia.cat/web/wp-content/uploads/2021/04/Correfoc-1536x1025.jpg 1536w, https://lasenia.cat/web/wp-content/uploads/2021/04/Correfoc.jpg 2048w" sizes="auto, (max-width: 1024px) 100vw, 1024px" /></figure></li><li class="blocks-gallery-item"><figure><img loading="lazy" decoding="async" width="1024" height="768" src="https://lasenia.cat/web/wp-content/uploads/2021/04/Exposicions-1024x768.jpg" alt="" data-id="1110" data-full-url="https://lasenia.cat/web/wp-content/uploads/2021/04/Exposicions.jpg" data-link="https://lasenia.cat/web/?attachment_id=1110" class="wp-image-1110" srcset="https://lasenia.cat/web/wp-content/uploads/2021/04/Exposicions-1024x768.jpg 1024w, https://lasenia.cat/web/wp-content/uploads/2021/04/Exposicions-300x225.jpg 300w, https://lasenia.cat/web/wp-content/uploads/2021/04/Exposicions-768x576.jpg 768w, https://lasenia.cat/web/wp-content/uploads/2021/04/Exposicions-1536x1152.jpg 1536w, https://lasenia.cat/web/wp-content/uploads/2021/04/Exposicions-2048x1536.jpg 2048w" sizes="auto, (max-width: 1024px) 100vw, 1024px" /></figure></li><li class="blocks-gallery-item"><figure><img loading="lazy" decoding="async" width="960" height="568" src="https://lasenia.cat/web/wp-content/uploads/2021/04/Nit-jove.jpg" alt="" data-id="1111" data-full-url="https://lasenia.cat/web/wp-content/uploads/2021/04/Nit-jove.jpg" data-link="https://lasenia.cat/web/?attachment_id=1111" class="wp-image-1111" srcset="https://lasenia.cat/web/wp-content/uploads/2021/04/Nit-jove.jpg 960w, https://lasenia.cat/web/wp-content/uploads/2021/04/Nit-jove-300x178.jpg 300w, https://lasenia.cat/web/wp-content/uploads/2021/04/Nit-jove-768x454.jpg 768w" sizes="auto, (max-width: 960px) 100vw, 960px" /></figure></li><li class="blocks-gallery-item"><figure><img loading="lazy" decoding="async" width="1024" height="575" src="https://lasenia.cat/web/wp-content/uploads/2021/04/Pintura-rapida-1024x575.jpg" alt="" data-id="1112" data-full-url="https://lasenia.cat/web/wp-content/uploads/2021/04/Pintura-rapida-scaled.jpg" data-link="https://lasenia.cat/web/?attachment_id=1112" class="wp-image-1112" srcset="https://lasenia.cat/web/wp-content/uploads/2021/04/Pintura-rapida-1024x575.jpg 1024w, https://lasenia.cat/web/wp-content/uploads/2021/04/Pintura-rapida-300x169.jpg 300w, https://lasenia.cat/web/wp-content/uploads/2021/04/Pintura-rapida-768x431.jpg 768w, https://lasenia.cat/web/wp-content/uploads/2021/04/Pintura-rapida-1536x863.jpg 1536w, https://lasenia.cat/web/wp-content/uploads/2021/04/Pintura-rapida-2048x1150.jpg 2048w" sizes="auto, (max-width: 1024px) 100vw, 1024px" /></figure></li><li class="blocks-gallery-item"><figure><img loading="lazy" decoding="async" width="1024" height="683" src="https://lasenia.cat/web/wp-content/uploads/2021/04/Proclamacio-1024x683.jpg" alt="" data-id="1113" data-full-url="https://lasenia.cat/web/wp-content/uploads/2021/04/Proclamacio-scaled.jpg" data-link="https://lasenia.cat/web/?attachment_id=1113" class="wp-image-1113" srcset="https://lasenia.cat/web/wp-content/uploads/2021/04/Proclamacio-1024x683.jpg 1024w, https://lasenia.cat/web/wp-content/uploads/2021/04/Proclamacio-300x200.jpg 300w, https://lasenia.cat/web/wp-content/uploads/2021/04/Proclamacio-768x512.jpg 768w, https://lasenia.cat/web/wp-content/uploads/2021/04/Proclamacio-1536x1024.jpg 1536w, https://lasenia.cat/web/wp-content/uploads/2021/04/Proclamacio-2048x1365.jpg 2048w" sizes="auto, (max-width: 1024px) 100vw, 1024px" /></figure></li></ul></figure>

<p>&nbsp;Les festes majors són 10 dies de celebració dintre de la segona quinzena d’agost on els patrons honorats són Sant</p>
